{"id":8554,"date":"2026-02-02T08:41:40","date_gmt":"2026-02-02T11:41:40","guid":{"rendered":"https:\/\/uit.br\/site\/?page_id=8554"},"modified":"2026-02-02T08:47:54","modified_gmt":"2026-02-02T11:47:54","slug":"biblioteca-virtual","status":"publish","type":"page","link":"https:\/\/uit.br\/site\/biblioteca-virtual\/","title":{"rendered":"Biblioteca Virtual"},"content":{"rendered":"\t\t<div data-elementor-type=\"wp-page\" data-elementor-id=\"8554\" class=\"elementor elementor-8554\" data-elementor-post-type=\"page\">\n\t\t\t\t\t\t<section class=\"elementor-section elementor-top-section elementor-element elementor-element-3676c04 elementor-section-boxed elementor-section-height-default elementor-section-height-default\" data-id=\"3676c04\" data-element_type=\"section\" data-e-type=\"section\">\n\t\t\t\t\t\t<div class=\"elementor-container elementor-column-gap-default\">\n\t\t\t\t\t<div class=\"elementor-column elementor-col-100 elementor-top-column elementor-element elementor-element-cb78e94\" data-id=\"cb78e94\" data-element_type=\"column\" data-e-type=\"column\">\n\t\t\t<div class=\"elementor-widget-wrap\">\n\t\t\t\t\t\t\t<\/div>\n\t\t<\/div>\n\t\t\t\t\t<\/div>\n\t\t<\/section>\n\t\t\t\t<section class=\"elementor-section elementor-top-section elementor-element elementor-element-0de9f73 elementor-section-boxed elementor-section-height-default elementor-section-height-default\" data-id=\"0de9f73\" data-element_type=\"section\" data-e-type=\"section\">\n\t\t\t\t\t\t<div class=\"elementor-container elementor-column-gap-default\">\n\t\t\t\t\t<div class=\"elementor-column elementor-col-33 elementor-top-column elementor-element elementor-element-d07d5e4 elementor-invisible\" data-id=\"d07d5e4\" data-element_type=\"column\" data-e-type=\"column\" data-settings=\"{&quot;animation&quot;:&quot;slideInLeft&quot;}\">\n\t\t\t<div class=\"elementor-widget-wrap elementor-element-populated\">\n\t\t\t\t\t\t<div class=\"elementor-element elementor-element-cfc5282 elementor-widget elementor-widget-image\" data-id=\"cfc5282\" data-element_type=\"widget\" data-e-type=\"widget\" data-widget_type=\"image.default\">\n\t\t\t\t<div class=\"elementor-widget-container\">\n\t\t\t\t\t\t\t\t\t\t\t\t\t\t\t<img fetchpriority=\"high\" decoding=\"async\" width=\"432\" height=\"1024\" src=\"https:\/\/uit.br\/site\/wp-content\/uploads\/2021\/01\/biblioteca-central-432x1024.png\" class=\"attachment-large size-large wp-image-2133\" alt=\"\" srcset=\"https:\/\/uit.br\/site\/wp-content\/uploads\/2021\/01\/biblioteca-central-432x1024.png 432w, https:\/\/uit.br\/site\/wp-content\/uploads\/2021\/01\/biblioteca-central-127x300.png 127w, https:\/\/uit.br\/site\/wp-content\/uploads\/2021\/01\/biblioteca-central.png 601w\" sizes=\"(max-width: 432px) 100vw, 432px\" \/>\t\t\t\t\t\t\t\t\t\t\t\t\t\t\t<\/div>\n\t\t\t\t<\/div>\n\t\t\t\t\t<\/div>\n\t\t<\/div>\n\t\t\t\t<div class=\"elementor-column elementor-col-66 elementor-top-column elementor-element elementor-element-a01bd1b elementor-invisible\" data-id=\"a01bd1b\" data-element_type=\"column\" data-e-type=\"column\" data-settings=\"{&quot;animation&quot;:&quot;slideInRight&quot;}\">\n\t\t\t<div class=\"elementor-widget-wrap elementor-element-populated\">\n\t\t\t\t\t\t<div class=\"elementor-element elementor-element-2ce0604 elementor-widget elementor-widget-heading\" data-id=\"2ce0604\" data-element_type=\"widget\" data-e-type=\"widget\" data-widget_type=\"heading.default\">\n\t\t\t\t<div class=\"elementor-widget-container\">\n\t\t\t\t\t<h2 class=\"elementor-heading-title elementor-size-default\">Biblioteca Virtual<\/h2>\t\t\t\t<\/div>\n\t\t\t\t<\/div>\n\t\t\t\t<div class=\"elementor-element elementor-element-4a72257 elementor-widget elementor-widget-text-editor\" data-id=\"4a72257\" data-element_type=\"widget\" data-e-type=\"widget\" data-widget_type=\"text-editor.default\">\n\t\t\t\t<div class=\"elementor-widget-container\">\n\t\t\t\t\t\t\t\t\t<p><strong>Biblioteca Virtual Pearson<\/strong><\/p><p>A Universidade de Ita\u00fana mant\u00e9m conv\u00eanio com a Biblioteca Virtual Pearson, com vistas ao atendimento das demandas educacionais atuais e das recomenda\u00e7\u00f5es do MEC, inseridas nos instrumentos de avalia\u00e7\u00e3o do INEP.<\/p><p>A Biblioteca Virtual Pearson oferece uma plataforma de livros digitais interativa, din\u00e2mica e eficiente para as institui\u00e7\u00f5es de ensino que desejam inserir a transforma\u00e7\u00e3o digital no processo educativo e melhorar a experi\u00eancia dos estudantes.<\/p><p>S\u00e3o atendidas diversas \u00e1reas de conhecimento, tais como: administra\u00e7\u00e3o, marketing, engenharia, direito, letras, economia, computa\u00e7\u00e3o, educa\u00e7\u00e3o, medicina, enfermagem, psiquiatria, odontologia, fisioterapia e outras.<\/p><p>Al\u00e9m dos t\u00edtulos da Pearson, a plataforma digital conta com t\u00edtulos de mais de 80 (oitenta) editoras parceiras.<\/p><p>A Biblioteca Virtual Pearson oferece recursos que possibilitam:<\/p><ul><li>Disponibiliza\u00e7\u00e3o da funcionalidade de download de livros, viabilizando o acesso em momentos em que n\u00e3o h\u00e1 disponibilidade de internet, facilitando a intera\u00e7\u00e3o com os usu\u00e1rios;<\/li><li>Melhor experi\u00eancia de usu\u00e1rio do mercado com navega\u00e7\u00e3o intuitiva em qualquer dispositivo e sistema operacional;<\/li><li>Atendimento aos requisitos do MEC como acervo virtual para composi\u00e7\u00e3o das bibliografias b\u00e1sicas e complementares dos cursos;<\/li><li>Integra\u00e7\u00e3o direta e f\u00e1cil com sistemas LMS e intranets da Institui\u00e7\u00e3o;<\/li><li>Potencializa\u00e7\u00e3o das estrat\u00e9gias de suporte estudantil, contribuindo para maior atratividade institucional e para o combate \u00e0 evas\u00e3o escolar;<\/li><li>Acervo completo e multidisciplinar, com atualiza\u00e7\u00f5es permanentes e disponibilidade 24 horas por dia, on-line e off-line;<\/li><li>Cataloga\u00e7\u00e3o com MARC 21 e integra\u00e7\u00e3o com outros acervos, f\u00edsicos e virtuais da Institui\u00e7\u00e3o, facilitando a busca por obras;<\/li><li>Recursos avan\u00e7ados de acessibilidade, conforme o padr\u00e3o apontado pelo WCAG (World Accessibility Guide) do W3C;<\/li><li>Diversos outros recursos que auxiliam os usu\u00e1rios na jornada de ensino-aprendizagem;<\/li><li>Disponibiliza\u00e7\u00e3o de diversas ferramentas, relat\u00f3rios gerenciais e gr\u00e1ficos anal\u00edticos, permitindo \u00e0 Institui\u00e7\u00e3o acompanhar o envolvimento dos usu\u00e1rios;<\/li><li>Colabora\u00e7\u00e3o de professores e especialistas que oferecem coment\u00e1rios, indica\u00e7\u00f5es e resenhas de livros, oferecendo suporte pedag\u00f3gico din\u00e2mico e humanizado para os usu\u00e1rios.<\/li><\/ul>\t\t\t\t\t\t\t\t<\/div>\n\t\t\t\t<\/div>\n\t\t\t\t\t<\/div>\n\t\t<\/div>\n\t\t\t\t\t<\/div>\n\t\t<\/section>\n\t\t\t\t<\/div>\n\t\t","protected":false},"excerpt":{"rendered":"<p>Biblioteca Virtual Biblioteca Virtual Pearson A Universidade de Ita\u00fana mant\u00e9m conv\u00eanio com a Biblioteca Virtual Pearson, com vistas ao atendimento das demandas educacionais atuais e das recomenda\u00e7\u00f5es do MEC, inseridas nos instrumentos de avalia\u00e7\u00e3o do INEP. A Biblioteca Virtual Pearson oferece uma plataforma de livros digitais interativa, din\u00e2mica e eficiente para as institui\u00e7\u00f5es de ensino [&hellip;]<\/p>\n","protected":false},"author":2,"featured_media":0,"parent":0,"menu_order":0,"comment_status":"closed","ping_status":"closed","template":"","meta":{"site-sidebar-layout":"no-sidebar","site-content-layout":"page-builder","ast-site-content-layout":"full-width-container","site-content-style":"default","site-sidebar-style":"default","ast-global-header-display":"","ast-banner-title-visibility":"","ast-main-header-display":"","ast-hfb-above-header-display":"","ast-hfb-below-header-display":"","ast-hfb-mobile-header-display":"","site-post-title":"","ast-breadcrumbs-content":"","ast-featured-img":"disabled","footer-sml-layout":"","ast-disable-related-posts":"","theme-transparent-header-meta":"","adv-header-id-meta":"","stick-header-meta":"","header-above-stick-meta":"","header-main-stick-meta":"","header-below-stick-meta":"","astra-migrate-meta-layouts":"set","ast-page-background-enabled":"default","ast-page-background-meta":{"desktop":{"background-color":"","background-image":"","background-repeat":"repeat","background-position":"center center","background-size":"auto","background-attachment":"scroll","background-type":"","background-media":"","overlay-type":"","overlay-color":"","overlay-opacity":"","overlay-gradient":""},"tablet":{"background-color":"","background-image":"","background-repeat":"repeat","background-position":"center center","background-size":"auto","background-attachment":"scroll","background-type":"","background-media":"","overlay-type":"","overlay-color":"","overlay-opacity":"","overlay-gradient":""},"mobile":{"background-color":"","background-image":"","background-repeat":"repeat","background-position":"center center","background-size":"auto","background-attachment":"scroll","background-type":"","background-media":"","overlay-type":"","overlay-color":"","overlay-opacity":"","overlay-gradient":""}},"ast-content-background-meta":{"desktop":{"background-color":"var(--ast-global-color-5)","background-image":"","background-repeat":"repeat","background-position":"center center","background-size":"auto","background-attachment":"scroll","background-type":"","background-media":"","overlay-type":"","overlay-color":"","overlay-opacity":"","overlay-gradient":""},"tablet":{"background-color":"var(--ast-global-color-5)","background-image":"","background-repeat":"repeat","background-position":"center center","background-size":"auto","background-attachment":"scroll","background-type":"","background-media":"","overlay-type":"","overlay-color":"","overlay-opacity":"","overlay-gradient":""},"mobile":{"background-color":"var(--ast-global-color-5)","background-image":"","background-repeat":"repeat","background-position":"center center","background-size":"auto","background-attachment":"scroll","background-type":"","background-media":"","overlay-type":"","overlay-color":"","overlay-opacity":"","overlay-gradient":""}},"footnotes":""},"class_list":["post-8554","page","type-page","status-publish","hentry"],"_links":{"self":[{"href":"https:\/\/uit.br\/site\/wp-json\/wp\/v2\/pages\/8554","targetHints":{"allow":["GET"]}}],"collection":[{"href":"https:\/\/uit.br\/site\/wp-json\/wp\/v2\/pages"}],"about":[{"href":"https:\/\/uit.br\/site\/wp-json\/wp\/v2\/types\/page"}],"author":[{"embeddable":true,"href":"https:\/\/uit.br\/site\/wp-json\/wp\/v2\/users\/2"}],"replies":[{"embeddable":true,"href":"https:\/\/uit.br\/site\/wp-json\/wp\/v2\/comments?post=8554"}],"version-history":[{"count":10,"href":"https:\/\/uit.br\/site\/wp-json\/wp\/v2\/pages\/8554\/revisions"}],"predecessor-version":[{"id":8564,"href":"https:\/\/uit.br\/site\/wp-json\/wp\/v2\/pages\/8554\/revisions\/8564"}],"wp:attachment":[{"href":"https:\/\/uit.br\/site\/wp-json\/wp\/v2\/media?parent=8554"}],"curies":[{"name":"wp","href":"https:\/\/api.w.org\/{rel}","templated":true}]}}