{"id":6805,"date":"2024-08-22T11:04:45","date_gmt":"2024-08-22T14:04:45","guid":{"rendered":"https:\/\/site.uit.br\/?page_id=6805"},"modified":"2026-02-02T08:58:34","modified_gmt":"2026-02-02T11:58:34","slug":"publicacoes-virtuais-gratuitas","status":"publish","type":"page","link":"https:\/\/uit.br\/site\/publicacoes-virtuais-gratuitas\/","title":{"rendered":"Publica\u00e7\u00f5es Virtuais Gratuitas"},"content":{"rendered":"\t\t<div data-elementor-type=\"wp-page\" data-elementor-id=\"6805\" class=\"elementor elementor-6805\" data-elementor-post-type=\"page\">\n\t\t\t\t\t\t<section class=\"elementor-section elementor-top-section elementor-element elementor-element-4af7e3e elementor-section-boxed elementor-section-height-default elementor-section-height-default\" data-id=\"4af7e3e\" data-element_type=\"section\" data-e-type=\"section\">\n\t\t\t\t\t\t<div class=\"elementor-container elementor-column-gap-default\">\n\t\t\t\t\t<div class=\"elementor-column elementor-col-33 elementor-top-column elementor-element elementor-element-90dd6ad elementor-invisible\" data-id=\"90dd6ad\" data-element_type=\"column\" data-e-type=\"column\" data-settings=\"{&quot;animation&quot;:&quot;slideInLeft&quot;}\">\n\t\t\t<div class=\"elementor-widget-wrap elementor-element-populated\">\n\t\t\t\t\t\t<div class=\"elementor-element elementor-element-34bb24d elementor-widget elementor-widget-image\" data-id=\"34bb24d\" data-element_type=\"widget\" data-e-type=\"widget\" data-widget_type=\"image.default\">\n\t\t\t\t<div class=\"elementor-widget-container\">\n\t\t\t\t\t\t\t\t\t\t\t\t\t\t\t<img fetchpriority=\"high\" decoding=\"async\" width=\"432\" height=\"1024\" src=\"https:\/\/uit.br\/site\/wp-content\/uploads\/2021\/01\/biblioteca-central-432x1024.png\" class=\"attachment-large size-large wp-image-2133\" alt=\"\" srcset=\"https:\/\/uit.br\/site\/wp-content\/uploads\/2021\/01\/biblioteca-central-432x1024.png 432w, https:\/\/uit.br\/site\/wp-content\/uploads\/2021\/01\/biblioteca-central-127x300.png 127w, https:\/\/uit.br\/site\/wp-content\/uploads\/2021\/01\/biblioteca-central.png 601w\" sizes=\"(max-width: 432px) 100vw, 432px\" \/>\t\t\t\t\t\t\t\t\t\t\t\t\t\t\t<\/div>\n\t\t\t\t<\/div>\n\t\t\t\t\t<\/div>\n\t\t<\/div>\n\t\t\t\t<div class=\"elementor-column elementor-col-66 elementor-top-column elementor-element elementor-element-cf4205e elementor-invisible\" data-id=\"cf4205e\" data-element_type=\"column\" data-e-type=\"column\" data-settings=\"{&quot;animation&quot;:&quot;slideInRight&quot;}\">\n\t\t\t<div class=\"elementor-widget-wrap elementor-element-populated\">\n\t\t\t\t\t\t<div class=\"elementor-element elementor-element-ad893db elementor-widget elementor-widget-heading\" data-id=\"ad893db\" data-element_type=\"widget\" data-e-type=\"widget\" data-widget_type=\"heading.default\">\n\t\t\t\t<div class=\"elementor-widget-container\">\n\t\t\t\t\t<h2 class=\"elementor-heading-title elementor-size-default\">Publica\u00e7\u00f5es Virtuais Gratuitas<\/h2>\t\t\t\t<\/div>\n\t\t\t\t<\/div>\n\t\t\t\t<div class=\"elementor-element elementor-element-5d8ca46 elementor-widget elementor-widget-text-editor\" data-id=\"5d8ca46\" data-element_type=\"widget\" data-e-type=\"widget\" data-widget_type=\"text-editor.default\">\n\t\t\t\t<div class=\"elementor-widget-container\">\n\t\t\t\t\t\t\t\t\t<p><strong>\u00c1reas do Conhecimento<\/strong><\/p><ul><li><strong>Ci\u00eancias Biol\u00f3gicas e da Sa\u00fade <\/strong><\/li><li><strong>Ci\u00eancias Exatas e da Terra<\/strong><\/li><li><strong>Ci\u00eancias Humanas e Sociais Aplicadas<\/strong><\/li><\/ul><p><strong>Ci\u00eancias Biol\u00f3gicas e da Sa\u00fade<\/strong><\/p><ul><li>Arquivos em Odontologia (UFMG) \u2013\u00a0<a href=\"https:\/\/seer.ufmg.br\/index.php\/arquivosemodontologia\">https:\/\/seer.ufmg.br\/index.php\/arquivosemodontologia<\/a><\/li><li>Associa\u00e7\u00e3o Brasileira de Enfermagem \u2013 <a href=\"http:\/\/www.abennacional.org.br\/\">http:\/\/www.abennacional.org.br<\/a><\/li><li>Associa\u00e7\u00e3o Brasileira de Ortodontia e Ortopedia Facial &#8211; <a href=\"https:\/\/abor.org.br\/artigos\">https:\/\/abor.org.br\/artigos<\/a><\/li><li>Associa\u00e7\u00e3o Ga\u00facha de Ortodontia e Ortopedia Facial \u2013\u00a0<a href=\"http:\/\/www.sogaor.org.br\/\">http:\/\/www.sogaor.org.br\/<\/a><\/li><li>Biblioteca Digital de Ci\u00eancias &#8211; <a href=\"https:\/\/www.bdc.ib.unicamp.br\/bdc\/index.php\">https:\/\/www.bdc.ib.unicamp.br\/bdc\/index.php<\/a><\/li><li>Bio Tecnologia &#8211;<a href=\"https:\/\/www.biotecnologia.com.br\/\"> https:\/\/www.biotecnologia.com.br\/<\/a><\/li><li>Bibliomed &#8211; <a href=\"https:\/\/www.bibliomed.com.br\/pubmed\/\">https:\/\/www.bibliomed.com.br\/pubmed\/<\/a><\/li><li>Biblioteca Virtual em Sa\u00fade &#8211; <a href=\"http:\/\/www.bireme.br\/\">http:\/\/www.bireme.br\/<\/a><\/li><li>BMC \u2013\u00a0<a href=\"http:\/\/www.biomedcentral.com\/\">http:\/\/www.biomedcentral.com\/<\/a><\/li><li>Botany \u2013 <a href=\"http:\/\/www.ou.edu\/cas\/botany-micro\/www-vl\/\">http:\/\/www.ou.edu\/cas\/botany-micro\/www-vl\/<\/a><\/li><li>British Dental Journal \u2013 <a href=\"http:\/\/www.nature.com\/bdj\/index.html\">http:\/\/www.nature.com\/bdj\/index.html<\/a><\/li><li>Brutlag Bioinformatics Group \u2013 <a href=\"http:\/\/motif.stanford.edu\/\">http:\/\/motif.stanford.edu\/<\/a><\/li><li>CelPress &#8211; <a href=\"https:\/\/www.cell.com\/\">https:\/\/www.cell.com\/<\/a><\/li><li>Centro de Pesquisa sobre o Genoma Humano e C\u00e9lulas-Tronco \u2013 USP \u2013 <a href=\"http:\/\/www.genoma.ib.usp.br\/\">http:\/\/www.genoma.ib.usp.br<\/a><\/li><li>Chronic Disease Research Group \u2013 <a href=\"http:\/\/www.cdrg.org\/\">http:\/\/www.cdrg.org\/<\/a><\/li><li>Ci\u00eancia e Sa\u00fade da PUCRS \u2013 <a href=\"http:\/\/revistaseletronicas.pucrs.br\/ojs\/index.php\/faenfi\">http:\/\/revistaseletronicas.pucrs.br\/ojs\/index.php\/faenfi<\/a><\/li><li>Clonagem \u2013 <a href=\"http:\/\/www.acidigital.com\/clonagem\/\">http:\/\/www.acidigital.com\/clonagem\/<\/a><\/li><li>CogPrints &#8211; <a href=\"https:\/\/web-archive.southampton.ac.uk\/cogprints.org\/\">https:\/\/web-archive.southampton.ac.uk\/cogprints.org\/<\/a><\/li><li>Conselho Regional de Medicina &#8211; <a href=\"https:\/\/www.crmmg.org.br\/\">https:\/\/www.crmmg.org.br\/<\/a><\/li><li>Hospital Virtual Brasileiro &#8211; http:\/\/www.hospvirt.org.br\/<\/li><li>Instituto de Bioci\u00eancias da USP \u2013 <a href=\"https:\/\/www.revistas.usp.br\/revbiologia\/index\">https:\/\/www.revistas.usp.br\/revbiologia\/index<\/a><\/li><li>Minist\u00e9rio da Sa\u00fade \u2013\u00a0<a href=\"https:\/\/www.gov.br\/saude\/pt-br\">https:\/\/www.gov.br\/saude\/pt-br<\/a><\/li><li>National Center for Biotechnology Information \u2013 <a href=\"http:\/\/www.ncbi.nlm.nih.gov\/\">http:\/\/www.ncbi.nlm.nih.gov\/<\/a><\/li><li>Nature \u2013 <a href=\"http:\/\/www.nature.com\/\">http:\/\/www.nature.com<\/a><\/li><li>Organiza\u00e7\u00e3o Pan-Americana de Sa\u00fade \u2013 <a href=\"https:\/\/www.paho.org\/journal\/es\">https:\/\/www.paho.org\/journal\/es<\/a><\/li><li>Proceedings of the National Academy of Sciences USA \u2013\u00a0<a href=\"http:\/\/www.pnas.org\/\">http:\/\/www.pnas.org\/<\/a><\/li><li>Science \u2013 <a href=\"http:\/\/www.sciencemag.org\/\">http:\/\/www.sciencemag.org\/<\/a><\/li><li>Scientific American \u2013 <a href=\"http:\/\/www.sciam.com\/\">http:\/\/www.sciam.com\/<\/a><\/li><li>Sociedade Brasileira de Nefrologia \u2013 <a href=\"http:\/\/www.sbn.org.br\/\">http:\/\/www.sbn.org.br\/<\/a><\/li><li>Sociedade Brasileira de Ortopedia e Traumatologia \u2013 <a href=\"https:\/\/sbot.org.br\/\">https:\/\/sbot.org.br\/<\/a><\/li><\/ul><p><strong>Ci\u00eancias Exatas e da Terra<\/strong><\/p><ul><li>American Mathematical Society \u2013\u00a0<a href=\"https:\/\/www.ams.org\/home\/page\">https:\/\/www.ams.org\/home\/page<\/a><\/li><li>Chemical Safety Information from Intergovernmental Organizations \u2013 <a href=\"http:\/\/www.inchem.org\/\">http:\/\/www.inchem.org\/<\/a><\/li><li>Department of Energy USA \u2013 <a href=\"http:\/\/www.osti.gov\/eprints\">http:\/\/www.osti.gov\/eprints<\/a><\/li><li>Organizacion Europea para la Investigacion Nuclear \u2013 <a href=\"http:\/\/cdsweb.cern.ch\/\">http:\/\/cdsweb.cern.ch<\/a><\/li><li>Physical Review Journals Archive \u2013 <a href=\"http:\/\/prola.aps.org\/\">http:\/\/prola.aps.org<\/a><\/li><li>Wolfram Functions \u2013 <a href=\"http:\/\/functions.wolfram.com\/\">http:\/\/functions.wolfram.com\/<\/a><\/li><\/ul><p><strong>Ci\u00eancias Humanas e Sociais Aplicadas<\/strong><\/p><ul><li>American Institute of Architects \u2013\u00a0<a href=\"http:\/\/www.aiachicago.org\/\">http:\/\/www.aiachicago.org<\/a><\/li><li>American Psychological Association &#8211; <a href=\"https:\/\/www.apa.org\/\">https:\/\/www.apa.org\/<\/a><\/li><li>Architectural Record &#8211; <a href=\"https:\/\/www.architecturalrecord.com\/\">https:\/\/www.architecturalrecord.com\/<\/a><\/li><li>Arcspace \u2013\u00a0<a href=\"http:\/\/www.arcspace.com\/\">http:\/\/www.arcspace.com\/<\/a><\/li><li>Associa\u00e7\u00e3o Brasileira de Educa\u00e7\u00e3o a Dist\u00e2ncia \u2013\u00a0<a href=\"http:\/\/www2.abed.org.br\/\">http:\/\/www2.abed.org.br\/<\/a><\/li><li>Atlapedia &#8211; <a href=\"https:\/\/www.atlapedia.com\/\">https:\/\/www.atlapedia.com\/<\/a><\/li><li>Biblioteca Virtual de Psicologia (Brasil) &#8211; <a href=\"http:\/\/www.bvs-psi.org.br\/php\/index.php\">http:\/\/www.bvs-psi.org.br\/php\/index.php<\/a><\/li><li>Buscador de Arquitetura \u2013<a href=\"http:\/\/www.arq.com.mx\/\">http:\/\/www.arq.com.mx<\/a><\/li><li>Centro de Arquitetura Dinamarquesa &#8211; <a href=\"https:\/\/dac.dk\/en\/\">https:\/\/dac.dk\/en\/<\/a><\/li><li>Chicago Achitecture Foundation \u2013\u00a0<a href=\"http:\/\/www.architecture.org\/\">http:\/\/www.architecture.org<\/a><\/li><li>Conpedi &#8211; <a href=\"http:\/\/site.conpedi.org.br\/publica\u00e7\u00f5es\">site.conpedi.org.br\/publica\u00e7\u00f5es<\/a><\/li><li>Corte Interamericana de Derechos Humanos \u2013\u00a0<a href=\"http:\/\/www.corteidh.or.cr\/\">http:\/\/www.corteidh.or.cr\/<\/a><\/li><li>Directory of open access Journals \u2013\u00a0<a href=\"http:\/\/www.doaj.org\/\">http:\/\/www.doaj.org\/<\/a><\/li><li>Economics and Finance \u2013\u00a0<a href=\"http:\/\/ideas.repec.org\/\">http:\/\/ideas.repec.org<\/a><\/li><li>Editora Blucher &#8211; <a href=\"https:\/\/openaccess.blucher.com.br\/journal-list\/direito-72\">https:\/\/openaccess.blucher.com.br\/\/journal-list\/direito-72<\/a><\/li><li>Find Law \u2013\u00a0<a href=\"http:\/\/www.findlaw.com\/\">http:\/\/www.findlaw.com\/<\/a><\/li><li>Hauser Global Law School Program &#8211; <a href=\"https:\/\/www.nyulawglobal.org\/globalex\/\">https:\/\/www.nyulawglobal.org\/globalex\/<\/a><\/li><li>IBGE &#8211;\u00a0<a href=\"http:\/\/www.ibge.gov.br\/home\/\">http:\/\/www.ibge.gov.br\/home\/<\/a><\/li><li>INEP &#8211;\u00a0<a href=\"http:\/\/bve.cibec.inep.gov.br\/\">http:\/\/bve.cibec.inep.gov.br\/<\/a><\/li><li>International Architecture Database \u2013 <a href=\"http:\/\/eng.archinform.net\/index.htm\">http:\/\/eng.archinform.net\/index.htm<\/a><\/li><li>International Court of Justice \u2013\u00a0<a href=\"http:\/\/www.icj-cij.org\/\">http:\/\/www.icj-cij.org\/<\/a><\/li><li>Institute of Education Sciences \u2013\u00a0<a href=\"http:\/\/www.eric.ed.gov\/\">http:\/\/www.eric.ed.gov<\/a><\/li><li>Instituto Brasileiro de Direito de Fam\u00edlia \u2013 <a href=\"http:\/\/www.ibdfam.org.br\/?artigos\">http:\/\/www.ibdfam.org.br\/?artigos<\/a><\/li><li>Instituto Brasileiro de Informa\u00e7\u00e3o em Ci\u00eancia e Tecnologia \u2013 <a href=\"http:\/\/www.ibict.br\/\">http:\/\/www.ibict.br\/<\/a><\/li><li>Instituto de Arquitetura de S\u00e3o Francisco -https:\/\/www.sfia.net\/index.asp<\/li><li>Jean Nouvel \u2013\u00a0<a href=\"http:\/\/www.jeannouvel.fr\/\">http:\/\/www.jeannouvel.fr\/<\/a><\/li><li>Lex &#8211; <a href=\"https:\/\/www.lexml.gov.br\/\">https:\/\/www.lexml.gov.br\/<\/a><\/li><li>Minist\u00e9rio da Educa\u00e7\u00e3o \u2013\u00a0<a href=\"http:\/\/portal.mec.gov.br\/seed\/\">http:\/\/portal.mec.gov.br\/seed\/<\/a><\/li><li>National Geographic &#8211; <a href=\"https:\/\/www.nationalgeographic.com\/\">https:\/\/www.nationalgeographic.com\/<\/a><\/li><li>Palladio\u2019s Italian Villas \u2013 <a href=\"http:\/\/www.boglewood.com\/palladio\">http:\/\/www.boglewood.com\/palladio<\/a><\/li><li>Peri\u00f3dicos Eletr\u00f4nicos em Psicologia &#8211; <a href=\"http:\/\/pepsic.bvsalud.org\/scielo.php?lng=pt\">http:\/\/pepsic.bvsalud.org\/scielo.php?lng=pt<\/a><\/li><li>Peter Eisenman \u2013\u00a0<a href=\"http:\/\/www.eisenmanarchitects.com\/\">http:\/\/www.eisenmanarchitects.com\/<\/a><\/li><li>Population \u2013 <a href=\"http:\/\/www.population.com\/\">http:\/\/www.population.com\/<\/a><\/li><li>Revista de Administra\u00e7\u00e3o Contempor\u00e2nea \u2013 <a href=\"http:\/\/www.anpad.org.br\/rac\">http:\/\/www.anpad.org.br\/rac<\/a><\/li><li>Revista de Administra\u00e7\u00e3o da USP \u2013 <a href=\"http:\/\/www.rausp.usp.br\/\">http:\/\/www.rausp.usp.br<\/a><\/li><li>Revista de Psicologia da Crian\u00e7a e do Adolescente &#8211; <a href=\"http:\/\/revistas.lis.ulusiada.pt\/index.php\/rpca\">http:\/\/revistas.lis.ulusiada.pt\/index.php\/rpca<\/a><\/li><li>Revista de Psicologia da UNESP &#8211; <a href=\"https:\/\/seer.assis.unesp.br\/index.php\/psicologia\/index\">https:\/\/seer.assis.unesp.br\/index.php\/psicologia\/index<\/a>\u00a0<\/li><li>Revista Direito Fundamentais &amp; Democracia \u2013\u00a0<a href=\"http:\/\/revistaeletronicardfd.unibrasil.com.br\/index.php\/rdfd\">http:\/\/revistaeletronicardfd.unibrasil.com.br\/index.php\/rdfd<\/a><\/li><li>Revista Eletr\u00f4nica de Administra\u00e7\u00e3o \u2013\u00a0<a href=\"http:\/\/periodicos.unifacef.com.br\/index.php\/rea\">http:\/\/periodicos.unifacef.com.br\/index.php\/rea<\/a><\/li><li>Senado Federal \u2013\u00a0<a href=\"https:\/\/www12.senado.leg.br\/institucional\/biblioteca#\/\">https:\/\/www12.senado.leg.br\/institucional\/biblioteca#\/<\/a><\/li><li>Skidmore, Owings &amp; Merrill LLP \u2013\u00a0<a href=\"http:\/\/www.som.com\/\">http:\/\/www.som.com\/<\/a><\/li><li>Studio Libeskind \u2013\u00a0<a href=\"http:\/\/www.daniel-libeskind.com\/\">http:\/\/www.daniel-libeskind.com\/<\/a><\/li><li>Superior Tribunal de Justi\u00e7a &#8211; <a href=\"https:\/\/bdjur.stj.jus.br\/jspui\/\">https:\/\/bdjur.stj.jus.br\/jspui\/<\/a><\/li><li>Unesco \u2013\u00a0<a href=\"http:\/\/unesdoc.unesco.org\/ulis\/index.shtml\">http:\/\/unesdoc.unesco.org\/ulis\/index.shtml<\/a><\/li><li>Zaha Hadid Architects \u2013\u00a0<a href=\"http:\/\/www.zaha-hadid.com\/\">http:\/\/www.zaha-hadid.com\/<\/a><\/li><\/ul>\t\t\t\t\t\t\t\t<\/div>\n\t\t\t\t<\/div>\n\t\t\t\t\t<\/div>\n\t\t<\/div>\n\t\t\t\t\t<\/div>\n\t\t<\/section>\n\t\t\t\t<\/div>\n\t\t","protected":false},"excerpt":{"rendered":"<p>Publica\u00e7\u00f5es Virtuais Gratuitas \u00c1reas do Conhecimento Ci\u00eancias Biol\u00f3gicas e da Sa\u00fade Ci\u00eancias Exatas e da Terra Ci\u00eancias Humanas e Sociais Aplicadas Ci\u00eancias Biol\u00f3gicas e da Sa\u00fade Arquivos em Odontologia (UFMG) \u2013\u00a0https:\/\/seer.ufmg.br\/index.php\/arquivosemodontologia Associa\u00e7\u00e3o Brasileira de Enfermagem \u2013 http:\/\/www.abennacional.org.br Associa\u00e7\u00e3o Brasileira de Ortodontia e Ortopedia Facial &#8211; https:\/\/abor.org.br\/artigos Associa\u00e7\u00e3o Ga\u00facha de Ortodontia e Ortopedia Facial \u2013\u00a0http:\/\/www.sogaor.org.br\/ Biblioteca [&hellip;]<\/p>\n","protected":false},"author":1,"featured_media":0,"parent":0,"menu_order":0,"comment_status":"closed","ping_status":"closed","template":"","meta":{"site-sidebar-layout":"no-sidebar","site-content-layout":"page-builder","ast-site-content-layout":"full-width-container","site-content-style":"default","site-sidebar-style":"default","ast-global-header-display":"","ast-banner-title-visibility":"","ast-main-header-display":"","ast-hfb-above-header-display":"","ast-hfb-below-header-display":"","ast-hfb-mobile-header-display":"","site-post-title":"disabled","ast-breadcrumbs-content":"","ast-featured-img":"disabled","footer-sml-layout":"","ast-disable-related-posts":"","theme-transparent-header-meta":"","adv-header-id-meta":"","stick-header-meta":"","header-above-stick-meta":"","header-main-stick-meta":"","header-below-stick-meta":"","astra-migrate-meta-layouts":"set","ast-page-background-enabled":"default","ast-page-background-meta":{"desktop":{"background-color":"","background-image":"","background-repeat":"repeat","background-position":"center center","background-size":"auto","background-attachment":"scroll","background-type":"","background-media":"","overlay-type":"","overlay-color":"","overlay-opacity":"","overlay-gradient":""},"tablet":{"background-color":"","background-image":"","background-repeat":"repeat","background-position":"center center","background-size":"auto","background-attachment":"scroll","background-type":"","background-media":"","overlay-type":"","overlay-color":"","overlay-opacity":"","overlay-gradient":""},"mobile":{"background-color":"","background-image":"","background-repeat":"repeat","background-position":"center center","background-size":"auto","background-attachment":"scroll","background-type":"","background-media":"","overlay-type":"","overlay-color":"","overlay-opacity":"","overlay-gradient":""}},"ast-content-background-meta":{"desktop":{"background-color":"var(--ast-global-color-5)","background-image":"","background-repeat":"repeat","background-position":"center center","background-size":"auto","background-attachment":"scroll","background-type":"","background-media":"","overlay-type":"","overlay-color":"","overlay-opacity":"","overlay-gradient":""},"tablet":{"background-color":"var(--ast-global-color-5)","background-image":"","background-repeat":"repeat","background-position":"center center","background-size":"auto","background-attachment":"scroll","background-type":"","background-media":"","overlay-type":"","overlay-color":"","overlay-opacity":"","overlay-gradient":""},"mobile":{"background-color":"var(--ast-global-color-5)","background-image":"","background-repeat":"repeat","background-position":"center center","background-size":"auto","background-attachment":"scroll","background-type":"","background-media":"","overlay-type":"","overlay-color":"","overlay-opacity":"","overlay-gradient":""}},"footnotes":""},"class_list":["post-6805","page","type-page","status-publish","hentry"],"_links":{"self":[{"href":"https:\/\/uit.br\/site\/wp-json\/wp\/v2\/pages\/6805","targetHints":{"allow":["GET"]}}],"collection":[{"href":"https:\/\/uit.br\/site\/wp-json\/wp\/v2\/pages"}],"about":[{"href":"https:\/\/uit.br\/site\/wp-json\/wp\/v2\/types\/page"}],"author":[{"embeddable":true,"href":"https:\/\/uit.br\/site\/wp-json\/wp\/v2\/users\/1"}],"replies":[{"embeddable":true,"href":"https:\/\/uit.br\/site\/wp-json\/wp\/v2\/comments?post=6805"}],"version-history":[{"count":3,"href":"https:\/\/uit.br\/site\/wp-json\/wp\/v2\/pages\/6805\/revisions"}],"predecessor-version":[{"id":8574,"href":"https:\/\/uit.br\/site\/wp-json\/wp\/v2\/pages\/6805\/revisions\/8574"}],"wp:attachment":[{"href":"https:\/\/uit.br\/site\/wp-json\/wp\/v2\/media?parent=6805"}],"curies":[{"name":"wp","href":"https:\/\/api.w.org\/{rel}","templated":true}]}}