{"id":6799,"date":"2024-08-22T11:00:21","date_gmt":"2024-08-22T14:00:21","guid":{"rendered":"https:\/\/site.uit.br\/?page_id=6799"},"modified":"2026-02-03T15:16:51","modified_gmt":"2026-02-03T18:16:51","slug":"e-books-gratuitos","status":"publish","type":"page","link":"https:\/\/uit.br\/site\/e-books-gratuitos\/","title":{"rendered":"E-books Gratuitos"},"content":{"rendered":"\t\t<div data-elementor-type=\"wp-page\" data-elementor-id=\"6799\" class=\"elementor elementor-6799\" data-elementor-post-type=\"page\">\n\t\t\t\t\t\t<section class=\"elementor-section elementor-top-section elementor-element elementor-element-3e766cd elementor-section-boxed elementor-section-height-default elementor-section-height-default\" data-id=\"3e766cd\" data-element_type=\"section\" data-e-type=\"section\">\n\t\t\t\t\t\t<div class=\"elementor-container elementor-column-gap-default\">\n\t\t\t\t\t<div class=\"elementor-column elementor-col-33 elementor-top-column elementor-element elementor-element-b6f5b2e elementor-invisible\" data-id=\"b6f5b2e\" data-element_type=\"column\" data-e-type=\"column\" data-settings=\"{&quot;animation&quot;:&quot;slideInLeft&quot;}\">\n\t\t\t<div class=\"elementor-widget-wrap elementor-element-populated\">\n\t\t\t\t\t\t<div class=\"elementor-element elementor-element-e7c1ebc elementor-widget elementor-widget-image\" data-id=\"e7c1ebc\" data-element_type=\"widget\" data-e-type=\"widget\" data-widget_type=\"image.default\">\n\t\t\t\t<div class=\"elementor-widget-container\">\n\t\t\t\t\t\t\t\t\t\t\t\t\t\t\t<img fetchpriority=\"high\" decoding=\"async\" width=\"432\" height=\"1024\" src=\"https:\/\/uit.br\/site\/wp-content\/uploads\/2021\/01\/biblioteca-central-432x1024.png\" class=\"attachment-large size-large wp-image-2133\" alt=\"\" srcset=\"https:\/\/uit.br\/site\/wp-content\/uploads\/2021\/01\/biblioteca-central-432x1024.png 432w, https:\/\/uit.br\/site\/wp-content\/uploads\/2021\/01\/biblioteca-central-127x300.png 127w, https:\/\/uit.br\/site\/wp-content\/uploads\/2021\/01\/biblioteca-central.png 601w\" sizes=\"(max-width: 432px) 100vw, 432px\" \/>\t\t\t\t\t\t\t\t\t\t\t\t\t\t\t<\/div>\n\t\t\t\t<\/div>\n\t\t\t\t\t<\/div>\n\t\t<\/div>\n\t\t\t\t<div class=\"elementor-column elementor-col-66 elementor-top-column elementor-element elementor-element-bb79404 elementor-invisible\" data-id=\"bb79404\" data-element_type=\"column\" data-e-type=\"column\" data-settings=\"{&quot;animation&quot;:&quot;slideInRight&quot;}\">\n\t\t\t<div class=\"elementor-widget-wrap elementor-element-populated\">\n\t\t\t\t\t\t<div class=\"elementor-element elementor-element-f6c35c3 elementor-widget elementor-widget-heading\" data-id=\"f6c35c3\" data-element_type=\"widget\" data-e-type=\"widget\" data-widget_type=\"heading.default\">\n\t\t\t\t<div class=\"elementor-widget-container\">\n\t\t\t\t\t<h2 class=\"elementor-heading-title elementor-size-default\">E-books e Publica\u00e7\u00f5es Virtuais Diversas<\/h2>\t\t\t\t<\/div>\n\t\t\t\t<\/div>\n\t\t\t\t<section class=\"elementor-section elementor-inner-section elementor-element elementor-element-767c271 elementor-section-boxed elementor-section-height-default elementor-section-height-default\" data-id=\"767c271\" data-element_type=\"section\" data-e-type=\"section\">\n\t\t\t\t\t\t<div class=\"elementor-container elementor-column-gap-default\">\n\t\t\t\t\t<div class=\"elementor-column elementor-col-50 elementor-inner-column elementor-element elementor-element-3039bf3\" data-id=\"3039bf3\" data-element_type=\"column\" data-e-type=\"column\">\n\t\t\t<div class=\"elementor-widget-wrap\">\n\t\t\t\t\t\t\t<\/div>\n\t\t<\/div>\n\t\t\t\t<div class=\"elementor-column elementor-col-50 elementor-inner-column elementor-element elementor-element-703b616\" data-id=\"703b616\" data-element_type=\"column\" data-e-type=\"column\">\n\t\t\t<div class=\"elementor-widget-wrap\">\n\t\t\t\t\t\t\t<\/div>\n\t\t<\/div>\n\t\t\t\t\t<\/div>\n\t\t<\/section>\n\t\t\t\t<section class=\"elementor-section elementor-inner-section elementor-element elementor-element-c36d813 elementor-section-boxed elementor-section-height-default elementor-section-height-default\" data-id=\"c36d813\" data-element_type=\"section\" data-e-type=\"section\">\n\t\t\t\t\t\t<div class=\"elementor-container elementor-column-gap-default\">\n\t\t\t\t\t<div class=\"elementor-column elementor-col-50 elementor-inner-column elementor-element elementor-element-c4fd44c\" data-id=\"c4fd44c\" data-element_type=\"column\" data-e-type=\"column\">\n\t\t\t<div class=\"elementor-widget-wrap\">\n\t\t\t\t\t\t\t<\/div>\n\t\t<\/div>\n\t\t\t\t<div class=\"elementor-column elementor-col-50 elementor-inner-column elementor-element elementor-element-575958d\" data-id=\"575958d\" data-element_type=\"column\" data-e-type=\"column\">\n\t\t\t<div class=\"elementor-widget-wrap\">\n\t\t\t\t\t\t\t<\/div>\n\t\t<\/div>\n\t\t\t\t\t<\/div>\n\t\t<\/section>\n\t\t\t\t<div class=\"elementor-element elementor-element-9f90105 elementor-widget elementor-widget-heading\" data-id=\"9f90105\" data-element_type=\"widget\" data-e-type=\"widget\" data-widget_type=\"heading.default\">\n\t\t\t\t<div class=\"elementor-widget-container\">\n\t\t\t\t\t<h2 class=\"elementor-heading-title elementor-size-default\">E-books<\/h2>\t\t\t\t<\/div>\n\t\t\t\t<\/div>\n\t\t\t\t<div class=\"elementor-element elementor-element-a846482 elementor-widget elementor-widget-text-editor\" data-id=\"a846482\" data-element_type=\"widget\" data-e-type=\"widget\" data-widget_type=\"text-editor.default\">\n\t\t\t\t<div class=\"elementor-widget-container\">\n\t\t\t\t\t\t\t\t\t<h2 class=\"elementor-heading-title elementor-size-default elementor-inline-editing pen\" contenteditable=\"true\" data-elementor-setting-key=\"title\" data-pen-placeholder=\"Digite aqui...\">\u00a0<\/h2><ul><li><a href=\"http:\/\/aplauso.imprensaoficial.com.br\/\">Aplauso &#8211; Letras E Artes<\/a><\/li><li><a href=\"http:\/\/www.br.undp.org\/content\/brazil\/pt\/home\/\">Atlas Do Desenvolvimento Humano No Brasil<\/a><\/li><li><a href=\"http:\/\/openaccess.blucher.com.br\/journal-list\/\">Blucher Open Access<\/a><\/li><li><a href=\"http:\/\/freebooks4doctors.com\/\">Ci\u00eancias M\u00e9dica<\/a><\/li><li><a href=\"http:\/\/www.doabooks.org\/\">Doabooks &#8211; Multidisciplinar<\/a><\/li><li><a href=\"http:\/\/www.dominiopublico.gov.br\/pesquisa\/PesquisaObraForm.jsp\">Dom\u00ednio P\u00fablico &#8211; Multidisciplinar<\/a><\/li><li><a href=\"http:\/\/www.culturaacademica.com.br\/\">Editora Da Unesp &#8211; Multidisciplinar<\/a><\/li><li><a href=\"http:\/\/www.geometriaanalitica.com.br\/\">Geometria Anal\u00edtica<\/a><\/li><li><a href=\"http:\/\/edeyoruba.com\/livrocompre-o-livro.html\">Hist\u00f3ria Geral Da \u00c1frica<\/a><\/li><li><a href=\"http:\/\/ulapsi.bvs-psi.org.br\/cgi-bin\/wxis1660.exe\/lildbi\/iah\/?IsisScript=lildbi\/iah\/iah.xis&amp;base=ULAPSI&amp;lang=p&amp;count=0&amp;nextAction=lnk&amp;exprSearch=LIVRO%20ELETRONICO&amp;indexSearch=SP\">Index Psi Livros- Psicologia<\/a><\/li><li><a href=\"http:\/\/www.labcom-ifp.ubi.pt\/sub\/index.php\">Labcom &#8211; Universidade Da Beira Interior (Portugal)<\/a><\/li><li><a href=\"http:\/\/openlibrary.org\/\">Oapen Library<\/a><\/li><li><a href=\"http:\/\/books.scielo.org\/\">Scielo &#8211; Scientific Electronic Library Online<\/a><\/li><\/ul>\t\t\t\t\t\t\t\t<\/div>\n\t\t\t\t<\/div>\n\t\t\t\t<div class=\"elementor-element elementor-element-29f6c83 elementor-widget elementor-widget-heading\" data-id=\"29f6c83\" data-element_type=\"widget\" data-e-type=\"widget\" data-widget_type=\"heading.default\">\n\t\t\t\t<div class=\"elementor-widget-container\">\n\t\t\t\t\t<h2 class=\"elementor-heading-title elementor-size-default\">Publica\u00e7\u00f5es Virtuais <\/h2>\t\t\t\t<\/div>\n\t\t\t\t<\/div>\n\t\t\t\t<div class=\"elementor-element elementor-element-fc358e6 elementor-widget elementor-widget-heading\" data-id=\"fc358e6\" data-element_type=\"widget\" data-e-type=\"widget\" data-widget_type=\"heading.default\">\n\t\t\t\t<div class=\"elementor-widget-container\">\n\t\t\t\t\t<h5 class=\"elementor-heading-title elementor-size-default\">\u00c1reas do Conhecimento<\/h5>\t\t\t\t<\/div>\n\t\t\t\t<\/div>\n\t\t\t\t<div class=\"elementor-element elementor-element-7a86c1e elementor-widget elementor-widget-accordion\" data-id=\"7a86c1e\" data-element_type=\"widget\" data-e-type=\"widget\" data-widget_type=\"accordion.default\">\n\t\t\t\t<div class=\"elementor-widget-container\">\n\t\t\t\t\t\t\t<div class=\"elementor-accordion\">\n\t\t\t\t\t\t\t<div class=\"elementor-accordion-item\">\n\t\t\t\t\t<div id=\"elementor-tab-title-1281\" class=\"elementor-tab-title\" data-tab=\"1\" role=\"button\" aria-controls=\"elementor-tab-content-1281\" aria-expanded=\"false\">\n\t\t\t\t\t\t\t\t\t\t\t\t\t<span class=\"elementor-accordion-icon elementor-accordion-icon-left\" aria-hidden=\"true\">\n\t\t\t\t\t\t\t\t\t\t\t\t\t\t\t<span class=\"elementor-accordion-icon-closed\"><i class=\"fas fa-plus\"><\/i><\/span>\n\t\t\t\t\t\t\t\t<span class=\"elementor-accordion-icon-opened\"><i class=\"fas fa-minus\"><\/i><\/span>\n\t\t\t\t\t\t\t\t\t\t\t\t\t\t<\/span>\n\t\t\t\t\t\t\t\t\t\t\t\t<a class=\"elementor-accordion-title\" tabindex=\"0\">Ci\u00eancias Biol\u00f3gicas e da Sa\u00fade<\/a>\n\t\t\t\t\t<\/div>\n\t\t\t\t\t<div id=\"elementor-tab-content-1281\" class=\"elementor-tab-content elementor-clearfix\" data-tab=\"1\" role=\"region\" aria-labelledby=\"elementor-tab-title-1281\"><ul><li>Arquivos em Odontologia (UFMG) \u2013\u00a0<a href=\"https:\/\/seer.ufmg.br\/index.php\/arquivosemodontologia\">https:\/\/seer.ufmg.br\/index.php\/arquivosemodontologia<\/a><\/li><li>Associa\u00e7\u00e3o Brasileira de Enfermagem \u2013\u00a0<a href=\"http:\/\/www.abennacional.org.br\/\">http:\/\/www.abennacional.org.br<\/a><\/li><li>Associa\u00e7\u00e3o Brasileira de Ortodontia e Ortopedia Facial \u2013\u00a0<a href=\"https:\/\/abor.org.br\/artigos\">https:\/\/abor.org.br\/artigos<\/a><\/li><li>Associa\u00e7\u00e3o Ga\u00facha de Ortodontia e Ortopedia Facial \u2013\u00a0<a href=\"http:\/\/www.sogaor.org.br\/\">http:\/\/www.sogaor.org.br\/<\/a><\/li><li>Biblioteca Digital de Ci\u00eancias \u2013\u00a0<a href=\"https:\/\/www.bdc.ib.unicamp.br\/bdc\/index.php\">https:\/\/www.bdc.ib.unicamp.br\/bdc\/index.php<\/a><\/li><li>Bio Tecnologia \u2013<a href=\"https:\/\/www.biotecnologia.com.br\/\">\u00a0https:\/\/www.biotecnologia.com.br\/<\/a><\/li><li>Bibliomed \u2013\u00a0<a href=\"https:\/\/www.bibliomed.com.br\/pubmed\/\">https:\/\/www.bibliomed.com.br\/pubmed\/<\/a><\/li><li>Biblioteca Virtual em Sa\u00fade \u2013\u00a0<a href=\"http:\/\/www.bireme.br\/\">http:\/\/www.bireme.br\/<\/a><\/li><li>BMC \u2013\u00a0<a href=\"http:\/\/www.biomedcentral.com\/\">http:\/\/www.biomedcentral.com\/<\/a><\/li><li>Botany \u2013\u00a0<a href=\"http:\/\/www.ou.edu\/cas\/botany-micro\/www-vl\/\">http:\/\/www.ou.edu\/cas\/botany-micro\/www-vl\/<\/a><\/li><li>British Dental Journal \u2013\u00a0<a href=\"http:\/\/www.nature.com\/bdj\/index.html\">http:\/\/www.nature.com\/bdj\/index.html<\/a><\/li><li>Brutlag Bioinformatics Group \u2013\u00a0<a href=\"http:\/\/motif.stanford.edu\/\">http:\/\/motif.stanford.edu\/<\/a><\/li><li>CelPress \u2013\u00a0<a href=\"https:\/\/www.cell.com\/\">https:\/\/www.cell.com\/<\/a><\/li><li>Centro de Pesquisa sobre o Genoma Humano e C\u00e9lulas-Tronco \u2013 USP \u2013\u00a0<a href=\"http:\/\/www.genoma.ib.usp.br\/\">http:\/\/www.genoma.ib.usp.br<\/a><\/li><li>Chronic Disease Research Group \u2013\u00a0<a href=\"http:\/\/www.cdrg.org\/\">http:\/\/www.cdrg.org\/<\/a><\/li><li>Ci\u00eancia e Sa\u00fade da PUCRS \u2013\u00a0<a href=\"http:\/\/revistaseletronicas.pucrs.br\/ojs\/index.php\/faenfi\">http:\/\/revistaseletronicas.pucrs.br\/ojs\/index.php\/faenfi<\/a><\/li><li>Clonagem \u2013\u00a0<a href=\"http:\/\/www.acidigital.com\/clonagem\/\">http:\/\/www.acidigital.com\/clonagem\/<\/a><\/li><li>CogPrints \u2013\u00a0<a href=\"https:\/\/web-archive.southampton.ac.uk\/cogprints.org\/\">https:\/\/web-archive.southampton.ac.uk\/cogprints.org\/<\/a><\/li><li>Conselho Regional de Medicina \u2013\u00a0<a href=\"https:\/\/www.crmmg.org.br\/\">https:\/\/www.crmmg.org.br\/<\/a><\/li><li>Hospital Virtual Brasileiro \u2013 http:\/\/www.hospvirt.org.br\/<\/li><li>Instituto de Bioci\u00eancias da USP \u2013\u00a0<a href=\"https:\/\/www.revistas.usp.br\/revbiologia\/index\">https:\/\/www.revistas.usp.br\/revbiologia\/index<\/a><\/li><li>Minist\u00e9rio da Sa\u00fade \u2013\u00a0<a href=\"https:\/\/www.gov.br\/saude\/pt-br\">https:\/\/www.gov.br\/saude\/pt-br<\/a><\/li><li>National Center for Biotechnology Information \u2013\u00a0<a href=\"http:\/\/www.ncbi.nlm.nih.gov\/\">http:\/\/www.ncbi.nlm.nih.gov\/<\/a><\/li><li>Nature \u2013\u00a0<a href=\"http:\/\/www.nature.com\/\">http:\/\/www.nature.com<\/a><\/li><li>Organiza\u00e7\u00e3o Pan-Americana de Sa\u00fade \u2013\u00a0<a href=\"https:\/\/www.paho.org\/journal\/es\">https:\/\/www.paho.org\/journal\/es<\/a><\/li><li>Proceedings of the National Academy of Sciences USA \u2013\u00a0<a href=\"http:\/\/www.pnas.org\/\">http:\/\/www.pnas.org\/<\/a><\/li><li>Science \u2013\u00a0<a href=\"http:\/\/www.sciencemag.org\/\">http:\/\/www.sciencemag.org\/<\/a><\/li><li>Scientific American \u2013\u00a0<a href=\"http:\/\/www.sciam.com\/\">http:\/\/www.sciam.com\/<\/a><\/li><li>Sociedade Brasileira de Nefrologia \u2013\u00a0<a href=\"http:\/\/www.sbn.org.br\/\">http:\/\/www.sbn.org.br\/<\/a><\/li><li>Sociedade Brasileira de Ortopedia e Traumatologia \u2013\u00a0<a href=\"https:\/\/sbot.org.br\/\">https:\/\/sbot.org.br\/<\/a><\/li><\/ul><\/div>\n\t\t\t\t<\/div>\n\t\t\t\t\t\t\t<div class=\"elementor-accordion-item\">\n\t\t\t\t\t<div id=\"elementor-tab-title-1282\" class=\"elementor-tab-title\" data-tab=\"2\" role=\"button\" aria-controls=\"elementor-tab-content-1282\" aria-expanded=\"false\">\n\t\t\t\t\t\t\t\t\t\t\t\t\t<span class=\"elementor-accordion-icon elementor-accordion-icon-left\" aria-hidden=\"true\">\n\t\t\t\t\t\t\t\t\t\t\t\t\t\t\t<span class=\"elementor-accordion-icon-closed\"><i class=\"fas fa-plus\"><\/i><\/span>\n\t\t\t\t\t\t\t\t<span class=\"elementor-accordion-icon-opened\"><i class=\"fas fa-minus\"><\/i><\/span>\n\t\t\t\t\t\t\t\t\t\t\t\t\t\t<\/span>\n\t\t\t\t\t\t\t\t\t\t\t\t<a class=\"elementor-accordion-title\" tabindex=\"0\">Ci\u00eancias Exatas e da Terra<\/a>\n\t\t\t\t\t<\/div>\n\t\t\t\t\t<div id=\"elementor-tab-content-1282\" class=\"elementor-tab-content elementor-clearfix\" data-tab=\"2\" role=\"region\" aria-labelledby=\"elementor-tab-title-1282\"><ul><li>American Mathematical Society \u2013\u00a0<a href=\"https:\/\/www.ams.org\/home\/page\">https:\/\/www.ams.org\/home\/page<\/a><\/li><li>Chemical Safety Information from Intergovernmental Organizations \u2013\u00a0<a href=\"http:\/\/www.inchem.org\/\">http:\/\/www.inchem.org\/<\/a><\/li><li>Department of Energy USA \u2013\u00a0<a href=\"http:\/\/www.osti.gov\/eprints\">http:\/\/www.osti.gov\/eprints<\/a><\/li><li>Organizacion Europea para la Investigacion Nuclear \u2013\u00a0<a href=\"http:\/\/cdsweb.cern.ch\/\">http:\/\/cdsweb.cern.ch<\/a><\/li><li>Physical Review Journals Archive \u2013\u00a0<a href=\"http:\/\/prola.aps.org\/\">http:\/\/prola.aps.org<\/a><\/li><li>Wolfram Functions \u2013\u00a0<a href=\"http:\/\/functions.wolfram.com\/\">http:\/\/functions.wolfram.com\/<\/a><\/li><\/ul><\/div>\n\t\t\t\t<\/div>\n\t\t\t\t\t\t\t<div class=\"elementor-accordion-item\">\n\t\t\t\t\t<div id=\"elementor-tab-title-1283\" class=\"elementor-tab-title\" data-tab=\"3\" role=\"button\" aria-controls=\"elementor-tab-content-1283\" aria-expanded=\"false\">\n\t\t\t\t\t\t\t\t\t\t\t\t\t<span class=\"elementor-accordion-icon elementor-accordion-icon-left\" aria-hidden=\"true\">\n\t\t\t\t\t\t\t\t\t\t\t\t\t\t\t<span class=\"elementor-accordion-icon-closed\"><i class=\"fas fa-plus\"><\/i><\/span>\n\t\t\t\t\t\t\t\t<span class=\"elementor-accordion-icon-opened\"><i class=\"fas fa-minus\"><\/i><\/span>\n\t\t\t\t\t\t\t\t\t\t\t\t\t\t<\/span>\n\t\t\t\t\t\t\t\t\t\t\t\t<a class=\"elementor-accordion-title\" tabindex=\"0\">Ci\u00eancias Humanas e Sociais Aplicadas<\/a>\n\t\t\t\t\t<\/div>\n\t\t\t\t\t<div id=\"elementor-tab-content-1283\" class=\"elementor-tab-content elementor-clearfix\" data-tab=\"3\" role=\"region\" aria-labelledby=\"elementor-tab-title-1283\"><ul><li>American Institute of Architects \u2013\u00a0<a href=\"http:\/\/www.aiachicago.org\/\">http:\/\/www.aiachicago.org<\/a><\/li><li>American Psychological Association \u2013\u00a0<a href=\"https:\/\/www.apa.org\/\">https:\/\/www.apa.org\/<\/a><\/li><li>Architectural Record \u2013\u00a0<a href=\"https:\/\/www.architecturalrecord.com\/\">https:\/\/www.architecturalrecord.com\/<\/a><\/li><li>Arcspace \u2013\u00a0<a href=\"http:\/\/www.arcspace.com\/\">http:\/\/www.arcspace.com\/<\/a><\/li><li>Associa\u00e7\u00e3o Brasileira de Educa\u00e7\u00e3o a Dist\u00e2ncia \u2013\u00a0<a href=\"http:\/\/www2.abed.org.br\/\">http:\/\/www2.abed.org.br\/<\/a><\/li><li>Atlapedia \u2013\u00a0<a href=\"https:\/\/www.atlapedia.com\/\">https:\/\/www.atlapedia.com\/<\/a><\/li><li>Biblioteca Virtual de Psicologia (Brasil) \u2013\u00a0<a href=\"http:\/\/www.bvs-psi.org.br\/php\/index.php\">http:\/\/www.bvs-psi.org.br\/php\/index.php<\/a><\/li><li>Buscador de Arquitetura \u2013<a href=\"http:\/\/www.arq.com.mx\/\">http:\/\/www.arq.com.mx<\/a><\/li><li>Centro de Arquitetura Dinamarquesa \u2013\u00a0<a href=\"https:\/\/dac.dk\/en\/\">https:\/\/dac.dk\/en\/<\/a><\/li><li>Chicago Achitecture Foundation \u2013\u00a0<a href=\"http:\/\/www.architecture.org\/\">http:\/\/www.architecture.org<\/a><\/li><li>Conpedi \u2013\u00a0<a href=\"http:\/\/site.conpedi.org.br\/publica%C3%A7%C3%B5es\">site.conpedi.org.br\/publica\u00e7\u00f5es<\/a><\/li><li>Corte Interamericana de Derechos Humanos \u2013\u00a0<a href=\"http:\/\/www.corteidh.or.cr\/\">http:\/\/www.corteidh.or.cr\/<\/a><\/li><li>Directory of open access Journals \u2013\u00a0<a href=\"http:\/\/www.doaj.org\/\">http:\/\/www.doaj.org\/<\/a><\/li><li>Economics and Finance \u2013\u00a0<a href=\"http:\/\/ideas.repec.org\/\">http:\/\/ideas.repec.org<\/a><\/li><li>Editora Blucher \u2013\u00a0<a href=\"https:\/\/openaccess.blucher.com.br\/journal-list\/direito-72\">https:\/\/openaccess.blucher.com.br\/\/journal-list\/direito-72<\/a><\/li><li>Find Law \u2013\u00a0<a href=\"http:\/\/www.findlaw.com\/\">http:\/\/www.findlaw.com\/<\/a><\/li><li>Hauser Global Law School Program \u2013\u00a0<a href=\"https:\/\/www.nyulawglobal.org\/globalex\/\">https:\/\/www.nyulawglobal.org\/globalex\/<\/a><\/li><li>IBGE \u2013\u00a0<a href=\"http:\/\/www.ibge.gov.br\/home\/\">http:\/\/www.ibge.gov.br\/home\/<\/a><\/li><li>INEP \u2013\u00a0<a href=\"http:\/\/bve.cibec.inep.gov.br\/\">http:\/\/bve.cibec.inep.gov.br\/<\/a><\/li><li>International Architecture Database \u2013\u00a0<a href=\"http:\/\/eng.archinform.net\/index.htm\">http:\/\/eng.archinform.net\/index.htm<\/a><\/li><li>International Court of Justice \u2013\u00a0<a href=\"http:\/\/www.icj-cij.org\/\">http:\/\/www.icj-cij.org\/<\/a><\/li><li>Institute of Education Sciences \u2013\u00a0<a href=\"http:\/\/www.eric.ed.gov\/\">http:\/\/www.eric.ed.gov<\/a><\/li><li>Instituto Brasileiro de Direito de Fam\u00edlia \u2013\u00a0<a href=\"http:\/\/www.ibdfam.org.br\/?artigos\">http:\/\/www.ibdfam.org.br\/?artigos<\/a><\/li><li>Instituto Brasileiro de Informa\u00e7\u00e3o em Ci\u00eancia e Tecnologia \u2013\u00a0<a href=\"http:\/\/www.ibict.br\/\">http:\/\/www.ibict.br\/<\/a><\/li><li>Instituto de Arquitetura de S\u00e3o Francisco -https:\/\/www.sfia.net\/index.asp<\/li><li>Jean Nouvel \u2013\u00a0<a href=\"http:\/\/www.jeannouvel.fr\/\">http:\/\/www.jeannouvel.fr\/<\/a><\/li><li>Lex \u2013\u00a0<a href=\"https:\/\/www.lexml.gov.br\/\">https:\/\/www.lexml.gov.br\/<\/a><\/li><li>Minist\u00e9rio da Educa\u00e7\u00e3o \u2013\u00a0<a href=\"http:\/\/portal.mec.gov.br\/seed\/\">http:\/\/portal.mec.gov.br\/seed\/<\/a><\/li><li>National Geographic \u2013\u00a0<a href=\"https:\/\/www.nationalgeographic.com\/\">https:\/\/www.nationalgeographic.com\/<\/a><\/li><li>Palladio\u2019s Italian Villas \u2013\u00a0<a href=\"http:\/\/www.boglewood.com\/palladio\">http:\/\/www.boglewood.com\/palladio<\/a><\/li><li>Peri\u00f3dicos Eletr\u00f4nicos em Psicologia \u2013\u00a0<a href=\"http:\/\/pepsic.bvsalud.org\/scielo.php?lng=pt\">http:\/\/pepsic.bvsalud.org\/scielo.php?lng=pt<\/a><\/li><li>Peter Eisenman \u2013\u00a0<a href=\"http:\/\/www.eisenmanarchitects.com\/\">http:\/\/www.eisenmanarchitects.com\/<\/a><\/li><li>Population \u2013\u00a0<a href=\"http:\/\/www.population.com\/\">http:\/\/www.population.com\/<\/a><\/li><li>Revista de Administra\u00e7\u00e3o Contempor\u00e2nea \u2013\u00a0<a href=\"http:\/\/www.anpad.org.br\/rac\">http:\/\/www.anpad.org.br\/rac<\/a><\/li><li>Revista de Administra\u00e7\u00e3o da USP \u2013\u00a0<a href=\"http:\/\/www.rausp.usp.br\/\">http:\/\/www.rausp.usp.br<\/a><\/li><li>Revista de Psicologia da Crian\u00e7a e do Adolescente \u2013\u00a0<a href=\"http:\/\/revistas.lis.ulusiada.pt\/index.php\/rpca\">http:\/\/revistas.lis.ulusiada.pt\/index.php\/rpca<\/a><\/li><li>Revista de Psicologia da UNESP \u2013\u00a0<a href=\"https:\/\/seer.assis.unesp.br\/index.php\/psicologia\/index\">https:\/\/seer.assis.unesp.br\/index.php\/psicologia\/index<\/a><\/li><li>Revista Direito Fundamentais &amp; Democracia \u2013\u00a0<a href=\"http:\/\/revistaeletronicardfd.unibrasil.com.br\/index.php\/rdfd\">http:\/\/revistaeletronicardfd.unibrasil.com.br\/index.php\/rdfd<\/a><\/li><li>Revista Eletr\u00f4nica de Administra\u00e7\u00e3o \u2013\u00a0<a href=\"http:\/\/periodicos.unifacef.com.br\/index.php\/rea\">http:\/\/periodicos.unifacef.com.br\/index.php\/rea<\/a><\/li><li>Senado Federal \u2013\u00a0<a href=\"https:\/\/www12.senado.leg.br\/institucional\/biblioteca#\/\">https:\/\/www12.senado.leg.br\/institucional\/biblioteca#\/<\/a><\/li><li>Skidmore, Owings &amp; Merrill LLP \u2013\u00a0<a href=\"http:\/\/www.som.com\/\">http:\/\/www.som.com\/<\/a><\/li><li>Studio Libeskind \u2013\u00a0<a href=\"http:\/\/www.daniel-libeskind.com\/\">http:\/\/www.daniel-libeskind.com\/<\/a><\/li><li>Superior Tribunal de Justi\u00e7a \u2013\u00a0<a href=\"https:\/\/bdjur.stj.jus.br\/jspui\/\">https:\/\/bdjur.stj.jus.br\/jspui\/<\/a><\/li><li>Unesco \u2013\u00a0<a href=\"http:\/\/unesdoc.unesco.org\/ulis\/index.shtml\">http:\/\/unesdoc.unesco.org\/ulis\/index.shtml<\/a><\/li><li>Zaha Hadid Architects \u2013\u00a0<a style=\"font-size: 16px; background-color: #ffffff;\" href=\"http:\/\/www.zaha-hadid.com\/\">http:\/\/www.zaha-hadid.com\/<\/a><\/li><\/ul><\/div>\n\t\t\t\t<\/div>\n\t\t\t\t\t\t\t\t<\/div>\n\t\t\t\t\t\t<\/div>\n\t\t\t\t<\/div>\n\t\t\t\t\t<\/div>\n\t\t<\/div>\n\t\t\t\t\t<\/div>\n\t\t<\/section>\n\t\t\t\t<\/div>\n\t\t","protected":false},"excerpt":{"rendered":"<p>E-books e Publica\u00e7\u00f5es Virtuais Diversas E-books \u00a0 Aplauso &#8211; Letras E Artes Atlas Do Desenvolvimento Humano No Brasil Blucher Open Access Ci\u00eancias M\u00e9dica Doabooks &#8211; Multidisciplinar Dom\u00ednio P\u00fablico &#8211; Multidisciplinar Editora Da Unesp &#8211; Multidisciplinar Geometria Anal\u00edtica Hist\u00f3ria Geral Da \u00c1frica Index Psi Livros- Psicologia Labcom &#8211; Universidade Da Beira Interior (Portugal) Oapen Library Scielo [&hellip;]<\/p>\n","protected":false},"author":1,"featured_media":0,"parent":0,"menu_order":0,"comment_status":"closed","ping_status":"closed","template":"","meta":{"site-sidebar-layout":"no-sidebar","site-content-layout":"page-builder","ast-site-content-layout":"full-width-container","site-content-style":"default","site-sidebar-style":"default","ast-global-header-display":"","ast-banner-title-visibility":"","ast-main-header-display":"","ast-hfb-above-header-display":"","ast-hfb-below-header-display":"","ast-hfb-mobile-header-display":"","site-post-title":"disabled","ast-breadcrumbs-content":"","ast-featured-img":"disabled","footer-sml-layout":"","ast-disable-related-posts":"","theme-transparent-header-meta":"","adv-header-id-meta":"","stick-header-meta":"","header-above-stick-meta":"","header-main-stick-meta":"","header-below-stick-meta":"","astra-migrate-meta-layouts":"set","ast-page-background-enabled":"default","ast-page-background-meta":{"desktop":{"background-color":"","background-image":"","background-repeat":"repeat","background-position":"center center","background-size":"auto","background-attachment":"scroll","background-type":"","background-media":"","overlay-type":"","overlay-color":"","overlay-opacity":"","overlay-gradient":""},"tablet":{"background-color":"","background-image":"","background-repeat":"repeat","background-position":"center center","background-size":"auto","background-attachment":"scroll","background-type":"","background-media":"","overlay-type":"","overlay-color":"","overlay-opacity":"","overlay-gradient":""},"mobile":{"background-color":"","background-image":"","background-repeat":"repeat","background-position":"center center","background-size":"auto","background-attachment":"scroll","background-type":"","background-media":"","overlay-type":"","overlay-color":"","overlay-opacity":"","overlay-gradient":""}},"ast-content-background-meta":{"desktop":{"background-color":"var(--ast-global-color-5)","background-image":"","background-repeat":"repeat","background-position":"center center","background-size":"auto","background-attachment":"scroll","background-type":"","background-media":"","overlay-type":"","overlay-color":"","overlay-opacity":"","overlay-gradient":""},"tablet":{"background-color":"var(--ast-global-color-5)","background-image":"","background-repeat":"repeat","background-position":"center center","background-size":"auto","background-attachment":"scroll","background-type":"","background-media":"","overlay-type":"","overlay-color":"","overlay-opacity":"","overlay-gradient":""},"mobile":{"background-color":"var(--ast-global-color-5)","background-image":"","background-repeat":"repeat","background-position":"center center","background-size":"auto","background-attachment":"scroll","background-type":"","background-media":"","overlay-type":"","overlay-color":"","overlay-opacity":"","overlay-gradient":""}},"footnotes":""},"class_list":["post-6799","page","type-page","status-publish","hentry"],"_links":{"self":[{"href":"https:\/\/uit.br\/site\/wp-json\/wp\/v2\/pages\/6799","targetHints":{"allow":["GET"]}}],"collection":[{"href":"https:\/\/uit.br\/site\/wp-json\/wp\/v2\/pages"}],"about":[{"href":"https:\/\/uit.br\/site\/wp-json\/wp\/v2\/types\/page"}],"author":[{"embeddable":true,"href":"https:\/\/uit.br\/site\/wp-json\/wp\/v2\/users\/1"}],"replies":[{"embeddable":true,"href":"https:\/\/uit.br\/site\/wp-json\/wp\/v2\/comments?post=6799"}],"version-history":[{"count":21,"href":"https:\/\/uit.br\/site\/wp-json\/wp\/v2\/pages\/6799\/revisions"}],"predecessor-version":[{"id":8605,"href":"https:\/\/uit.br\/site\/wp-json\/wp\/v2\/pages\/6799\/revisions\/8605"}],"wp:attachment":[{"href":"https:\/\/uit.br\/site\/wp-json\/wp\/v2\/media?parent=6799"}],"curies":[{"name":"wp","href":"https:\/\/api.w.org\/{rel}","templated":true}]}}