{"id":5381,"date":"2023-02-16T16:10:26","date_gmt":"2023-02-16T19:10:26","guid":{"rendered":"https:\/\/site.uit.br\/?page_id=5381"},"modified":"2024-03-07T10:22:36","modified_gmt":"2024-03-07T13:22:36","slug":"direito-digital-e-lgpd","status":"publish","type":"page","link":"https:\/\/uit.br\/site\/direito-digital-e-lgpd\/","title":{"rendered":"DIREITO DIGITAL E LGPD"},"content":{"rendered":"\t\t<div data-elementor-type=\"wp-page\" data-elementor-id=\"5381\" class=\"elementor elementor-5381\" data-elementor-post-type=\"page\">\n\t\t\t\t\t\t<section class=\"elementor-section elementor-top-section elementor-element elementor-element-e518e5b elementor-section-boxed elementor-section-height-default elementor-section-height-default\" data-id=\"e518e5b\" data-element_type=\"section\" data-e-type=\"section\">\n\t\t\t\t\t\t<div class=\"elementor-container elementor-column-gap-default\">\n\t\t\t\t\t<div class=\"elementor-column elementor-col-33 elementor-top-column elementor-element elementor-element-c92083f elementor-invisible\" data-id=\"c92083f\" data-element_type=\"column\" data-e-type=\"column\" data-settings=\"{&quot;animation&quot;:&quot;slideInLeft&quot;}\">\n\t\t\t<div class=\"elementor-widget-wrap elementor-element-populated\">\n\t\t\t\t\t\t<div class=\"elementor-element elementor-element-a922513 elementor-widget elementor-widget-image\" data-id=\"a922513\" data-element_type=\"widget\" data-e-type=\"widget\" data-widget_type=\"image.default\">\n\t\t\t\t<div class=\"elementor-widget-container\">\n\t\t\t\t\t\t\t\t\t\t\t\t\t\t\t<img fetchpriority=\"high\" decoding=\"async\" width=\"432\" height=\"1024\" src=\"https:\/\/uit.br\/site\/wp-content\/uploads\/2023\/02\/direito-digital-432x1024.png\" class=\"attachment-large size-large wp-image-5384\" alt=\"\" srcset=\"https:\/\/uit.br\/site\/wp-content\/uploads\/2023\/02\/direito-digital-432x1024.png 432w, https:\/\/uit.br\/site\/wp-content\/uploads\/2023\/02\/direito-digital-127x300.png 127w, https:\/\/uit.br\/site\/wp-content\/uploads\/2023\/02\/direito-digital.png 601w\" sizes=\"(max-width: 432px) 100vw, 432px\" \/>\t\t\t\t\t\t\t\t\t\t\t\t\t\t\t<\/div>\n\t\t\t\t<\/div>\n\t\t\t\t\t<\/div>\n\t\t<\/div>\n\t\t\t\t<div class=\"elementor-column elementor-col-66 elementor-top-column elementor-element elementor-element-d9b91d6 elementor-invisible\" data-id=\"d9b91d6\" data-element_type=\"column\" data-e-type=\"column\" data-settings=\"{&quot;animation&quot;:&quot;slideInRight&quot;}\">\n\t\t\t<div class=\"elementor-widget-wrap elementor-element-populated\">\n\t\t\t\t\t\t<div class=\"elementor-element elementor-element-d5a96dc elementor-widget elementor-widget-heading\" data-id=\"d5a96dc\" data-element_type=\"widget\" data-e-type=\"widget\" data-widget_type=\"heading.default\">\n\t\t\t\t<div class=\"elementor-widget-container\">\n\t\t\t\t\t<h2 class=\"elementor-heading-title elementor-size-default\">Direito Digital e LGPD<\/h2>\t\t\t\t<\/div>\n\t\t\t\t<\/div>\n\t\t\t\t<div class=\"elementor-element elementor-element-a92f942 elementor-widget elementor-widget-text-editor\" data-id=\"a92f942\" data-element_type=\"widget\" data-e-type=\"widget\" data-widget_type=\"text-editor.default\">\n\t\t\t\t<div class=\"elementor-widget-container\">\n\t\t\t\t\t\t\t\t\t<p>A atua\u00e7\u00e3o digital \u00e9 uma realidade presente e exigida no mundo jur\u00eddico e no Poder Judici\u00e1rio, com novo aparato legal e regulat\u00f3rio existente, al\u00e9m do Direito Digital, a Lei Geral de Prote\u00e7\u00e3o de Dados (LGPD) \u00e9 compuls\u00f3ria para todas as empresas, nos mais diversos segmentos. A Universidade de Ita\u00fana traz uma P\u00f3s-gradua\u00e7\u00e3o para habilitar a atua\u00e7\u00e3o do profissional jur\u00eddico nessa \u00e1rea, de maneira pr\u00e1tica, com profissionais renomados e experientes, proporcionando uma atua\u00e7\u00e3o segura e eficiente. Os temas de prote\u00e7\u00e3o de dados e privacidade est\u00e3o no cotidiano do profissional de Direito, requerendo uma forma\u00e7\u00e3o espec\u00edfica e direcionada, e esta \u00e9 uma oportunidade imperd\u00edvel para os que querem atuar na \u00e1rea e fazer a diferen\u00e7a.<\/p><p><strong>Um curso essencial para quem atuar\u00e1 com LGPD, a Lei Geral de Prote\u00e7\u00e3o de Dados, que revolucionar\u00e1 o mercado jur\u00eddico brasileiro. J\u00e1 exigida e com alt\u00edssimas puni\u00e7\u00f5es, a LGPD traz um novo panorama, que requer a atua\u00e7\u00e3o conjunta de advogados e implementadores em empresas de todos os ramos. Esse curso de P\u00f3s tem uma aplica\u00e7\u00e3o pr\u00e1tica, com professores atuantes e renomados, que capacitar\u00e3o profissionais para trabalharem com um novo segmento do Direito.<\/strong><\/p><p>Disciplinas especiais: Direito Digital; Transforma\u00e7\u00e3o digital, nova economia e plataformas digitais; Tecnologias digitais na contemporaneidade: intelig\u00eancia artificial, fake News, democracia e deep web, LGPD, Agentes de tratamento, responsabilidade civil e ressarcimento de danos, Encarregado pelo tratamento de dados pessoais, entre outras.<\/p><p>Professores convidados: Profa. Ms. Valqu\u00edria Souza; Prof. Dr. Clenderson Cruz, Prof. Dr. J\u00falio Ba\u00eda, entre outros.<\/p><p>&#8211; Informa\u00e7\u00f5es gerais:<\/p><p>CURSO PRESENCIAL, com muita pr\u00e1tica e professores nacionalmente reconhecidos.<\/p><p>Aulas aos s\u00e1bados, quinzenais, na Universidade de Ita\u00fana\/MG.<\/p><p>Carga hor\u00e1ria 360 horas<\/p><p>&#8211; Inscri\u00e7\u00f5es abertas <a href=\"https:\/\/academico.uit.br\/selecao\"><strong>CLIQUE AQUI<\/strong><\/a><\/p><p>&#8211; In\u00edcio das aulas: maio\/2023<\/p><p>&#8211; Valor<\/p><p>Para matr\u00edculas at\u00e9 20\/04\/2023, ex-alunos da Universidade de Ita\u00fana por apenas 24 x R$299,00* e formados em outras institui\u00e7\u00f5es por 24 x R$349,00*<\/p><p>A partir dessa data 24 x R$453,00, com inscri\u00e7\u00f5es at\u00e9 03\/05\/2023.<\/p><p>*Consulte condi\u00e7\u00f5es. Descontos de at\u00e9 34% para egressos e outras institui\u00e7\u00f5es 23%, aplicados sobre o valor de 24 x R$453,00.<\/p><p>&#8211; Contato: (37) 3249-3000, Rose.<\/p>\t\t\t\t\t\t\t\t<\/div>\n\t\t\t\t<\/div>\n\t\t\t\t\t<\/div>\n\t\t<\/div>\n\t\t\t\t\t<\/div>\n\t\t<\/section>\n\t\t\t\t<\/div>\n\t\t","protected":false},"excerpt":{"rendered":"<p>Direito Digital e LGPD A atua\u00e7\u00e3o digital \u00e9 uma realidade presente e exigida no mundo jur\u00eddico e no Poder Judici\u00e1rio, com novo aparato legal e regulat\u00f3rio existente, al\u00e9m do Direito Digital, a Lei Geral de Prote\u00e7\u00e3o de Dados (LGPD) \u00e9 compuls\u00f3ria para todas as empresas, nos mais diversos segmentos. A Universidade de Ita\u00fana traz uma [&hellip;]<\/p>\n","protected":false},"author":1,"featured_media":0,"parent":0,"menu_order":0,"comment_status":"closed","ping_status":"closed","template":"elementor_header_footer","meta":{"site-sidebar-layout":"no-sidebar","site-content-layout":"page-builder","ast-site-content-layout":"default","site-content-style":"default","site-sidebar-style":"default","ast-global-header-display":"","ast-banner-title-visibility":"","ast-main-header-display":"","ast-hfb-above-header-display":"","ast-hfb-below-header-display":"","ast-hfb-mobile-header-display":"","site-post-title":"disabled","ast-breadcrumbs-content":"","ast-featured-img":"disabled","footer-sml-layout":"","ast-disable-related-posts":"","theme-transparent-header-meta":"","adv-header-id-meta":"","stick-header-meta":"","header-above-stick-meta":"","header-main-stick-meta":"","header-below-stick-meta":"","astra-migrate-meta-layouts":"default","ast-page-background-enabled":"default","ast-page-background-meta":{"desktop":{"background-color":"","background-image":"","background-repeat":"repeat","background-position":"center center","background-size":"auto","background-attachment":"scroll","background-type":"","background-media":"","overlay-type":"","overlay-color":"","overlay-opacity":"","overlay-gradient":""},"tablet":{"background-color":"","background-image":"","background-repeat":"repeat","background-position":"center center","background-size":"auto","background-attachment":"scroll","background-type":"","background-media":"","overlay-type":"","overlay-color":"","overlay-opacity":"","overlay-gradient":""},"mobile":{"background-color":"","background-image":"","background-repeat":"repeat","background-position":"center center","background-size":"auto","background-attachment":"scroll","background-type":"","background-media":"","overlay-type":"","overlay-color":"","overlay-opacity":"","overlay-gradient":""}},"ast-content-background-meta":{"desktop":{"background-color":"var(--ast-global-color-5)","background-image":"","background-repeat":"repeat","background-position":"center center","background-size":"auto","background-attachment":"scroll","background-type":"","background-media":"","overlay-type":"","overlay-color":"","overlay-opacity":"","overlay-gradient":""},"tablet":{"background-color":"var(--ast-global-color-5)","background-image":"","background-repeat":"repeat","background-position":"center center","background-size":"auto","background-attachment":"scroll","background-type":"","background-media":"","overlay-type":"","overlay-color":"","overlay-opacity":"","overlay-gradient":""},"mobile":{"background-color":"var(--ast-global-color-5)","background-image":"","background-repeat":"repeat","background-position":"center center","background-size":"auto","background-attachment":"scroll","background-type":"","background-media":"","overlay-type":"","overlay-color":"","overlay-opacity":"","overlay-gradient":""}},"footnotes":""},"class_list":["post-5381","page","type-page","status-publish","hentry"],"_links":{"self":[{"href":"https:\/\/uit.br\/site\/wp-json\/wp\/v2\/pages\/5381","targetHints":{"allow":["GET"]}}],"collection":[{"href":"https:\/\/uit.br\/site\/wp-json\/wp\/v2\/pages"}],"about":[{"href":"https:\/\/uit.br\/site\/wp-json\/wp\/v2\/types\/page"}],"author":[{"embeddable":true,"href":"https:\/\/uit.br\/site\/wp-json\/wp\/v2\/users\/1"}],"replies":[{"embeddable":true,"href":"https:\/\/uit.br\/site\/wp-json\/wp\/v2\/comments?post=5381"}],"version-history":[{"count":0,"href":"https:\/\/uit.br\/site\/wp-json\/wp\/v2\/pages\/5381\/revisions"}],"wp:attachment":[{"href":"https:\/\/uit.br\/site\/wp-json\/wp\/v2\/media?parent=5381"}],"curies":[{"name":"wp","href":"https:\/\/api.w.org\/{rel}","templated":true}]}}

<div data-elementor-type="wp-page" data-elementor-id="5381" class="elementor elementor-5381" data-elementor-post-type="page">
						<section class="elementor-section elementor-top-section elementor-element elementor-element-e518e5b elementor-section-boxed elementor-section-height-default elementor-section-height-default" data-id="e518e5b" data-element_type="section" data-e-type="section">
						<div class="elementor-container elementor-column-gap-default">
					<div class="elementor-column elementor-col-33 elementor-top-column elementor-element elementor-element-c92083f elementor-invisible" data-id="c92083f" data-element_type="column" data-e-type="column" data-settings="{&quot;animation&quot;:&quot;slideInLeft&quot;}">
			<div class="elementor-widget-wrap elementor-element-populated">
						<div class="elementor-element elementor-element-a922513 elementor-widget elementor-widget-image" data-id="a922513" data-element_type="widget" data-e-type="widget" data-widget_type="image.default">
				<div class="elementor-widget-container">
															<img fetchpriority="high" decoding="async" width="432" height="1024" src="https://uit.br/site/wp-content/uploads/2023/02/direito-digital-432x1024.png" class="attachment-large size-large wp-image-5384" alt="" srcset="https://uit.br/site/wp-content/uploads/2023/02/direito-digital-432x1024.png 432w, https://uit.br/site/wp-content/uploads/2023/02/direito-digital-127x300.png 127w, https://uit.br/site/wp-content/uploads/2023/02/direito-digital.png 601w" sizes="(max-width: 432px) 100vw, 432px" />															</div>
				</div>
					</div>
		</div>
				<div class="elementor-column elementor-col-66 elementor-top-column elementor-element elementor-element-d9b91d6 elementor-invisible" data-id="d9b91d6" data-element_type="column" data-e-type="column" data-settings="{&quot;animation&quot;:&quot;slideInRight&quot;}">
			<div class="elementor-widget-wrap elementor-element-populated">
						<div class="elementor-element elementor-element-d5a96dc elementor-widget elementor-widget-heading" data-id="d5a96dc" data-element_type="widget" data-e-type="widget" data-widget_type="heading.default">
				<div class="elementor-widget-container">
					<h2 class="elementor-heading-title elementor-size-default">Direito Digital e LGPD</h2>				</div>
				</div>
				<div class="elementor-element elementor-element-a92f942 elementor-widget elementor-widget-text-editor" data-id="a92f942" data-element_type="widget" data-e-type="widget" data-widget_type="text-editor.default">
				<div class="elementor-widget-container">
									<p>A atuação digital é uma realidade presente e exigida no mundo jurídico e no Poder Judiciário, com novo aparato legal e regulatório existente, além do Direito Digital, a Lei Geral de Proteção de Dados (LGPD) é compulsória para todas as empresas, nos mais diversos segmentos. A Universidade de Itaúna traz uma Pós-graduação para habilitar a atuação do profissional jurídico nessa área, de maneira prática, com profissionais renomados e experientes, proporcionando uma atuação segura e eficiente. Os temas de proteção de dados e privacidade estão no cotidiano do profissional de Direito, requerendo uma formação específica e direcionada, e esta é uma oportunidade imperdível para os que querem atuar na área e fazer a diferença.</p><p><strong>Um curso essencial para quem atuará com LGPD, a Lei Geral de Proteção de Dados, que revolucionará o mercado jurídico brasileiro. Já exigida e com altíssimas punições, a LGPD traz um novo panorama, que requer a atuação conjunta de advogados e implementadores em empresas de todos os ramos. Esse curso de Pós tem uma aplicação prática, com professores atuantes e renomados, que capacitarão profissionais para trabalharem com um novo segmento do Direito.</strong></p><p>Disciplinas especiais: Direito Digital; Transformação digital, nova economia e plataformas digitais; Tecnologias digitais na contemporaneidade: inteligência artificial, fake News, democracia e deep web, LGPD, Agentes de tratamento, responsabilidade civil e ressarcimento de danos, Encarregado pelo tratamento de dados pessoais, entre outras.</p><p>Professores convidados: Profa. Ms. Valquíria Souza; Prof. Dr. Clenderson Cruz, Prof. Dr. Júlio Baía, entre outros.</p><p>&#8211; Informações gerais:</p><p>CURSO PRESENCIAL, com muita prática e professores nacionalmente reconhecidos.</p><p>Aulas aos sábados, quinzenais, na Universidade de Itaúna/MG.</p><p>Carga horária 360 horas</p><p>&#8211; Inscrições abertas <a href="https://academico.uit.br/selecao"><strong>CLIQUE AQUI</strong></a></p><p>&#8211; Início das aulas: maio/2023</p><p>&#8211; Valor</p><p>Para matrículas até 20/04/2023, ex-alunos da Universidade de Itaúna por apenas 24 x R$299,00* e formados em outras instituições por 24 x R$349,00*</p><p>A partir dessa data 24 x R$453,00, com inscrições até 03/05/2023.</p><p>*Consulte condições. Descontos de até 34% para egressos e outras instituições 23%, aplicados sobre o valor de 24 x R$453,00.</p><p>&#8211; Contato: (37) 3249-3000, Rose.</p>								</div>
				</div>
					</div>
		</div>
					</div>
		</section>
				</div>

<p>Direito Digital e LGPD A atuação digital é uma realidade presente e exigida no mundo jurídico e no Poder Judiciário, com novo aparato legal e regulatório existente, além do Direito Digital, a Lei Geral de Proteção de Dados (LGPD) é compulsória para todas as empresas, nos mais diversos segmentos. A Universidade de Itaúna traz uma [&hellip;]</p>
