{"id":5252,"date":"2023-02-14T13:40:23","date_gmt":"2023-02-14T16:40:23","guid":{"rendered":"https:\/\/site.uit.br\/?page_id=5252"},"modified":"2023-02-15T09:11:24","modified_gmt":"2023-02-15T12:11:24","slug":"revista-expediente","status":"publish","type":"page","link":"https:\/\/uit.br\/site\/revista-expediente\/","title":{"rendered":"Revista Expediente"},"content":{"rendered":"\t\t<div data-elementor-type=\"wp-page\" data-elementor-id=\"5252\" class=\"elementor elementor-5252\" data-elementor-post-type=\"page\">\n\t\t\t\t\t\t<section class=\"elementor-section elementor-top-section elementor-element elementor-element-53f0c57 elementor-section-boxed elementor-section-height-default elementor-section-height-default\" data-id=\"53f0c57\" data-element_type=\"section\" data-e-type=\"section\">\n\t\t\t\t\t\t<div class=\"elementor-container elementor-column-gap-default\">\n\t\t\t\t\t<div class=\"elementor-column elementor-col-100 elementor-top-column elementor-element elementor-element-e802631\" data-id=\"e802631\" data-element_type=\"column\" data-e-type=\"column\">\n\t\t\t<div class=\"elementor-widget-wrap elementor-element-populated\">\n\t\t\t\t\t\t<div class=\"elementor-element elementor-element-cea084d elementor-widget elementor-widget-heading\" data-id=\"cea084d\" data-element_type=\"widget\" data-e-type=\"widget\" data-widget_type=\"heading.default\">\n\t\t\t\t<div class=\"elementor-widget-container\">\n\t\t\t\t\t<h1 class=\"elementor-heading-title elementor-size-default\">Revista Eud\u00f3xia - Journal of Law <p>Curso de Direito da Universidade de Ita\u00fana<\/p><\/h1>\t\t\t\t<\/div>\n\t\t\t\t<\/div>\n\t\t\t\t\t<\/div>\n\t\t<\/div>\n\t\t\t\t\t<\/div>\n\t\t<\/section>\n\t\t\t\t<section class=\"elementor-section elementor-top-section elementor-element elementor-element-840d79f elementor-section-boxed elementor-section-height-default elementor-section-height-default\" data-id=\"840d79f\" data-element_type=\"section\" data-e-type=\"section\">\n\t\t\t\t\t\t<div class=\"elementor-container elementor-column-gap-default\">\n\t\t\t\t\t<div class=\"elementor-column elementor-col-33 elementor-top-column elementor-element elementor-element-1c737ed elementor-invisible\" data-id=\"1c737ed\" data-element_type=\"column\" data-e-type=\"column\" data-settings=\"{&quot;animation&quot;:&quot;slideInLeft&quot;}\">\n\t\t\t<div class=\"elementor-widget-wrap elementor-element-populated\">\n\t\t\t\t\t\t<div class=\"elementor-element elementor-element-96f7650 elementor-widget elementor-widget-button\" data-id=\"96f7650\" data-element_type=\"widget\" data-e-type=\"widget\" data-widget_type=\"button.default\">\n\t\t\t\t<div class=\"elementor-widget-container\">\n\t\t\t\t\t\t\t\t\t<div class=\"elementor-button-wrapper\">\n\t\t\t\t\t<a class=\"elementor-button elementor-button-link elementor-size-sm\" href=\"https:\/\/uit.br\/site\/revista\/\">\n\t\t\t\t\t\t<span class=\"elementor-button-content-wrapper\">\n\t\t\t\t\t\t\t\t\t<span class=\"elementor-button-text\">Apresenta\u00e7\u00e3o<\/span>\n\t\t\t\t\t<\/span>\n\t\t\t\t\t<\/a>\n\t\t\t\t<\/div>\n\t\t\t\t\t\t\t\t<\/div>\n\t\t\t\t<\/div>\n\t\t\t\t<div class=\"elementor-element elementor-element-699537c elementor-widget elementor-widget-button\" data-id=\"699537c\" data-element_type=\"widget\" data-e-type=\"widget\" data-widget_type=\"button.default\">\n\t\t\t\t<div class=\"elementor-widget-container\">\n\t\t\t\t\t\t\t\t\t<div class=\"elementor-button-wrapper\">\n\t\t\t\t\t<a class=\"elementor-button elementor-button-link elementor-size-sm\" href=\"https:\/\/uit.br\/site\/resvista-formato-e-normas\/\">\n\t\t\t\t\t\t<span class=\"elementor-button-content-wrapper\">\n\t\t\t\t\t\t\t\t\t<span class=\"elementor-button-text\">Formato e Normas Editoriais<\/span>\n\t\t\t\t\t<\/span>\n\t\t\t\t\t<\/a>\n\t\t\t\t<\/div>\n\t\t\t\t\t\t\t\t<\/div>\n\t\t\t\t<\/div>\n\t\t\t\t<div class=\"elementor-element elementor-element-54bb262 elementor-widget elementor-widget-button\" data-id=\"54bb262\" data-element_type=\"widget\" data-e-type=\"widget\" data-widget_type=\"button.default\">\n\t\t\t\t<div class=\"elementor-widget-container\">\n\t\t\t\t\t\t\t\t\t<div class=\"elementor-button-wrapper\">\n\t\t\t\t\t<a class=\"elementor-button elementor-button-link elementor-size-sm\" href=\"https:\/\/uit.br\/site\/revista-expediente\/\">\n\t\t\t\t\t\t<span class=\"elementor-button-content-wrapper\">\n\t\t\t\t\t\t\t\t\t<span class=\"elementor-button-text\">Expediente<\/span>\n\t\t\t\t\t<\/span>\n\t\t\t\t\t<\/a>\n\t\t\t\t<\/div>\n\t\t\t\t\t\t\t\t<\/div>\n\t\t\t\t<\/div>\n\t\t\t\t<div class=\"elementor-element elementor-element-0df2497 elementor-widget elementor-widget-button\" data-id=\"0df2497\" data-element_type=\"widget\" data-e-type=\"widget\" data-widget_type=\"button.default\">\n\t\t\t\t<div class=\"elementor-widget-container\">\n\t\t\t\t\t\t\t\t\t<div class=\"elementor-button-wrapper\">\n\t\t\t\t\t<a class=\"elementor-button elementor-button-link elementor-size-sm\" href=\"https:\/\/uit.br\/site\/revista-endereco-de-contato\/\">\n\t\t\t\t\t\t<span class=\"elementor-button-content-wrapper\">\n\t\t\t\t\t\t\t\t\t<span class=\"elementor-button-text\">Endere\u00e7o de contato<\/span>\n\t\t\t\t\t<\/span>\n\t\t\t\t\t<\/a>\n\t\t\t\t<\/div>\n\t\t\t\t\t\t\t\t<\/div>\n\t\t\t\t<\/div>\n\t\t\t\t<div class=\"elementor-element elementor-element-c4e05eb elementor-widget elementor-widget-button\" data-id=\"c4e05eb\" data-element_type=\"widget\" data-e-type=\"widget\" data-widget_type=\"button.default\">\n\t\t\t\t<div class=\"elementor-widget-container\">\n\t\t\t\t\t\t\t\t\t<div class=\"elementor-button-wrapper\">\n\t\t\t\t\t<a class=\"elementor-button elementor-button-link elementor-size-sm\" href=\"https:\/\/uit.br\/site\/revista-edicao-atual\/\">\n\t\t\t\t\t\t<span class=\"elementor-button-content-wrapper\">\n\t\t\t\t\t\t\t\t\t<span class=\"elementor-button-text\">Edi\u00e7\u00e3o atual<\/span>\n\t\t\t\t\t<\/span>\n\t\t\t\t\t<\/a>\n\t\t\t\t<\/div>\n\t\t\t\t\t\t\t\t<\/div>\n\t\t\t\t<\/div>\n\t\t\t\t<div class=\"elementor-element elementor-element-3cc2ff9 elementor-widget elementor-widget-button\" data-id=\"3cc2ff9\" data-element_type=\"widget\" data-e-type=\"widget\" data-widget_type=\"button.default\">\n\t\t\t\t<div class=\"elementor-widget-container\">\n\t\t\t\t\t\t\t\t\t<div class=\"elementor-button-wrapper\">\n\t\t\t\t\t<a class=\"elementor-button elementor-button-link elementor-size-sm\" href=\"https:\/\/uit.br\/site\/revista-edicoes-anteriores\/\">\n\t\t\t\t\t\t<span class=\"elementor-button-content-wrapper\">\n\t\t\t\t\t\t\t\t\t<span class=\"elementor-button-text\">Edi\u00e7\u00f5es anteriores<\/span>\n\t\t\t\t\t<\/span>\n\t\t\t\t\t<\/a>\n\t\t\t\t<\/div>\n\t\t\t\t\t\t\t\t<\/div>\n\t\t\t\t<\/div>\n\t\t\t\t\t<\/div>\n\t\t<\/div>\n\t\t\t\t<div class=\"elementor-column elementor-col-66 elementor-top-column elementor-element elementor-element-89cb420\" data-id=\"89cb420\" data-element_type=\"column\" data-e-type=\"column\">\n\t\t\t<div class=\"elementor-widget-wrap elementor-element-populated\">\n\t\t\t\t\t\t<div class=\"elementor-element elementor-element-6e1fd65 elementor-widget elementor-widget-heading\" data-id=\"6e1fd65\" data-element_type=\"widget\" data-e-type=\"widget\" data-widget_type=\"heading.default\">\n\t\t\t\t<div class=\"elementor-widget-container\">\n\t\t\t\t\t<h2 class=\"elementor-heading-title elementor-size-default\">EXPEDIENTE<\/h2>\t\t\t\t<\/div>\n\t\t\t\t<\/div>\n\t\t\t\t<div class=\"elementor-element elementor-element-e893cc4 elementor-widget elementor-widget-text-editor\" data-id=\"e893cc4\" data-element_type=\"widget\" data-e-type=\"widget\" data-widget_type=\"text-editor.default\">\n\t\t\t\t<div class=\"elementor-widget-container\">\n\t\t\t\t\t\t\t\t\t<p><strong>REVISTA JUR\u00cdDICA EUD\u00d3XIA &#8211; EUD\u00d3XIA JOURNAL OF LAW<\/strong><br \/>Ita\u00fana \u2013 Minas Gerais \u2013 Brasil<br \/>Publica\u00e7\u00e3o semestral<br \/>Ano I, N\u00famero 1 \u2013 ago.-dez. 2022<\/p><p><strong>Universidade de Ita\u00fana<\/strong> <br \/>Rodovia MG 431 Km 45, s\/n, MG, 35680-142<strong>\u00a0<\/strong><\/p><p><strong>EDITORES<\/strong><\/p><p>Prof. Dr. Fai\u00e7al David Freire Chequer, UIT, Ita\u00fana-MG, Brasil.<br \/>Prof.\u00aa Me. L\u00edlian N\u00e1ssara Miranda Chequer Bueno, UIT, Ita\u00fana-MG, Brasil.<\/p><p><strong>EDITOR ADJUNTO<\/strong><\/p><p>Prof. Dr. Deilton Ribeiro Brasil, UIT, Ita\u00fana-MG, Brasil.<\/p><p><strong>CONSELHO EDITORIAL<\/strong><\/p><p>Prof. Dr. Alex Mung\u00eda Salazar, Benem\u00e9rita Universidad Autonoma de Puebla, M\u00e9xico.<br \/>Prof. Dr. Alex Iv\u00e1n Valle Franco, Instituto de Altos Estudios Nacionales, Quito, Equador.<br \/>Prof. Dr. Alfonso Jaime Martinez-Lazcano, Universidad de Chiapas, M\u00e9xico.<br \/>Prof.\u00aa Dr\u00aa Ana Alice de Carli, UFF, Volta Redonda-RJ, Brasil<br \/>Prof.\u00aa Dr\u00aa Cleide Calgaro, UCS, Caxias do Sul-RS, Brasil.<br \/>Prof.\u00aa Dr\u00aa Elena Evgenyevna Gulyaeva, Diplomatic Academy of the Russian Ministry of Foreign Affairs, R\u00fassia.<br \/>Prof.\u00aa Dr\u00aa Elena Tilovska-Kechedji, St. Kliment Ohridski, Macedonia do Norte.<br \/>Prof. Dr. Erivaldo Cavalcanti e Silva Filho, UEA\/UFAM, Manaus-AM, Brasil.<br \/>Prof. Dr. Faiz Ayat Ansari, Gokul Global University, Siddhpur, India.<br \/>Prof.\u00aa Dr.\u00aa Fl\u00e1via Piva Leite, UNESP, Bauru-SP, Brasil.<br \/>Prof.\u00aa Dr.\u00aa Haide Maria Hupffer, Universidade Feevale, Novo Hamburgo-RS, Brasil.<br \/>Prof. Dr. Jorge Isaac Torres Manrique, Escuela Interdisciplinar de Derechos Fundamentales, Lima, Peru.<br \/>Prof. Dr. Manuel A. Berm\u00fadez-Tapia, Universidad Nacional Mayor de San Marcos, Lima, Per\u00fa.<br \/>Prof.\u00aa Dr.\u00aa Mari\u00e2ngela Guerreiro Milhoranza da Rocha, Jo\u00e3o Paulo II, Porto Alegre-RS, Brasil.<br \/>Prof.\u00aa Dr.\u00aa Mar\u00eda Micaela Alarc\u00f3n Gambarte (Docente e Investigadora de la Vicepresidencia del Estado Plurinacional de Bolivia), La Paz, Bol\u00edvia.<br \/>Prof. Dr. Marcus Firmino Santiago da Silva, Instituto Brasileiro de Ensino, Desenvolvimento e Pesquisa, Bras\u00edlia, Brasil.<br \/>Prof.\u00aa Dr.\u00aa Ranjana Ferrao, V. M. Salgaocar College of Law, Miramar-Panaji-Goa, India.<br \/>Prof. Dr. Rub\u00e9n Miranda Gon\u00e7alves, Universidad de Las Palmas de Gran Canaria, ULPGC, Espanha.<\/p><p><strong>CORPO DE PARECERISTAS\u00a0 <\/strong><\/p><p>Prof. Dr. Arnaldo de Souza Ribeiro, UIT, Ita\u00fana-MG, Brasil. <br \/>Prof.\u00aa Dr.\u00aa C\u00edntia Garabini Lages, UIT-MG, Ita\u00fana, Brasil<br \/>Prof. Dr. Eloy Pereira Lemos J\u00fanior, UIT, Ita\u00fana-MG, Brasil. <br \/>Prof. Dr. Fabr\u00edcio Veiga Costa, UIT, Ita\u00fana-MG, Brasil.<br \/>Prof. Me. Giovanni Vinicius Caetano e Silva, UIT, Ita\u00fana-MG, Brasil.<br \/>Prof.\u00aa Dr.\u00aa Graciane Rafisa Saliba, UIT, Ita\u00fana-MG, Brasil.<br \/>Prof. Dr. Jose Emilio Medauar Ommati, UIT, Ita\u00fana-MG, Brasil. <br \/>Prof.\u00aa Dr.\u00aa Luana Pedrosa de Figueiredo Cruz, UIT, Ita\u00fana-MG, Brasil.<br \/>Prof. Dr. Luiz Manoel Gomes J\u00fanior, UIT, Ita\u00fana-MG, Brasil.<br \/>Prof. Dr. M\u00e1rcio Eduardo Senra Nogueira Pedrosa Morais, UIT, Ita\u00fana, Brasil.<br \/>Prof.\u00aa Dr.\u00aa Miracy Barbosa de Sousa Gustin, UIT, Ita\u00fana-MG, Brasil.<br \/>Prof. Dr. Milton Vasques Thibau de Almeida, UIT, Ita\u00fana-MG, Brasil.<br \/>Prof. Dr. Ralph Batista de Maulaz, UIT, Ita\u00fana-MG, Brasil<br \/>Prof.\u00aa Dr.\u00aa Renata Mantovani de Lima, UIT, Ita\u00fana-MG, Brasil.<br \/>Prof.\u00aa Dr.\u00aa Suzana Oliveira Marques Br\u00eatas, UIT, Ita\u00fana-MG, Brasil.<br \/>Prof. Dr. Wiliander Fran\u00e7a Salom\u00e3o, UIT, Ita\u00fana-MG, Brasil.<\/p>\t\t\t\t\t\t\t\t<\/div>\n\t\t\t\t<\/div>\n\t\t\t\t\t<\/div>\n\t\t<\/div>\n\t\t\t\t\t<\/div>\n\t\t<\/section>\n\t\t\t\t<\/div>\n\t\t","protected":false},"excerpt":{"rendered":"<p>Revista Eud\u00f3xia &#8211; Journal of Law Curso de Direito da Universidade de Ita\u00fana Apresenta\u00e7\u00e3o Formato e Normas Editoriais Expediente Endere\u00e7o de contato Edi\u00e7\u00e3o atual Edi\u00e7\u00f5es anteriores EXPEDIENTE REVISTA JUR\u00cdDICA EUD\u00d3XIA &#8211; EUD\u00d3XIA JOURNAL OF LAWIta\u00fana \u2013 Minas Gerais \u2013 BrasilPublica\u00e7\u00e3o semestralAno I, N\u00famero 1 \u2013 ago.-dez. 2022 Universidade de Ita\u00fana Rodovia MG 431 Km 45, [&hellip;]<\/p>\n","protected":false},"author":1,"featured_media":0,"parent":0,"menu_order":0,"comment_status":"closed","ping_status":"closed","template":"elementor_header_footer","meta":{"site-sidebar-layout":"no-sidebar","site-content-layout":"page-builder","ast-site-content-layout":"default","site-content-style":"default","site-sidebar-style":"default","ast-global-header-display":"","ast-banner-title-visibility":"","ast-main-header-display":"","ast-hfb-above-header-display":"","ast-hfb-below-header-display":"","ast-hfb-mobile-header-display":"","site-post-title":"disabled","ast-breadcrumbs-content":"","ast-featured-img":"disabled","footer-sml-layout":"","ast-disable-related-posts":"","theme-transparent-header-meta":"","adv-header-id-meta":"","stick-header-meta":"","header-above-stick-meta":"","header-main-stick-meta":"","header-below-stick-meta":"","astra-migrate-meta-layouts":"default","ast-page-background-enabled":"default","ast-page-background-meta":{"desktop":{"background-color":"","background-image":"","background-repeat":"repeat","background-position":"center center","background-size":"auto","background-attachment":"scroll","background-type":"","background-media":"","overlay-type":"","overlay-color":"","overlay-opacity":"","overlay-gradient":""},"tablet":{"background-color":"","background-image":"","background-repeat":"repeat","background-position":"center center","background-size":"auto","background-attachment":"scroll","background-type":"","background-media":"","overlay-type":"","overlay-color":"","overlay-opacity":"","overlay-gradient":""},"mobile":{"background-color":"","background-image":"","background-repeat":"repeat","background-position":"center center","background-size":"auto","background-attachment":"scroll","background-type":"","background-media":"","overlay-type":"","overlay-color":"","overlay-opacity":"","overlay-gradient":""}},"ast-content-background-meta":{"desktop":{"background-color":"var(--ast-global-color-5)","background-image":"","background-repeat":"repeat","background-position":"center center","background-size":"auto","background-attachment":"scroll","background-type":"","background-media":"","overlay-type":"","overlay-color":"","overlay-opacity":"","overlay-gradient":""},"tablet":{"background-color":"var(--ast-global-color-5)","background-image":"","background-repeat":"repeat","background-position":"center center","background-size":"auto","background-attachment":"scroll","background-type":"","background-media":"","overlay-type":"","overlay-color":"","overlay-opacity":"","overlay-gradient":""},"mobile":{"background-color":"var(--ast-global-color-5)","background-image":"","background-repeat":"repeat","background-position":"center center","background-size":"auto","background-attachment":"scroll","background-type":"","background-media":"","overlay-type":"","overlay-color":"","overlay-opacity":"","overlay-gradient":""}},"footnotes":""},"class_list":["post-5252","page","type-page","status-publish","hentry"],"_links":{"self":[{"href":"https:\/\/uit.br\/site\/wp-json\/wp\/v2\/pages\/5252","targetHints":{"allow":["GET"]}}],"collection":[{"href":"https:\/\/uit.br\/site\/wp-json\/wp\/v2\/pages"}],"about":[{"href":"https:\/\/uit.br\/site\/wp-json\/wp\/v2\/types\/page"}],"author":[{"embeddable":true,"href":"https:\/\/uit.br\/site\/wp-json\/wp\/v2\/users\/1"}],"replies":[{"embeddable":true,"href":"https:\/\/uit.br\/site\/wp-json\/wp\/v2\/comments?post=5252"}],"version-history":[{"count":0,"href":"https:\/\/uit.br\/site\/wp-json\/wp\/v2\/pages\/5252\/revisions"}],"wp:attachment":[{"href":"https:\/\/uit.br\/site\/wp-json\/wp\/v2\/media?parent=5252"}],"curies":[{"name":"wp","href":"https:\/\/api.w.org\/{rel}","templated":true}]}}