{"id":2092,"date":"2021-01-13T11:56:43","date_gmt":"2021-01-13T14:56:43","guid":{"rendered":"http:\/\/site.uit.br\/?page_id=2092"},"modified":"2023-02-10T14:31:24","modified_gmt":"2023-02-10T17:31:24","slug":"fisioterapia","status":"publish","type":"page","link":"https:\/\/uit.br\/site\/fisioterapia\/","title":{"rendered":"Fisioterapia"},"content":{"rendered":"\t\t<div data-elementor-type=\"wp-page\" data-elementor-id=\"2092\" class=\"elementor elementor-2092\" data-elementor-post-type=\"page\">\n\t\t\t\t\t\t<section class=\"elementor-section elementor-top-section elementor-element elementor-element-ed3bf3f elementor-section-boxed elementor-section-height-default elementor-section-height-default\" data-id=\"ed3bf3f\" data-element_type=\"section\" data-e-type=\"section\">\n\t\t\t\t\t\t<div class=\"elementor-container elementor-column-gap-default\">\n\t\t\t\t\t<div class=\"elementor-column elementor-col-33 elementor-top-column elementor-element elementor-element-fa91eb0 elementor-invisible\" data-id=\"fa91eb0\" data-element_type=\"column\" data-e-type=\"column\" data-settings=\"{&quot;animation&quot;:&quot;slideInLeft&quot;}\">\n\t\t\t<div class=\"elementor-widget-wrap elementor-element-populated\">\n\t\t\t\t\t\t<div class=\"elementor-element elementor-element-0ecdf3a elementor-widget elementor-widget-image\" data-id=\"0ecdf3a\" data-element_type=\"widget\" data-e-type=\"widget\" data-widget_type=\"image.default\">\n\t\t\t\t<div class=\"elementor-widget-container\">\n\t\t\t\t\t\t\t\t\t\t\t\t\t\t\t<img fetchpriority=\"high\" decoding=\"async\" width=\"432\" height=\"1024\" src=\"https:\/\/uit.br\/site\/wp-content\/uploads\/2021\/01\/fisioterapia-432x1024.png\" class=\"attachment-large size-large wp-image-2095\" alt=\"\" srcset=\"https:\/\/uit.br\/site\/wp-content\/uploads\/2021\/01\/fisioterapia-432x1024.png 432w, https:\/\/uit.br\/site\/wp-content\/uploads\/2021\/01\/fisioterapia-127x300.png 127w, https:\/\/uit.br\/site\/wp-content\/uploads\/2021\/01\/fisioterapia.png 601w\" sizes=\"(max-width: 432px) 100vw, 432px\" \/>\t\t\t\t\t\t\t\t\t\t\t\t\t\t\t<\/div>\n\t\t\t\t<\/div>\n\t\t\t\t\t<\/div>\n\t\t<\/div>\n\t\t\t\t<div class=\"elementor-column elementor-col-66 elementor-top-column elementor-element elementor-element-916362a elementor-invisible\" data-id=\"916362a\" data-element_type=\"column\" data-e-type=\"column\" data-settings=\"{&quot;animation&quot;:&quot;slideInRight&quot;}\">\n\t\t\t<div class=\"elementor-widget-wrap elementor-element-populated\">\n\t\t\t\t\t\t<div class=\"elementor-element elementor-element-cd7c133 elementor-widget elementor-widget-heading\" data-id=\"cd7c133\" data-element_type=\"widget\" data-e-type=\"widget\" data-widget_type=\"heading.default\">\n\t\t\t\t<div class=\"elementor-widget-container\">\n\t\t\t\t\t<h2 class=\"elementor-heading-title elementor-size-default\">Fisioterapia <\/h2>\t\t\t\t<\/div>\n\t\t\t\t<\/div>\n\t\t\t\t<div class=\"elementor-element elementor-element-9226250 elementor-widget elementor-widget-text-editor\" data-id=\"9226250\" data-element_type=\"widget\" data-e-type=\"widget\" data-widget_type=\"text-editor.default\">\n\t\t\t\t<div class=\"elementor-widget-container\">\n\t\t\t\t\t\t\t\t\t<p><strong>O curso<\/strong> &#8211; O foco do curso de bacharelado em Fisioterapia \u00e9 a forma\u00e7\u00e3o do Fisioterapeuta, profissional da \u00e1rea de sa\u00fade, de cunho generalista, capacitado para atuar em todos os n\u00edveis de aten\u00e7\u00e3o \u00e0 sa\u00fade, ou seja, promo\u00e7\u00e3o, preven\u00e7\u00e3o, tratamento e reabilita\u00e7\u00e3o.<br \/>A estrutura curricular do curso est\u00e1 baseada na integra\u00e7\u00e3o te\u00f3rico-pr\u00e1tica, desde o primeiro per\u00edodo. Abrange conhecimentos de \u00e1reas biol\u00f3gicas b\u00e1sicas, humanas e de forma\u00e7\u00e3o profissional espec\u00edfica. Esta inicia-se com o estudo do processo de fundamenta\u00e7\u00e3o hist\u00f3rica, te\u00f3rica e metodol\u00f3gica da Fisioterapia, para, depois, introduzir disciplinas que abordam o objeto de estudo &#8211; movimentohumano &#8211; e os recursos fisioter\u00e1picos. A seguir, evolui para a an\u00e1lise das diferentes patologias que determinam disfun\u00e7\u00f5es pass\u00edveis de abordagem fisioter\u00e1picas e conclui com disciplinas cl\u00ednicas, realizadas sob a forma de est\u00e1gio supervisionado, em ambulat\u00f3rios, hospitais e comunidades.<\/p><p>O Fisioterapeuta \u00e9 um profissional liberal e aut\u00f4nomo que atua nos diversos n\u00edveis de aten\u00e7\u00e3o \u00e0 sa\u00fade, utilizando-se do movimento, de recursos f\u00edsicos e naturais &#8211; \u00e1gua, luz, calor, frio, eletricidade &#8211; e de t\u00e9cnicas pr\u00f3prias que o capacitam para o entendimento do indiv\u00edduo, objetivando prestar-lhe assist\u00eancia n\u00e3o s\u00f3 no sentido de sua recupera\u00e7\u00e3o f\u00edsica e funcional, mas em outras exig\u00eancias de sa\u00fade, observando, qualquer que seja a situa\u00e7\u00e3o, sua totalidade biopsicossocial e preservando-lhe a qualidade de vida. A partir do diagn\u00f3stico cl\u00ednico, ele avalia o cliente, prescreve e executa o tratamento, estabelece as suas etapas, os m\u00e9todos, t\u00e9cnicas e recursos apropriados a cada caso espec\u00edfico, trata o cliente e reavalia sistematicamente seu trabalho, pelo qual \u00e9 o \u00fanico respons\u00e1vel. Relaciona-se, cooperativamente, com os demais membros da \u00e1rea da sa\u00fade ou outras \u00e1reas profissionais. O processo terap\u00eautico em Fisioterapia concretiza-se, primordialmente, pela exist\u00eancia do bin\u00f4mio terapeuta\/paciente, estabelecendo-se por meio dele.<\/p><p>O Fisioterapeuta pode atuar nas seguintes especialidades: Ortopedia, Traumatologia, Reumatologia, Neurologia, Endocrinologia, Dermatologia, Pneumologia, Cardiologia, Ginecologia e Obstetr\u00edcia, Geriatria e nas \u00e1reas de esportes, est\u00e9tica, sa\u00fade p\u00fablica e sa\u00fade do trabalhador, podendo essa atua\u00e7\u00e3o se fazer em: centros comunit\u00e1rios; centros de reabilita\u00e7\u00e3o; centros de sa\u00fade; cl\u00ednicas; clubes esportivos; consult\u00f3rios; creches; domic\u00edlio dos clientes; empresas; estabelecimentos de ensino superior; hospitais.<\/p><p>Bacharelado. MEC\/INEP: conceito 5. Vagas: 60 (sessenta). Turno: noite.<\/p>\t\t\t\t\t\t\t\t<\/div>\n\t\t\t\t<\/div>\n\t\t\t\t\t<\/div>\n\t\t<\/div>\n\t\t\t\t\t<\/div>\n\t\t<\/section>\n\t\t\t\t<\/div>\n\t\t","protected":false},"excerpt":{"rendered":"<p>Fisioterapia O curso &#8211; O foco do curso de bacharelado em Fisioterapia \u00e9 a forma\u00e7\u00e3o do Fisioterapeuta, profissional da \u00e1rea de sa\u00fade, de cunho generalista, capacitado para atuar em todos os n\u00edveis de aten\u00e7\u00e3o \u00e0 sa\u00fade, ou seja, promo\u00e7\u00e3o, preven\u00e7\u00e3o, tratamento e reabilita\u00e7\u00e3o.A estrutura curricular do curso est\u00e1 baseada na integra\u00e7\u00e3o te\u00f3rico-pr\u00e1tica, desde o primeiro [&hellip;]<\/p>\n","protected":false},"author":1,"featured_media":0,"parent":0,"menu_order":0,"comment_status":"closed","ping_status":"closed","template":"","meta":{"site-sidebar-layout":"no-sidebar","site-content-layout":"page-builder","ast-site-content-layout":"default","site-content-style":"default","site-sidebar-style":"default","ast-global-header-display":"","ast-banner-title-visibility":"","ast-main-header-display":"","ast-hfb-above-header-display":"","ast-hfb-below-header-display":"","ast-hfb-mobile-header-display":"","site-post-title":"disabled","ast-breadcrumbs-content":"","ast-featured-img":"disabled","footer-sml-layout":"","ast-disable-related-posts":"","theme-transparent-header-meta":"default","adv-header-id-meta":"","stick-header-meta":"","header-above-stick-meta":"","header-main-stick-meta":"","header-below-stick-meta":"","astra-migrate-meta-layouts":"default","ast-page-background-enabled":"default","ast-page-background-meta":{"desktop":{"background-color":"","background-image":"","background-repeat":"repeat","background-position":"center center","background-size":"auto","background-attachment":"scroll","background-type":"","background-media":"","overlay-type":"","overlay-color":"","overlay-opacity":"","overlay-gradient":""},"tablet":{"background-color":"","background-image":"","background-repeat":"repeat","background-position":"center center","background-size":"auto","background-attachment":"scroll","background-type":"","background-media":"","overlay-type":"","overlay-color":"","overlay-opacity":"","overlay-gradient":""},"mobile":{"background-color":"","background-image":"","background-repeat":"repeat","background-position":"center center","background-size":"auto","background-attachment":"scroll","background-type":"","background-media":"","overlay-type":"","overlay-color":"","overlay-opacity":"","overlay-gradient":""}},"ast-content-background-meta":{"desktop":{"background-color":"var(--ast-global-color-5)","background-image":"","background-repeat":"repeat","background-position":"center center","background-size":"auto","background-attachment":"scroll","background-type":"","background-media":"","overlay-type":"","overlay-color":"","overlay-opacity":"","overlay-gradient":""},"tablet":{"background-color":"var(--ast-global-color-5)","background-image":"","background-repeat":"repeat","background-position":"center center","background-size":"auto","background-attachment":"scroll","background-type":"","background-media":"","overlay-type":"","overlay-color":"","overlay-opacity":"","overlay-gradient":""},"mobile":{"background-color":"var(--ast-global-color-5)","background-image":"","background-repeat":"repeat","background-position":"center center","background-size":"auto","background-attachment":"scroll","background-type":"","background-media":"","overlay-type":"","overlay-color":"","overlay-opacity":"","overlay-gradient":""}},"footnotes":""},"class_list":["post-2092","page","type-page","status-publish","hentry"],"_links":{"self":[{"href":"https:\/\/uit.br\/site\/wp-json\/wp\/v2\/pages\/2092","targetHints":{"allow":["GET"]}}],"collection":[{"href":"https:\/\/uit.br\/site\/wp-json\/wp\/v2\/pages"}],"about":[{"href":"https:\/\/uit.br\/site\/wp-json\/wp\/v2\/types\/page"}],"author":[{"embeddable":true,"href":"https:\/\/uit.br\/site\/wp-json\/wp\/v2\/users\/1"}],"replies":[{"embeddable":true,"href":"https:\/\/uit.br\/site\/wp-json\/wp\/v2\/comments?post=2092"}],"version-history":[{"count":0,"href":"https:\/\/uit.br\/site\/wp-json\/wp\/v2\/pages\/2092\/revisions"}],"wp:attachment":[{"href":"https:\/\/uit.br\/site\/wp-json\/wp\/v2\/media?parent=2092"}],"curies":[{"name":"wp","href":"https:\/\/api.w.org\/{rel}","templated":true}]}}