{"id":2079,"date":"2021-01-13T11:47:25","date_gmt":"2021-01-13T14:47:25","guid":{"rendered":"http:\/\/site.uit.br\/?page_id=2079"},"modified":"2023-02-10T14:28:47","modified_gmt":"2023-02-10T17:28:47","slug":"educacao-fisica","status":"publish","type":"page","link":"https:\/\/uit.br\/site\/educacao-fisica\/","title":{"rendered":"Educa\u00e7\u00e3o F\u00edsica"},"content":{"rendered":"\t\t<div data-elementor-type=\"wp-page\" data-elementor-id=\"2079\" class=\"elementor elementor-2079\" data-elementor-post-type=\"page\">\n\t\t\t\t\t\t<section class=\"elementor-section elementor-top-section elementor-element elementor-element-13ff8e3 elementor-section-boxed elementor-section-height-default elementor-section-height-default\" data-id=\"13ff8e3\" data-element_type=\"section\" data-e-type=\"section\">\n\t\t\t\t\t\t<div class=\"elementor-container elementor-column-gap-default\">\n\t\t\t\t\t<div class=\"elementor-column elementor-col-33 elementor-top-column elementor-element elementor-element-e922d61 elementor-invisible\" data-id=\"e922d61\" data-element_type=\"column\" data-e-type=\"column\" data-settings=\"{&quot;animation&quot;:&quot;slideInLeft&quot;}\">\n\t\t\t<div class=\"elementor-widget-wrap elementor-element-populated\">\n\t\t\t\t\t\t<div class=\"elementor-element elementor-element-f4915ca elementor-widget elementor-widget-image\" data-id=\"f4915ca\" data-element_type=\"widget\" data-e-type=\"widget\" data-widget_type=\"image.default\">\n\t\t\t\t<div class=\"elementor-widget-container\">\n\t\t\t\t\t\t\t\t\t\t\t\t\t\t\t<img fetchpriority=\"high\" decoding=\"async\" width=\"432\" height=\"1024\" src=\"https:\/\/uit.br\/site\/wp-content\/uploads\/2021\/01\/educacao-fisica-432x1024.png\" class=\"attachment-large size-large wp-image-2082\" alt=\"\" srcset=\"https:\/\/uit.br\/site\/wp-content\/uploads\/2021\/01\/educacao-fisica-432x1024.png 432w, https:\/\/uit.br\/site\/wp-content\/uploads\/2021\/01\/educacao-fisica-127x300.png 127w, https:\/\/uit.br\/site\/wp-content\/uploads\/2021\/01\/educacao-fisica.png 601w\" sizes=\"(max-width: 432px) 100vw, 432px\" \/>\t\t\t\t\t\t\t\t\t\t\t\t\t\t\t<\/div>\n\t\t\t\t<\/div>\n\t\t\t\t\t<\/div>\n\t\t<\/div>\n\t\t\t\t<div class=\"elementor-column elementor-col-66 elementor-top-column elementor-element elementor-element-f810009 elementor-invisible\" data-id=\"f810009\" data-element_type=\"column\" data-e-type=\"column\" data-settings=\"{&quot;animation&quot;:&quot;slideInRight&quot;}\">\n\t\t\t<div class=\"elementor-widget-wrap elementor-element-populated\">\n\t\t\t\t\t\t<div class=\"elementor-element elementor-element-af76d7b elementor-widget elementor-widget-heading\" data-id=\"af76d7b\" data-element_type=\"widget\" data-e-type=\"widget\" data-widget_type=\"heading.default\">\n\t\t\t\t<div class=\"elementor-widget-container\">\n\t\t\t\t\t<h2 class=\"elementor-heading-title elementor-size-default\">Educa\u00e7\u00e3o F\u00edsica<\/h2>\t\t\t\t<\/div>\n\t\t\t\t<\/div>\n\t\t\t\t<div class=\"elementor-element elementor-element-6b70a31 elementor-widget elementor-widget-text-editor\" data-id=\"6b70a31\" data-element_type=\"widget\" data-e-type=\"widget\" data-widget_type=\"text-editor.default\">\n\t\t\t\t<div class=\"elementor-widget-container\">\n\t\t\t\t\t\t\t\t\t<p><strong>O Curso<\/strong> &#8211; O foco do curso de Educa\u00e7\u00e3o F\u00edsica \u00e9 a forma\u00e7\u00e3o de Bachar\u00e9is em Educa\u00e7\u00e3o F\u00edsica.<br \/>O Bacharelado capacita o profissional a atuar na \u00e1rea de ensino n\u00e3o formal, em que o ser humano em movimento \u00e9 o principal objeto de estudo e a\u00e7\u00e3o. O Bacharel, ao se formar, estar\u00e1 capacitado para o desempenho das seguintes atividades, entre outras:<\/p><ul><li>Nos clubes esportivos, atuar como administrador, t\u00e9cnico desportivo ou preparador f\u00edsico de equipes representativas;<\/li><li>Em academias de gin\u00e1stica e muscula\u00e7\u00e3o, atuar como orientador de atividades;<\/li><li>Em centros de pesquisas e laborat\u00f3rios de fisiologia do exerc\u00edcio, atuar como pesquisador e orientador de pesquisas cient\u00edficas na \u00e1rea do movimento humano;<\/li><li>Em centros esportivos de empresas, atuar como coordenador, programador e executor de atividades de lazer;<\/li><li>Em \u00f3rg\u00e3os governamentais de decis\u00f5es pol\u00edtico-t\u00e9cnicas, na \u00e1rea de Educa\u00e7\u00e3o F\u00edsica e Desportos, atuar como assessor de atividades comunit\u00e1rias;<\/li><li>Em associa\u00e7\u00f5es de classe e comunidades de bairros, atuar como orientador e incentivador da pr\u00e1tica de atividades f\u00edsicas, instrumento de lazer e recrea\u00e7\u00e3o;<\/li><li>Em atividades assistenciais, atuar no planejamento e realiza\u00e7\u00e3o das mesmas.<\/li><\/ul><p>Bacharelado. MEC\/INEP: conceito 4. Vagas: 60 (sessenta). Turno: noite.<\/p>\t\t\t\t\t\t\t\t<\/div>\n\t\t\t\t<\/div>\n\t\t\t\t\t<\/div>\n\t\t<\/div>\n\t\t\t\t\t<\/div>\n\t\t<\/section>\n\t\t\t\t<\/div>\n\t\t","protected":false},"excerpt":{"rendered":"<p>Educa\u00e7\u00e3o F\u00edsica O Curso &#8211; O foco do curso de Educa\u00e7\u00e3o F\u00edsica \u00e9 a forma\u00e7\u00e3o de Bachar\u00e9is em Educa\u00e7\u00e3o F\u00edsica.O Bacharelado capacita o profissional a atuar na \u00e1rea de ensino n\u00e3o formal, em que o ser humano em movimento \u00e9 o principal objeto de estudo e a\u00e7\u00e3o. O Bacharel, ao se formar, estar\u00e1 capacitado para [&hellip;]<\/p>\n","protected":false},"author":1,"featured_media":0,"parent":0,"menu_order":0,"comment_status":"closed","ping_status":"closed","template":"","meta":{"site-sidebar-layout":"no-sidebar","site-content-layout":"page-builder","ast-site-content-layout":"default","site-content-style":"default","site-sidebar-style":"default","ast-global-header-display":"","ast-banner-title-visibility":"","ast-main-header-display":"","ast-hfb-above-header-display":"","ast-hfb-below-header-display":"","ast-hfb-mobile-header-display":"","site-post-title":"disabled","ast-breadcrumbs-content":"","ast-featured-img":"disabled","footer-sml-layout":"","ast-disable-related-posts":"","theme-transparent-header-meta":"default","adv-header-id-meta":"","stick-header-meta":"","header-above-stick-meta":"","header-main-stick-meta":"","header-below-stick-meta":"","astra-migrate-meta-layouts":"default","ast-page-background-enabled":"default","ast-page-background-meta":{"desktop":{"background-color":"","background-image":"","background-repeat":"repeat","background-position":"center center","background-size":"auto","background-attachment":"scroll","background-type":"","background-media":"","overlay-type":"","overlay-color":"","overlay-opacity":"","overlay-gradient":""},"tablet":{"background-color":"","background-image":"","background-repeat":"repeat","background-position":"center center","background-size":"auto","background-attachment":"scroll","background-type":"","background-media":"","overlay-type":"","overlay-color":"","overlay-opacity":"","overlay-gradient":""},"mobile":{"background-color":"","background-image":"","background-repeat":"repeat","background-position":"center center","background-size":"auto","background-attachment":"scroll","background-type":"","background-media":"","overlay-type":"","overlay-color":"","overlay-opacity":"","overlay-gradient":""}},"ast-content-background-meta":{"desktop":{"background-color":"var(--ast-global-color-5)","background-image":"","background-repeat":"repeat","background-position":"center center","background-size":"auto","background-attachment":"scroll","background-type":"","background-media":"","overlay-type":"","overlay-color":"","overlay-opacity":"","overlay-gradient":""},"tablet":{"background-color":"var(--ast-global-color-5)","background-image":"","background-repeat":"repeat","background-position":"center center","background-size":"auto","background-attachment":"scroll","background-type":"","background-media":"","overlay-type":"","overlay-color":"","overlay-opacity":"","overlay-gradient":""},"mobile":{"background-color":"var(--ast-global-color-5)","background-image":"","background-repeat":"repeat","background-position":"center center","background-size":"auto","background-attachment":"scroll","background-type":"","background-media":"","overlay-type":"","overlay-color":"","overlay-opacity":"","overlay-gradient":""}},"footnotes":""},"class_list":["post-2079","page","type-page","status-publish","hentry"],"_links":{"self":[{"href":"https:\/\/uit.br\/site\/wp-json\/wp\/v2\/pages\/2079","targetHints":{"allow":["GET"]}}],"collection":[{"href":"https:\/\/uit.br\/site\/wp-json\/wp\/v2\/pages"}],"about":[{"href":"https:\/\/uit.br\/site\/wp-json\/wp\/v2\/types\/page"}],"author":[{"embeddable":true,"href":"https:\/\/uit.br\/site\/wp-json\/wp\/v2\/users\/1"}],"replies":[{"embeddable":true,"href":"https:\/\/uit.br\/site\/wp-json\/wp\/v2\/comments?post=2079"}],"version-history":[{"count":0,"href":"https:\/\/uit.br\/site\/wp-json\/wp\/v2\/pages\/2079\/revisions"}],"wp:attachment":[{"href":"https:\/\/uit.br\/site\/wp-json\/wp\/v2\/media?parent=2079"}],"curies":[{"name":"wp","href":"https:\/\/api.w.org\/{rel}","templated":true}]}}