{"id":2004,"date":"2021-01-13T10:43:30","date_gmt":"2021-01-13T13:43:30","guid":{"rendered":"http:\/\/site.uit.br\/?page_id=2004"},"modified":"2023-02-10T14:32:01","modified_gmt":"2023-02-10T17:32:01","slug":"odontologia","status":"publish","type":"page","link":"https:\/\/uit.br\/site\/odontologia\/","title":{"rendered":"Odontologia"},"content":{"rendered":"\t\t<div data-elementor-type=\"wp-page\" data-elementor-id=\"2004\" class=\"elementor elementor-2004\" data-elementor-post-type=\"page\">\n\t\t\t\t\t\t<section class=\"elementor-section elementor-top-section elementor-element elementor-element-8dbdf07 elementor-section-boxed elementor-section-height-default elementor-section-height-default\" data-id=\"8dbdf07\" data-element_type=\"section\" data-e-type=\"section\">\n\t\t\t\t\t\t<div class=\"elementor-container elementor-column-gap-default\">\n\t\t\t\t\t<div class=\"elementor-column elementor-col-33 elementor-top-column elementor-element elementor-element-2aa22ae elementor-invisible\" data-id=\"2aa22ae\" data-element_type=\"column\" data-e-type=\"column\" data-settings=\"{&quot;animation&quot;:&quot;slideInLeft&quot;}\">\n\t\t\t<div class=\"elementor-widget-wrap elementor-element-populated\">\n\t\t\t\t\t\t<div class=\"elementor-element elementor-element-7b92b69 elementor-widget elementor-widget-image\" data-id=\"7b92b69\" data-element_type=\"widget\" data-e-type=\"widget\" data-widget_type=\"image.default\">\n\t\t\t\t<div class=\"elementor-widget-container\">\n\t\t\t\t\t\t\t\t\t\t\t\t\t\t\t<img fetchpriority=\"high\" decoding=\"async\" width=\"432\" height=\"1024\" src=\"https:\/\/uit.br\/site\/wp-content\/uploads\/2021\/01\/odontologia-432x1024.png\" class=\"attachment-large size-large wp-image-2010\" alt=\"\" srcset=\"https:\/\/uit.br\/site\/wp-content\/uploads\/2021\/01\/odontologia-432x1024.png 432w, https:\/\/uit.br\/site\/wp-content\/uploads\/2021\/01\/odontologia-127x300.png 127w, https:\/\/uit.br\/site\/wp-content\/uploads\/2021\/01\/odontologia.png 601w\" sizes=\"(max-width: 432px) 100vw, 432px\" \/>\t\t\t\t\t\t\t\t\t\t\t\t\t\t\t<\/div>\n\t\t\t\t<\/div>\n\t\t\t\t\t<\/div>\n\t\t<\/div>\n\t\t\t\t<div class=\"elementor-column elementor-col-66 elementor-top-column elementor-element elementor-element-c8339ee elementor-invisible\" data-id=\"c8339ee\" data-element_type=\"column\" data-e-type=\"column\" data-settings=\"{&quot;animation&quot;:&quot;slideInRight&quot;}\">\n\t\t\t<div class=\"elementor-widget-wrap elementor-element-populated\">\n\t\t\t\t\t\t<div class=\"elementor-element elementor-element-ffec276 elementor-widget elementor-widget-heading\" data-id=\"ffec276\" data-element_type=\"widget\" data-e-type=\"widget\" data-widget_type=\"heading.default\">\n\t\t\t\t<div class=\"elementor-widget-container\">\n\t\t\t\t\t<h2 class=\"elementor-heading-title elementor-size-default\">Odontologia <\/h2>\t\t\t\t<\/div>\n\t\t\t\t<\/div>\n\t\t\t\t<div class=\"elementor-element elementor-element-c47a835 elementor-widget elementor-widget-text-editor\" data-id=\"c47a835\" data-element_type=\"widget\" data-e-type=\"widget\" data-widget_type=\"text-editor.default\">\n\t\t\t\t<div class=\"elementor-widget-container\">\n\t\t\t\t\t\t\t\t\t<p><strong>O Curso<\/strong> &#8211; O foco do curso de Odontologia \u00e9 a forma\u00e7\u00e3o de profissionais com ampla vis\u00e3o e conhecimento sobre a sa\u00fade bucal individual e coletiva, pela viv\u00eancia de diferentes realidades de atendimento odontol\u00f3gico, com capacidade de tomar decis\u00f5es, compreender e atuar nas pol\u00edticas p\u00fablicas vigentes. O curr\u00edculo compreende um ciclo b\u00e1sico, que envolve as Ci\u00eancias Morfol\u00f3gicas, Fisiol\u00f3gicas, Patol\u00f3gicas e Sociais, e um ciclo profissional, que compreende a Proped\u00eautica Cl\u00ednica, Cl\u00ednicas Integradas de Aten\u00e7\u00e3o Prim\u00e1ria, Cl\u00ednicas Odontol\u00f3gicas (Dent\u00edstica, Endodontia, Cirurgia, Periodontia e Pr\u00f3tese) e Odontopedi\u00e1tricas e Ortodontia.<\/p><p>O Bacharel pode atuar no mercado e, ao se graduar, deve:<\/p><ul><li>Ser um profissional integral, cl\u00ednico generalista, participante de equipe odontol\u00f3gica multidisciplinar, respons\u00e1vel pelo diagn\u00f3stico e planejamento integral das necessidades do paciente e capacitado a executar esse planejamento no que lhe compete pela sua forma\u00e7\u00e3o;<\/li><li>Estar capacitado ao trabalho em equipe com delega\u00e7\u00e3o de fun\u00e7\u00e3o para pessoal auxiliar;<\/li><li>Ter uma vis\u00e3o cr\u00edtica que o capacite a atuar no n\u00edvel das necessidades globais da comunidade;<\/li><li>Atender ao paciente como uma unidade biopsicossocial;<\/li><li>Fazer da promo\u00e7\u00e3o de sa\u00fade o eixo condutor de sua pr\u00e1tica profissional;<\/li><li>Estar capacitado a atualizar-se nas novas necessidades da profiss\u00e3o por meio de cursos e an\u00e1lise cr\u00edtica de trabalhos cient\u00edficos.<\/li><\/ul><p>O Cirurgi\u00e3o-Dentista poder\u00e1 atuar em:<\/p><ul><li>Consult\u00f3rios e cl\u00ednicas particulares;<\/li><li>Servi\u00e7os de sa\u00fade;<\/li><li>Hospitais;<\/li><li>Institui\u00e7\u00f5es de ensino;<\/li><li>Centros de reabilita\u00e7\u00e3o.<\/li><\/ul><p>A Universidade de Ita\u00fana conta com modernas cl\u00ednicas odontol\u00f3gicas que atendem pacientes de toda a regi\u00e3o. Nas cl\u00ednicas, os alunos colocam em pr\u00e1tica os seus conhecimentos te\u00f3ricos.<\/p><p>Bacharelado. Turno: integral. MEC\/INEP: conceito 4. Vagas: 60 (sessenta).<\/p>\t\t\t\t\t\t\t\t<\/div>\n\t\t\t\t<\/div>\n\t\t\t\t\t<\/div>\n\t\t<\/div>\n\t\t\t\t\t<\/div>\n\t\t<\/section>\n\t\t\t\t<\/div>\n\t\t","protected":false},"excerpt":{"rendered":"<p>Odontologia O Curso &#8211; O foco do curso de Odontologia \u00e9 a forma\u00e7\u00e3o de profissionais com ampla vis\u00e3o e conhecimento sobre a sa\u00fade bucal individual e coletiva, pela viv\u00eancia de diferentes realidades de atendimento odontol\u00f3gico, com capacidade de tomar decis\u00f5es, compreender e atuar nas pol\u00edticas p\u00fablicas vigentes. O curr\u00edculo compreende um ciclo b\u00e1sico, que envolve [&hellip;]<\/p>\n","protected":false},"author":1,"featured_media":0,"parent":0,"menu_order":0,"comment_status":"closed","ping_status":"closed","template":"","meta":{"site-sidebar-layout":"no-sidebar","site-content-layout":"page-builder","ast-site-content-layout":"default","site-content-style":"default","site-sidebar-style":"default","ast-global-header-display":"","ast-banner-title-visibility":"","ast-main-header-display":"","ast-hfb-above-header-display":"","ast-hfb-below-header-display":"","ast-hfb-mobile-header-display":"","site-post-title":"disabled","ast-breadcrumbs-content":"","ast-featured-img":"disabled","footer-sml-layout":"","ast-disable-related-posts":"","theme-transparent-header-meta":"default","adv-header-id-meta":"","stick-header-meta":"","header-above-stick-meta":"","header-main-stick-meta":"","header-below-stick-meta":"","astra-migrate-meta-layouts":"default","ast-page-background-enabled":"default","ast-page-background-meta":{"desktop":{"background-color":"","background-image":"","background-repeat":"repeat","background-position":"center center","background-size":"auto","background-attachment":"scroll","background-type":"","background-media":"","overlay-type":"","overlay-color":"","overlay-opacity":"","overlay-gradient":""},"tablet":{"background-color":"","background-image":"","background-repeat":"repeat","background-position":"center center","background-size":"auto","background-attachment":"scroll","background-type":"","background-media":"","overlay-type":"","overlay-color":"","overlay-opacity":"","overlay-gradient":""},"mobile":{"background-color":"","background-image":"","background-repeat":"repeat","background-position":"center center","background-size":"auto","background-attachment":"scroll","background-type":"","background-media":"","overlay-type":"","overlay-color":"","overlay-opacity":"","overlay-gradient":""}},"ast-content-background-meta":{"desktop":{"background-color":"var(--ast-global-color-5)","background-image":"","background-repeat":"repeat","background-position":"center center","background-size":"auto","background-attachment":"scroll","background-type":"","background-media":"","overlay-type":"","overlay-color":"","overlay-opacity":"","overlay-gradient":""},"tablet":{"background-color":"var(--ast-global-color-5)","background-image":"","background-repeat":"repeat","background-position":"center center","background-size":"auto","background-attachment":"scroll","background-type":"","background-media":"","overlay-type":"","overlay-color":"","overlay-opacity":"","overlay-gradient":""},"mobile":{"background-color":"var(--ast-global-color-5)","background-image":"","background-repeat":"repeat","background-position":"center center","background-size":"auto","background-attachment":"scroll","background-type":"","background-media":"","overlay-type":"","overlay-color":"","overlay-opacity":"","overlay-gradient":""}},"footnotes":""},"class_list":["post-2004","page","type-page","status-publish","hentry"],"_links":{"self":[{"href":"https:\/\/uit.br\/site\/wp-json\/wp\/v2\/pages\/2004","targetHints":{"allow":["GET"]}}],"collection":[{"href":"https:\/\/uit.br\/site\/wp-json\/wp\/v2\/pages"}],"about":[{"href":"https:\/\/uit.br\/site\/wp-json\/wp\/v2\/types\/page"}],"author":[{"embeddable":true,"href":"https:\/\/uit.br\/site\/wp-json\/wp\/v2\/users\/1"}],"replies":[{"embeddable":true,"href":"https:\/\/uit.br\/site\/wp-json\/wp\/v2\/comments?post=2004"}],"version-history":[{"count":0,"href":"https:\/\/uit.br\/site\/wp-json\/wp\/v2\/pages\/2004\/revisions"}],"wp:attachment":[{"href":"https:\/\/uit.br\/site\/wp-json\/wp\/v2\/media?parent=2004"}],"curies":[{"name":"wp","href":"https:\/\/api.w.org\/{rel}","templated":true}]}}