{"id":1870,"date":"2021-01-13T07:56:45","date_gmt":"2021-01-13T10:56:45","guid":{"rendered":"http:\/\/site.uit.br\/?page_id=1870"},"modified":"2022-06-29T20:19:07","modified_gmt":"2022-06-29T23:19:07","slug":"ciencias-biologicas","status":"publish","type":"page","link":"https:\/\/uit.br\/site\/ciencias-biologicas\/","title":{"rendered":"Ci\u00eancias Biol\u00f3gicas"},"content":{"rendered":"\t\t<div data-elementor-type=\"wp-page\" data-elementor-id=\"1870\" class=\"elementor elementor-1870\" data-elementor-post-type=\"page\">\n\t\t\t\t\t\t<section class=\"elementor-section elementor-top-section elementor-element elementor-element-a0ba19a elementor-section-boxed elementor-section-height-default elementor-section-height-default\" data-id=\"a0ba19a\" data-element_type=\"section\" data-e-type=\"section\">\n\t\t\t\t\t\t<div class=\"elementor-container elementor-column-gap-default\">\n\t\t\t\t\t<div class=\"elementor-column elementor-col-33 elementor-top-column elementor-element elementor-element-aae53a4 elementor-invisible\" data-id=\"aae53a4\" data-element_type=\"column\" data-e-type=\"column\" data-settings=\"{&quot;animation&quot;:&quot;slideInLeft&quot;}\">\n\t\t\t<div class=\"elementor-widget-wrap elementor-element-populated\">\n\t\t\t\t\t\t<div class=\"elementor-element elementor-element-369bcfb elementor-widget elementor-widget-image\" data-id=\"369bcfb\" data-element_type=\"widget\" data-e-type=\"widget\" data-widget_type=\"image.default\">\n\t\t\t\t<div class=\"elementor-widget-container\">\n\t\t\t\t\t\t\t\t\t\t\t\t\t\t\t<img fetchpriority=\"high\" decoding=\"async\" width=\"432\" height=\"1024\" src=\"https:\/\/uit.br\/site\/wp-content\/uploads\/2021\/01\/ciencias-biologicas-432x1024.png\" class=\"attachment-large size-large wp-image-1891\" alt=\"\" srcset=\"https:\/\/uit.br\/site\/wp-content\/uploads\/2021\/01\/ciencias-biologicas-432x1024.png 432w, https:\/\/uit.br\/site\/wp-content\/uploads\/2021\/01\/ciencias-biologicas-127x300.png 127w, https:\/\/uit.br\/site\/wp-content\/uploads\/2021\/01\/ciencias-biologicas.png 601w\" sizes=\"(max-width: 432px) 100vw, 432px\" \/>\t\t\t\t\t\t\t\t\t\t\t\t\t\t\t<\/div>\n\t\t\t\t<\/div>\n\t\t\t\t\t<\/div>\n\t\t<\/div>\n\t\t\t\t<div class=\"elementor-column elementor-col-66 elementor-top-column elementor-element elementor-element-ee52c76 elementor-invisible\" data-id=\"ee52c76\" data-element_type=\"column\" data-e-type=\"column\" data-settings=\"{&quot;animation&quot;:&quot;slideInRight&quot;}\">\n\t\t\t<div class=\"elementor-widget-wrap elementor-element-populated\">\n\t\t\t\t\t\t<div class=\"elementor-element elementor-element-d6afc7b elementor-widget elementor-widget-heading\" data-id=\"d6afc7b\" data-element_type=\"widget\" data-e-type=\"widget\" data-widget_type=\"heading.default\">\n\t\t\t\t<div class=\"elementor-widget-container\">\n\t\t\t\t\t<h2 class=\"elementor-heading-title elementor-size-default\">Ci\u00eancias Biol\u00f3gicas<\/h2>\t\t\t\t<\/div>\n\t\t\t\t<\/div>\n\t\t\t\t<div class=\"elementor-element elementor-element-7e688ab elementor-widget elementor-widget-text-editor\" data-id=\"7e688ab\" data-element_type=\"widget\" data-e-type=\"widget\" data-widget_type=\"text-editor.default\">\n\t\t\t\t<div class=\"elementor-widget-container\">\n\t\t\t\t\t\t\t\t\t<p><strong>O Curso<\/strong>&#8211; O foco do curso de Licenciatura em Ci\u00eancias Biol\u00f3gicas \u00e9 a forma\u00e7\u00e3o de professores-educadores em Biologia, com uma vis\u00e3o acurada dos problemas e teorias atuais da \u00e1rea da biologia. O profissional formado na Universidade de Ita\u00fana dever\u00e1 ter o seguinte perfil:<\/p><ol><li>Generalista, cr\u00edtico, \u00e9tico e cidad\u00e3o com esp\u00edrito de solidariedade;<\/li><li>Detentor de adequada fundamenta\u00e7\u00e3o te\u00f3rica, como base para uma a\u00e7\u00e3o competente, que inclua o conhecimento profundo da diversidade dos seres vivos, bem como sua organiza\u00e7\u00e3o e funcionamento em diferentes n\u00edveis, suas rela\u00e7\u00f5es filogen\u00e9ticas e evolutivas, suas respectivas distribui\u00e7\u00f5es e rela\u00e7\u00f5es com o meio em que vivem;<\/li><li>Consciente da necessidade de atuar com qualidade e responsabilidade em prol da preserva\u00e7\u00e3o e manejo da biodiversidade, pol\u00edticas de sa\u00fade, meio ambiente, biotecnologia, bioprospec\u00e7\u00e3o, biosseguran\u00e7a, na gest\u00e3o ambiental, tanto nos aspectos t\u00e9cnico-cient\u00edficos, quanto na formula\u00e7\u00e3o de pol\u00edticas, e de se tornar agente transformador da realidade presente, na busca de melhoria da qualidade de vida;<\/li><li>Comprometido com os resultados de sua atua\u00e7\u00e3o, pautando sua conduta profissional por crit\u00e9rios human\u00edsticos, compromisso com a cidadania e rigor cient\u00edfico, bem como por referenciais \u00e9ticos legais;<\/li><li>Consciente de sua responsabilidade como educador, nos v\u00e1rios contextos de atua\u00e7\u00e3o profissional;<\/li><li>Apto a atuar multi e interdisciplinarmente, adapt\u00e1vel \u00e0 din\u00e2mica do mercado de trabalho e \u00e0s situa\u00e7\u00f5es de mudan\u00e7a cont\u00ednua do mesmo;<\/li><li>Preparado para desenvolver ideias inovadoras e a\u00e7\u00f5es estrat\u00e9gicas, capazes de ampliar e aperfei\u00e7oar sua \u00e1rea de atua\u00e7\u00e3o.<\/li><\/ol><p>S\u00e3o enfatizados no projeto pedag\u00f3gico do Curso conte\u00fados pr\u00f3prios da \u00e1rea das ci\u00eancias biol\u00f3gicas, das \u00e1reas de qu\u00edmica, f\u00edsica e da sa\u00fade, da educa\u00e7\u00e3o b\u00e1sica, al\u00e9m da instrumenta\u00e7\u00e3o para o ensino de ci\u00eancias e da biologia.<br \/>A forma\u00e7\u00e3o pedag\u00f3gica, al\u00e9m de suas especificidades, contemplam uma vis\u00e3o geral da educa\u00e7\u00e3o e dos processos formativos dos educandos.<\/p>\t\t\t\t\t\t\t\t<\/div>\n\t\t\t\t<\/div>\n\t\t\t\t\t<\/div>\n\t\t<\/div>\n\t\t\t\t\t<\/div>\n\t\t<\/section>\n\t\t\t\t<\/div>\n\t\t","protected":false},"excerpt":{"rendered":"<p>Ci\u00eancias Biol\u00f3gicas O Curso&#8211; O foco do curso de Licenciatura em Ci\u00eancias Biol\u00f3gicas \u00e9 a forma\u00e7\u00e3o de professores-educadores em Biologia, com uma vis\u00e3o acurada dos problemas e teorias atuais da \u00e1rea da biologia. O profissional formado na Universidade de Ita\u00fana dever\u00e1 ter o seguinte perfil: Generalista, cr\u00edtico, \u00e9tico e cidad\u00e3o com esp\u00edrito de solidariedade; Detentor [&hellip;]<\/p>\n","protected":false},"author":1,"featured_media":0,"parent":0,"menu_order":0,"comment_status":"closed","ping_status":"closed","template":"","meta":{"site-sidebar-layout":"no-sidebar","site-content-layout":"page-builder","ast-site-content-layout":"default","site-content-style":"default","site-sidebar-style":"default","ast-global-header-display":"","ast-banner-title-visibility":"","ast-main-header-display":"","ast-hfb-above-header-display":"","ast-hfb-below-header-display":"","ast-hfb-mobile-header-display":"","site-post-title":"disabled","ast-breadcrumbs-content":"","ast-featured-img":"disabled","footer-sml-layout":"","ast-disable-related-posts":"","theme-transparent-header-meta":"default","adv-header-id-meta":"","stick-header-meta":"","header-above-stick-meta":"","header-main-stick-meta":"","header-below-stick-meta":"","astra-migrate-meta-layouts":"default","ast-page-background-enabled":"default","ast-page-background-meta":{"desktop":{"background-color":"","background-image":"","background-repeat":"repeat","background-position":"center center","background-size":"auto","background-attachment":"scroll","background-type":"","background-media":"","overlay-type":"","overlay-color":"","overlay-opacity":"","overlay-gradient":""},"tablet":{"background-color":"","background-image":"","background-repeat":"repeat","background-position":"center center","background-size":"auto","background-attachment":"scroll","background-type":"","background-media":"","overlay-type":"","overlay-color":"","overlay-opacity":"","overlay-gradient":""},"mobile":{"background-color":"","background-image":"","background-repeat":"repeat","background-position":"center center","background-size":"auto","background-attachment":"scroll","background-type":"","background-media":"","overlay-type":"","overlay-color":"","overlay-opacity":"","overlay-gradient":""}},"ast-content-background-meta":{"desktop":{"background-color":"var(--ast-global-color-5)","background-image":"","background-repeat":"repeat","background-position":"center center","background-size":"auto","background-attachment":"scroll","background-type":"","background-media":"","overlay-type":"","overlay-color":"","overlay-opacity":"","overlay-gradient":""},"tablet":{"background-color":"var(--ast-global-color-5)","background-image":"","background-repeat":"repeat","background-position":"center center","background-size":"auto","background-attachment":"scroll","background-type":"","background-media":"","overlay-type":"","overlay-color":"","overlay-opacity":"","overlay-gradient":""},"mobile":{"background-color":"var(--ast-global-color-5)","background-image":"","background-repeat":"repeat","background-position":"center center","background-size":"auto","background-attachment":"scroll","background-type":"","background-media":"","overlay-type":"","overlay-color":"","overlay-opacity":"","overlay-gradient":""}},"footnotes":""},"class_list":["post-1870","page","type-page","status-publish","hentry"],"_links":{"self":[{"href":"https:\/\/uit.br\/site\/wp-json\/wp\/v2\/pages\/1870","targetHints":{"allow":["GET"]}}],"collection":[{"href":"https:\/\/uit.br\/site\/wp-json\/wp\/v2\/pages"}],"about":[{"href":"https:\/\/uit.br\/site\/wp-json\/wp\/v2\/types\/page"}],"author":[{"embeddable":true,"href":"https:\/\/uit.br\/site\/wp-json\/wp\/v2\/users\/1"}],"replies":[{"embeddable":true,"href":"https:\/\/uit.br\/site\/wp-json\/wp\/v2\/comments?post=1870"}],"version-history":[{"count":0,"href":"https:\/\/uit.br\/site\/wp-json\/wp\/v2\/pages\/1870\/revisions"}],"wp:attachment":[{"href":"https:\/\/uit.br\/site\/wp-json\/wp\/v2\/media?parent=1870"}],"curies":[{"name":"wp","href":"https:\/\/api.w.org\/{rel}","templated":true}]}}