{"id":1610,"date":"2021-01-11T08:50:48","date_gmt":"2021-01-11T11:50:48","guid":{"rendered":"http:\/\/site.uit.br\/?page_id=1610"},"modified":"2023-02-10T14:21:23","modified_gmt":"2023-02-10T17:21:23","slug":"laboratorios","status":"publish","type":"page","link":"https:\/\/uit.br\/site\/laboratorios\/","title":{"rendered":"Laborat\u00f3rios"},"content":{"rendered":"\t\t<div data-elementor-type=\"wp-page\" data-elementor-id=\"1610\" class=\"elementor elementor-1610\" data-elementor-post-type=\"page\">\n\t\t\t\t\t\t<section class=\"elementor-section elementor-top-section elementor-element elementor-element-1fbef31 elementor-section-boxed elementor-section-height-default elementor-section-height-default\" data-id=\"1fbef31\" data-element_type=\"section\" data-e-type=\"section\">\n\t\t\t\t\t\t<div class=\"elementor-container elementor-column-gap-default\">\n\t\t\t\t\t<div class=\"elementor-column elementor-col-100 elementor-top-column elementor-element elementor-element-dbe4e42\" data-id=\"dbe4e42\" data-element_type=\"column\" data-e-type=\"column\">\n\t\t\t<div class=\"elementor-widget-wrap elementor-element-populated\">\n\t\t\t\t\t\t<div class=\"elementor-element elementor-element-2c090ed elementor-widget elementor-widget-heading\" data-id=\"2c090ed\" data-element_type=\"widget\" data-e-type=\"widget\" data-widget_type=\"heading.default\">\n\t\t\t\t<div class=\"elementor-widget-container\">\n\t\t\t\t\t<h2 class=\"elementor-heading-title elementor-size-default\">Laborat\u00f3rios (Ativ. Pr\u00e1ticas)<\/h2>\t\t\t\t<\/div>\n\t\t\t\t<\/div>\n\t\t\t\t\t<\/div>\n\t\t<\/div>\n\t\t\t\t\t<\/div>\n\t\t<\/section>\n\t\t\t\t<section class=\"elementor-section elementor-top-section elementor-element elementor-element-8319ee1 elementor-section-boxed elementor-section-height-default elementor-section-height-default\" data-id=\"8319ee1\" data-element_type=\"section\" data-e-type=\"section\">\n\t\t\t\t\t\t<div class=\"elementor-container elementor-column-gap-default\">\n\t\t\t\t\t<div class=\"elementor-column elementor-col-50 elementor-top-column elementor-element elementor-element-f2ac863 elementor-invisible\" data-id=\"f2ac863\" data-element_type=\"column\" data-e-type=\"column\" data-settings=\"{&quot;animation&quot;:&quot;slideInLeft&quot;}\">\n\t\t\t<div class=\"elementor-widget-wrap elementor-element-populated\">\n\t\t\t\t\t\t<div class=\"elementor-element elementor-element-819d729 elementor-widget elementor-widget-text-editor\" data-id=\"819d729\" data-element_type=\"widget\" data-e-type=\"widget\" data-widget_type=\"text-editor.default\">\n\t\t\t\t<div class=\"elementor-widget-container\">\n\t\t\t\t\t\t\t\t\t<p>Central de Ensino III e Anexos<br \/>&#8211; Laborat\u00f3rio de Inform\u00e1tica I<br \/>&#8211; Laborat\u00f3rio de Inform\u00e1tica II<br \/>&#8211; Laborat\u00f3rio de Inform\u00e1tica III<br \/>&#8211; Laborat\u00f3rio de Inform\u00e1tica IV<br \/>&#8211; Laborat\u00f3rio de Inform\u00e1tica V<br \/>&#8211; Laborat\u00f3rio Astron\u00f4mico<br \/>&#8211; Laborat\u00f3rio de Controle e Automa\u00e7\u00e3o<br \/>&#8211; Laborat\u00f3rio de M\u00e1quinas T\u00e9rmicas<br \/>&#8211; Laborat\u00f3rio de Sistemas Digitais e Comunica\u00e7\u00f5es<br \/>&#8211; Laborat\u00f3rio de Redes, Hardware e Rob\u00f3tica<br \/>&#8211; Laborat\u00f3rio de Eletroeletr\u00f4nica<br \/>&#8211; Laborat\u00f3rio de Hidr\u00e1ulica e Pneum\u00e1tica<br \/>&#8211; Laborat\u00f3rios de F\u00edsica<br \/>&#8211; Laborat\u00f3rio de Qu\u00edmica<br \/>&#8211; Laborat\u00f3rio de Eletrot\u00e9cnica<br \/>&#8211; Laborat\u00f3rio de Energias Renov\u00e1veis<br \/>&#8211; Laborat\u00f3rio de M\u00e1quinas de Fluxo<br \/>&#8211; Laborat\u00f3rio de Soldagem e Ensaios n\u00e3o-Destrutivos<br \/>&#8211; Laborat\u00f3rio Metalogr\u00e1fico e Metrol\u00f3gico<br \/>&#8211; Laborat\u00f3rio de Ensaios Destrutivos<br \/>&#8211; Laborat\u00f3rio de Microscopia<br \/>&#8211; Laborat\u00f3rio de Cortes por Abras\u00e3o<br \/>&#8211; Laborat\u00f3rio de Tecnologia Mec\u00e2nica<br \/>&#8211; Laborat\u00f3rio de Conforto Ambiental<br \/>&#8211; Laborat\u00f3rio de Pesquisas<\/p><p>Central de Ensino IV<br \/>&#8211; Laborat\u00f3rio de T\u00e9cnicas Diet\u00e9ticas<br \/>&#8211; Laborat\u00f3rio de Bot\u00e2nica e Zoologia<br \/>&#8211; Laborat\u00f3rio de L\u00ednguas<br \/>&#8211; Laborat\u00f3rio de Inform\u00e1tica<br \/>&#8211; Laborat\u00f3rio I<br \/>&#8211; Laborat\u00f3rio II<br \/>&#8211; Laborat\u00f3rio III<br \/>&#8211; Laborat\u00f3rio IV<br \/>&#8211; Laborat\u00f3rio V<br \/>&#8211; Laborat\u00f3rio VI<br \/>&#8211; Laborat\u00f3rio VII<br \/>&#8211; Laborat\u00f3rio VIII<br \/>&#8211; Laborat\u00f3rio IX<\/p><p>\u00a0<\/p>\t\t\t\t\t\t\t\t<\/div>\n\t\t\t\t<\/div>\n\t\t\t\t\t<\/div>\n\t\t<\/div>\n\t\t\t\t<div class=\"elementor-column elementor-col-50 elementor-top-column elementor-element elementor-element-738263f elementor-invisible\" data-id=\"738263f\" data-element_type=\"column\" data-e-type=\"column\" data-settings=\"{&quot;animation&quot;:&quot;slideInRight&quot;}\">\n\t\t\t<div class=\"elementor-widget-wrap elementor-element-populated\">\n\t\t\t\t\t\t<div class=\"elementor-element elementor-element-c50b2ce elementor-widget elementor-widget-text-editor\" data-id=\"c50b2ce\" data-element_type=\"widget\" data-e-type=\"widget\" data-widget_type=\"text-editor.default\">\n\t\t\t\t<div class=\"elementor-widget-container\">\n\t\t\t\t\t\t\t\t\t<p>Central de Ensino V<br \/>&#8211; Laborat\u00f3rio de Inform\u00e1tica I<br \/>&#8211; Laborat\u00f3rio de Inform\u00e1tica II<br \/>&#8211; Laborat\u00f3rio de Constru\u00e7\u00e3o e Concreto<br \/>&#8211; Laborat\u00f3rio de Maquetes <br \/>&#8211; Laborat\u00f3rio de Ci\u00eancias da Enfermagem<br \/>&#8211; Laborat\u00f3rio de Avalia\u00e7\u00e3o NutricionalComplexo Esportivo<br \/>&#8211; Laborat\u00f3rio de Avalia\u00e7\u00f5es e Fisiologia<br \/>&#8211; Laborat\u00f3rio de Artes Marciais e Gin\u00e1stica<br \/>&#8211; Laborat\u00f3rio de Ritmos e Dan\u00e7as<br \/>&#8211; Laborat\u00f3rio de Muscula\u00e7\u00e3o e Biomec\u00e2nica<br \/>&#8211; Laborat\u00f3rio de Recrea\u00e7\u00e3o e Lazer<br \/>&#8211; Laborat\u00f3rios de Educa\u00e7\u00e3o F\u00edsica<\/p><p>Cl\u00ednicas Integradas de Fisioterapia<br \/>&#8211; Ambulat\u00f3rio Cardiorrespirat\u00f3rio<br \/>&#8211; Ambulat\u00f3rio de Neurologia e Pediatria<br \/>&#8211; Ambulat\u00f3rio de Ortopedia, Traumatologia e Reumatologia<br \/>&#8211; Ambulat\u00f3rio de Hidroterapia<br \/>&#8211; Ambulat\u00f3rio de Sa\u00fade Coletiva<br \/>&#8211; Laborat\u00f3rio de Atividades Pr\u00e1ticas<\/p><p>N\u00facleo de Pr\u00e1ticas Jur\u00eddicas<br \/>&#8211; Laborat\u00f3rio de Pr\u00e1ticas Jur\u00eddicas<\/p>\t\t\t\t\t\t\t\t<\/div>\n\t\t\t\t<\/div>\n\t\t\t\t\t<\/div>\n\t\t<\/div>\n\t\t\t\t\t<\/div>\n\t\t<\/section>\n\t\t\t\t<\/div>\n\t\t","protected":false},"excerpt":{"rendered":"<p>Laborat\u00f3rios (Ativ. Pr\u00e1ticas) Central de Ensino III e Anexos&#8211; Laborat\u00f3rio de Inform\u00e1tica I&#8211; Laborat\u00f3rio de Inform\u00e1tica II&#8211; Laborat\u00f3rio de Inform\u00e1tica III&#8211; Laborat\u00f3rio de Inform\u00e1tica IV&#8211; Laborat\u00f3rio de Inform\u00e1tica V&#8211; Laborat\u00f3rio Astron\u00f4mico&#8211; Laborat\u00f3rio de Controle e Automa\u00e7\u00e3o&#8211; Laborat\u00f3rio de M\u00e1quinas T\u00e9rmicas&#8211; Laborat\u00f3rio de Sistemas Digitais e Comunica\u00e7\u00f5es&#8211; Laborat\u00f3rio de Redes, Hardware e Rob\u00f3tica&#8211; Laborat\u00f3rio de Eletroeletr\u00f4nica&#8211; [&hellip;]<\/p>\n","protected":false},"author":1,"featured_media":0,"parent":0,"menu_order":0,"comment_status":"closed","ping_status":"closed","template":"","meta":{"site-sidebar-layout":"no-sidebar","site-content-layout":"page-builder","ast-site-content-layout":"default","site-content-style":"default","site-sidebar-style":"default","ast-global-header-display":"","ast-banner-title-visibility":"","ast-main-header-display":"","ast-hfb-above-header-display":"","ast-hfb-below-header-display":"","ast-hfb-mobile-header-display":"","site-post-title":"disabled","ast-breadcrumbs-content":"","ast-featured-img":"disabled","footer-sml-layout":"","ast-disable-related-posts":"","theme-transparent-header-meta":"default","adv-header-id-meta":"","stick-header-meta":"","header-above-stick-meta":"","header-main-stick-meta":"","header-below-stick-meta":"","astra-migrate-meta-layouts":"default","ast-page-background-enabled":"default","ast-page-background-meta":{"desktop":{"background-color":"","background-image":"","background-repeat":"repeat","background-position":"center center","background-size":"auto","background-attachment":"scroll","background-type":"","background-media":"","overlay-type":"","overlay-color":"","overlay-opacity":"","overlay-gradient":""},"tablet":{"background-color":"","background-image":"","background-repeat":"repeat","background-position":"center center","background-size":"auto","background-attachment":"scroll","background-type":"","background-media":"","overlay-type":"","overlay-color":"","overlay-opacity":"","overlay-gradient":""},"mobile":{"background-color":"","background-image":"","background-repeat":"repeat","background-position":"center center","background-size":"auto","background-attachment":"scroll","background-type":"","background-media":"","overlay-type":"","overlay-color":"","overlay-opacity":"","overlay-gradient":""}},"ast-content-background-meta":{"desktop":{"background-color":"var(--ast-global-color-5)","background-image":"","background-repeat":"repeat","background-position":"center center","background-size":"auto","background-attachment":"scroll","background-type":"","background-media":"","overlay-type":"","overlay-color":"","overlay-opacity":"","overlay-gradient":""},"tablet":{"background-color":"var(--ast-global-color-5)","background-image":"","background-repeat":"repeat","background-position":"center center","background-size":"auto","background-attachment":"scroll","background-type":"","background-media":"","overlay-type":"","overlay-color":"","overlay-opacity":"","overlay-gradient":""},"mobile":{"background-color":"var(--ast-global-color-5)","background-image":"","background-repeat":"repeat","background-position":"center center","background-size":"auto","background-attachment":"scroll","background-type":"","background-media":"","overlay-type":"","overlay-color":"","overlay-opacity":"","overlay-gradient":""}},"footnotes":""},"class_list":["post-1610","page","type-page","status-publish","hentry"],"_links":{"self":[{"href":"https:\/\/uit.br\/site\/wp-json\/wp\/v2\/pages\/1610","targetHints":{"allow":["GET"]}}],"collection":[{"href":"https:\/\/uit.br\/site\/wp-json\/wp\/v2\/pages"}],"about":[{"href":"https:\/\/uit.br\/site\/wp-json\/wp\/v2\/types\/page"}],"author":[{"embeddable":true,"href":"https:\/\/uit.br\/site\/wp-json\/wp\/v2\/users\/1"}],"replies":[{"embeddable":true,"href":"https:\/\/uit.br\/site\/wp-json\/wp\/v2\/comments?post=1610"}],"version-history":[{"count":0,"href":"https:\/\/uit.br\/site\/wp-json\/wp\/v2\/pages\/1610\/revisions"}],"wp:attachment":[{"href":"https:\/\/uit.br\/site\/wp-json\/wp\/v2\/media?parent=1610"}],"curies":[{"name":"wp","href":"https:\/\/api.w.org\/{rel}","templated":true}]}}