{"id":1476,"date":"2025-07-07T13:55:09","date_gmt":"2025-07-07T16:55:09","guid":{"rendered":"http:\/\/site.uit.br\/?page_id=1476"},"modified":"2025-12-19T10:07:34","modified_gmt":"2025-12-19T13:07:34","slug":"transferencias","status":"publish","type":"page","link":"https:\/\/uit.br\/site\/transferencias\/","title":{"rendered":"Transfer\u00eancias"},"content":{"rendered":"\t\t<div data-elementor-type=\"wp-page\" data-elementor-id=\"1476\" class=\"elementor elementor-1476\" data-elementor-post-type=\"page\">\n\t\t\t\t\t\t<section class=\"elementor-section elementor-top-section elementor-element elementor-element-2d97165 elementor-section-full_width elementor-section-stretched elementor-section-height-default elementor-section-height-default\" data-id=\"2d97165\" data-element_type=\"section\" data-e-type=\"section\" data-settings=\"{&quot;stretch_section&quot;:&quot;section-stretched&quot;}\">\n\t\t\t\t\t\t<div class=\"elementor-container elementor-column-gap-default\">\n\t\t\t\t\t<div class=\"elementor-column elementor-col-33 elementor-top-column elementor-element elementor-element-b3ef26f elementor-invisible\" data-id=\"b3ef26f\" data-element_type=\"column\" data-e-type=\"column\" data-settings=\"{&quot;animation&quot;:&quot;slideInLeft&quot;}\">\n\t\t\t<div class=\"elementor-widget-wrap elementor-element-populated\">\n\t\t\t\t\t\t<div class=\"elementor-element elementor-element-6c306d2 elementor-widget elementor-widget-image\" data-id=\"6c306d2\" data-element_type=\"widget\" data-e-type=\"widget\" data-widget_type=\"image.default\">\n\t\t\t\t<div class=\"elementor-widget-container\">\n\t\t\t\t\t\t\t\t\t\t\t\t\t\t\t<img fetchpriority=\"high\" decoding=\"async\" width=\"432\" height=\"1024\" src=\"https:\/\/uit.br\/site\/wp-content\/uploads\/2021\/01\/trasnferencias-432x1024.png\" class=\"attachment-large size-large wp-image-1675\" alt=\"\" srcset=\"https:\/\/uit.br\/site\/wp-content\/uploads\/2021\/01\/trasnferencias-432x1024.png 432w, https:\/\/uit.br\/site\/wp-content\/uploads\/2021\/01\/trasnferencias-127x300.png 127w, https:\/\/uit.br\/site\/wp-content\/uploads\/2021\/01\/trasnferencias.png 601w\" sizes=\"(max-width: 432px) 100vw, 432px\" \/>\t\t\t\t\t\t\t\t\t\t\t\t\t\t\t<\/div>\n\t\t\t\t<\/div>\n\t\t\t\t\t<\/div>\n\t\t<\/div>\n\t\t\t\t<div class=\"elementor-column elementor-col-66 elementor-top-column elementor-element elementor-element-28b6747 elementor-invisible\" data-id=\"28b6747\" data-element_type=\"column\" data-e-type=\"column\" data-settings=\"{&quot;animation&quot;:&quot;slideInRight&quot;}\">\n\t\t\t<div class=\"elementor-widget-wrap elementor-element-populated\">\n\t\t\t\t\t\t<div class=\"elementor-element elementor-element-16a4df1 elementor-widget elementor-widget-heading\" data-id=\"16a4df1\" data-element_type=\"widget\" data-e-type=\"widget\" data-widget_type=\"heading.default\">\n\t\t\t\t<div class=\"elementor-widget-container\">\n\t\t\t\t\t<h2 class=\"elementor-heading-title elementor-size-default\">Transfer\u00eancias<\/h2>\t\t\t\t<\/div>\n\t\t\t\t<\/div>\n\t\t\t\t<div class=\"elementor-element elementor-element-28e7fb1 elementor-widget elementor-widget-text-editor\" data-id=\"28e7fb1\" data-element_type=\"widget\" data-e-type=\"widget\" data-widget_type=\"text-editor.default\">\n\t\t\t\t<div class=\"elementor-widget-container\">\n\t\t\t\t\t\t\t\t\t<p><strong>Data:<\/strong><strong> 12 a 16 de janeiro de 2026<br><\/strong><\/p>\n<p><strong>Hor\u00e1rio:<\/strong><strong> de 07h30 \u00e0s 11h30 e de 13h30 \u00e0s 17h30<br><\/strong><\/p>\n<p><strong>DOCUMENTOS: <\/strong><\/p>\n<ul>\n<li>Hist\u00f3rico escolar da Institui\u00e7\u00e3o de Ensino Superior de origem (original);<\/li>\n<li>Declara\u00e7\u00e3o de matr\u00edcula na Institui\u00e7\u00e3o de origem;<\/li>\n<li>Programa das disciplinas cursadas;<\/li>\n<li>Declara\u00e7\u00e3o negativa de d\u00e9bito na Institui\u00e7\u00e3o de origem;<\/li>\n<li>Requerimento (preenchido na hora);<\/li>\n<li>C\u00f3pia de Hist\u00f3rico Escolar do Ensino M\u00e9dio.<\/li>\n<\/ul>\n<p><strong>OBSERVA\u00c7\u00d5ES \/ ORIENTA\u00c7\u00d5ES:<\/strong><\/p>\n<ul>\n<li>\n<p>Comparecer na Reitoria, junto a Secret\u00e1ria de Gabinete do Reitor, Sra. Patr\u00edcia Amaral Torres de Souza, munido dos referidos documentos;<\/p>\n<\/li>\n<li>\n<p>A transfer\u00eancia \u00e9 condicionada \u00e0 exist\u00eancia de vaga e ao exame da documenta\u00e7\u00e3o;<\/p>\n<\/li>\n<li>\n<p>Tamb\u00e9m n\u00e3o ser\u00e3o aceitos pedidos de transfer\u00eancia para os \u00faltimos per\u00edodos de quaisquer cursos.<\/p>\n<\/li>\n<\/ul>\n<p><strong>CURSOS DISPON\u00cdVEIS<\/strong><\/p>\n<ul>\n<li>Administra\u00e7\u00e3o&nbsp;<\/li>\n<li>Arquitetura e Urbanismo&nbsp;<\/li>\n<li>Biomedicina&nbsp;<\/li>\n<li>Ci\u00eancias Cont\u00e1beis&nbsp;<\/li>\n<li>Direito Diurno&nbsp;<\/li>\n<li>Direito Noturno&nbsp;<\/li>\n<li>Educa\u00e7\u00e3o F\u00edsica&nbsp;<\/li>\n<li>Enfermagem<\/li>\n<li>Engenharia Mec\u00e2nica&nbsp;<\/li>\n<li>Fisioterapia&nbsp;<\/li>\n<li>Odontologia&nbsp;<\/li><\/ul>\n<p><strong> &nbsp;* A Universidade de Ita\u00fana reserva-se o direito de n\u00e3o aceitar transfer\u00eancia de quaisquer candidatos, por raz\u00f5es outras, observadas a conveni\u00eancia administrativa e a autonomia universit\u00e1ria constitucional.<\/strong><\/p>\n<p><strong>OUTRAS INFORMA\u00c7\u00d5ES: (37) 3249-3003<\/strong><\/p>\t\t\t\t\t\t\t\t<\/div>\n\t\t\t\t<\/div>\n\t\t\t\t\t<\/div>\n\t\t<\/div>\n\t\t\t\t\t<\/div>\n\t\t<\/section>\n\t\t\t\t<\/div>\n\t\t","protected":false},"excerpt":{"rendered":"<p>Transfer\u00eancias Data: 12 a 16 de janeiro de 2026 Hor\u00e1rio: de 07h30 \u00e0s 11h30 e de 13h30 \u00e0s 17h30 DOCUMENTOS: Hist\u00f3rico escolar da Institui\u00e7\u00e3o de Ensino Superior de origem (original); Declara\u00e7\u00e3o de matr\u00edcula na Institui\u00e7\u00e3o de origem; Programa das disciplinas cursadas; Declara\u00e7\u00e3o negativa de d\u00e9bito na Institui\u00e7\u00e3o de origem; Requerimento (preenchido na hora); C\u00f3pia de [&hellip;]<\/p>\n","protected":false},"author":1,"featured_media":0,"parent":0,"menu_order":0,"comment_status":"closed","ping_status":"closed","template":"elementor_header_footer","meta":{"site-sidebar-layout":"default","site-content-layout":"default","ast-site-content-layout":"default","site-content-style":"default","site-sidebar-style":"default","ast-global-header-display":"","ast-banner-title-visibility":"","ast-main-header-display":"","ast-hfb-above-header-display":"","ast-hfb-below-header-display":"","ast-hfb-mobile-header-display":"","site-post-title":"","ast-breadcrumbs-content":"","ast-featured-img":"","footer-sml-layout":"","ast-disable-related-posts":"","theme-transparent-header-meta":"default","adv-header-id-meta":"","stick-header-meta":"","header-above-stick-meta":"","header-main-stick-meta":"","header-below-stick-meta":"","astra-migrate-meta-layouts":"default","ast-page-background-enabled":"default","ast-page-background-meta":{"desktop":{"background-color":"","background-image":"","background-repeat":"repeat","background-position":"center center","background-size":"auto","background-attachment":"scroll","background-type":"","background-media":"","overlay-type":"","overlay-color":"","overlay-opacity":"","overlay-gradient":""},"tablet":{"background-color":"","background-image":"","background-repeat":"repeat","background-position":"center center","background-size":"auto","background-attachment":"scroll","background-type":"","background-media":"","overlay-type":"","overlay-color":"","overlay-opacity":"","overlay-gradient":""},"mobile":{"background-color":"","background-image":"","background-repeat":"repeat","background-position":"center center","background-size":"auto","background-attachment":"scroll","background-type":"","background-media":"","overlay-type":"","overlay-color":"","overlay-opacity":"","overlay-gradient":""}},"ast-content-background-meta":{"desktop":{"background-color":"var(--ast-global-color-5)","background-image":"","background-repeat":"repeat","background-position":"center center","background-size":"auto","background-attachment":"scroll","background-type":"","background-media":"","overlay-type":"","overlay-color":"","overlay-opacity":"","overlay-gradient":""},"tablet":{"background-color":"var(--ast-global-color-5)","background-image":"","background-repeat":"repeat","background-position":"center center","background-size":"auto","background-attachment":"scroll","background-type":"","background-media":"","overlay-type":"","overlay-color":"","overlay-opacity":"","overlay-gradient":""},"mobile":{"background-color":"var(--ast-global-color-5)","background-image":"","background-repeat":"repeat","background-position":"center center","background-size":"auto","background-attachment":"scroll","background-type":"","background-media":"","overlay-type":"","overlay-color":"","overlay-opacity":"","overlay-gradient":""}},"footnotes":""},"class_list":["post-1476","page","type-page","status-publish","hentry"],"_links":{"self":[{"href":"https:\/\/uit.br\/site\/wp-json\/wp\/v2\/pages\/1476","targetHints":{"allow":["GET"]}}],"collection":[{"href":"https:\/\/uit.br\/site\/wp-json\/wp\/v2\/pages"}],"about":[{"href":"https:\/\/uit.br\/site\/wp-json\/wp\/v2\/types\/page"}],"author":[{"embeddable":true,"href":"https:\/\/uit.br\/site\/wp-json\/wp\/v2\/users\/1"}],"replies":[{"embeddable":true,"href":"https:\/\/uit.br\/site\/wp-json\/wp\/v2\/comments?post=1476"}],"version-history":[{"count":15,"href":"https:\/\/uit.br\/site\/wp-json\/wp\/v2\/pages\/1476\/revisions"}],"predecessor-version":[{"id":8438,"href":"https:\/\/uit.br\/site\/wp-json\/wp\/v2\/pages\/1476\/revisions\/8438"}],"wp:attachment":[{"href":"https:\/\/uit.br\/site\/wp-json\/wp\/v2\/media?parent=1476"}],"curies":[{"name":"wp","href":"https:\/\/api.w.org\/{rel}","templated":true}]}}