{"id":1518,"date":"2021-08-05T11:07:05","date_gmt":"2021-08-05T14:07:05","guid":{"rendered":"https:\/\/mestrado.uit.br\/?page_id=1518"},"modified":"2021-08-05T11:41:23","modified_gmt":"2021-08-05T14:41:23","slug":"elementor-1518","status":"publish","type":"page","link":"https:\/\/uit.br\/mestrado\/elementor-1518\/","title":{"rendered":"apresenta\u00e7\u00e3o"},"content":{"rendered":"\t\t<div data-elementor-type=\"wp-page\" data-elementor-id=\"1518\" class=\"elementor elementor-1518\" data-elementor-post-type=\"page\">\n\t\t\t\t\t\t<section class=\"elementor-section elementor-top-section elementor-element elementor-element-1a6a2e8 elementor-section-boxed elementor-section-height-default elementor-section-height-default\" data-id=\"1a6a2e8\" data-element_type=\"section\" data-e-type=\"section\" data-settings=\"{&quot;background_background&quot;:&quot;classic&quot;,&quot;shape_divider_top&quot;:&quot;mountains&quot;,&quot;shape_divider_bottom&quot;:&quot;mountains&quot;}\">\n\t\t\t\t\t<div class=\"elementor-shape elementor-shape-top\" aria-hidden=\"true\" data-negative=\"false\">\n\t\t\t<svg xmlns=\"http:\/\/www.w3.org\/2000\/svg\" viewBox=\"0 0 1000 100\" preserveAspectRatio=\"none\">\n\t<path class=\"elementor-shape-fill\" opacity=\"0.33\" d=\"M473,67.3c-203.9,88.3-263.1-34-320.3,0C66,119.1,0,59.7,0,59.7V0h1000v59.7 c0,0-62.1,26.1-94.9,29.3c-32.8,3.3-62.8-12.3-75.8-22.1C806,49.6,745.3,8.7,694.9,4.7S492.4,59,473,67.3z\"\/>\n\t<path class=\"elementor-shape-fill\" opacity=\"0.66\" d=\"M734,67.3c-45.5,0-77.2-23.2-129.1-39.1c-28.6-8.7-150.3-10.1-254,39.1 s-91.7-34.4-149.2,0C115.7,118.3,0,39.8,0,39.8V0h1000v36.5c0,0-28.2-18.5-92.1-18.5C810.2,18.1,775.7,67.3,734,67.3z\"\/>\n\t<path class=\"elementor-shape-fill\" d=\"M766.1,28.9c-200-57.5-266,65.5-395.1,19.5C242,1.8,242,5.4,184.8,20.6C128,35.8,132.3,44.9,89.9,52.5C28.6,63.7,0,0,0,0 h1000c0,0-9.9,40.9-83.6,48.1S829.6,47,766.1,28.9z\"\/>\n<\/svg>\t\t<\/div>\n\t\t\t\t<div class=\"elementor-shape elementor-shape-bottom\" aria-hidden=\"true\" data-negative=\"false\">\n\t\t\t<svg xmlns=\"http:\/\/www.w3.org\/2000\/svg\" viewBox=\"0 0 1000 100\" preserveAspectRatio=\"none\">\n\t<path class=\"elementor-shape-fill\" opacity=\"0.33\" d=\"M473,67.3c-203.9,88.3-263.1-34-320.3,0C66,119.1,0,59.7,0,59.7V0h1000v59.7 c0,0-62.1,26.1-94.9,29.3c-32.8,3.3-62.8-12.3-75.8-22.1C806,49.6,745.3,8.7,694.9,4.7S492.4,59,473,67.3z\"\/>\n\t<path class=\"elementor-shape-fill\" opacity=\"0.66\" d=\"M734,67.3c-45.5,0-77.2-23.2-129.1-39.1c-28.6-8.7-150.3-10.1-254,39.1 s-91.7-34.4-149.2,0C115.7,118.3,0,39.8,0,39.8V0h1000v36.5c0,0-28.2-18.5-92.1-18.5C810.2,18.1,775.7,67.3,734,67.3z\"\/>\n\t<path class=\"elementor-shape-fill\" d=\"M766.1,28.9c-200-57.5-266,65.5-395.1,19.5C242,1.8,242,5.4,184.8,20.6C128,35.8,132.3,44.9,89.9,52.5C28.6,63.7,0,0,0,0 h1000c0,0-9.9,40.9-83.6,48.1S829.6,47,766.1,28.9z\"\/>\n<\/svg>\t\t<\/div>\n\t\t\t\t\t<div class=\"elementor-container elementor-column-gap-default\">\n\t\t\t\t\t<div class=\"elementor-column elementor-col-100 elementor-top-column elementor-element elementor-element-1b932d7\" data-id=\"1b932d7\" data-element_type=\"column\" data-e-type=\"column\">\n\t\t\t<div class=\"elementor-widget-wrap elementor-element-populated\">\n\t\t\t\t\t\t<div class=\"elementor-element elementor-element-9fb5574 elementor-widget elementor-widget-heading\" data-id=\"9fb5574\" data-element_type=\"widget\" data-e-type=\"widget\" data-widget_type=\"heading.default\">\n\t\t\t\t<div class=\"elementor-widget-container\">\n\t\t\t\t\t<h2 class=\"elementor-heading-title elementor-size-default\">APRESENTA\u00c7\u00c3O<\/h2>\t\t\t\t<\/div>\n\t\t\t\t<\/div>\n\t\t\t\t<div class=\"elementor-element elementor-element-eaa6d09 elementor-widget elementor-widget-text-editor\" data-id=\"eaa6d09\" data-element_type=\"widget\" data-e-type=\"widget\" data-widget_type=\"text-editor.default\">\n\t\t\t\t<div class=\"elementor-widget-container\">\n\t\t\t\t\t\t\t\t\t<p>O Programa de Mestrado e Doutorado em Direito da Universidade de Ita\u00fana foi reconhecido (inicialmente, o Mestrado) pelo Parecer CNE\/CES N\u00ba 179\/2012 de 09 de maio de 2012 e devidamente autorizado nos termos da Portaria n\u00ba 1.324, de lavra do Sr. Ministro de Estado da Educa\u00e7\u00e3o, publicada em 09 de novembro de 2012 no Di\u00e1rio Oficial da Uni\u00e3o, com \u00e1rea de concentra\u00e7\u00e3o em Prote\u00e7\u00e3o dos Direitos Fundamentais.<\/p><p>Por sua vez, o Doutorado foi reconhecido pela Portaria n\u00ba 476, de lavra do Sr. Ministro de Estado da Educa\u00e7\u00e3o, publicada em 12 de maio de 2020, no Di\u00e1rio Oficial da Uni\u00e3o, sendo o \u00fanico no interior de Minas Gerais.<\/p><p>Ambos (Mestrado e Doutorado) est\u00e3o recomendados com nota 4 pela Coordena\u00e7\u00e3o de Aperfei\u00e7oamento de Pessoal de N\u00edvel Superior (Capes).<\/p><p>O Programa tem por objetivo a forma\u00e7\u00e3o de recursos humanos em Prote\u00e7\u00e3o dos Direitos Fundamentais, para atividades de ensino e pesquisa.<\/p><p>O Programa apresenta uma contextualiza\u00e7\u00e3o regional, muito bem definida. Com efeito, a regi\u00e3o Centro-Oeste de Minas Gerais, onde se localiza o munic\u00edpio de Ita\u00fana, \u00e9 composta por 62 munic\u00edpios, com popula\u00e7\u00e3o de 1.100.000 habitantes, aproximadamente. Ita\u00fana est\u00e1 no centro de munic\u00edpios importantes pelas dimens\u00f5es socioecon\u00f4micas, jur\u00eddicas e culturais, caracterizadas pela instala\u00e7\u00e3o e atua\u00e7\u00e3o de grandes empresas, tr\u00e2nsito jur\u00eddico expressivo, centralidade de institui\u00e7\u00f5es da administra\u00e7\u00e3o p\u00fablica e forma\u00e7\u00e3o educacional representativa. A proximidade com os munic\u00edpios de Betim, Contagem (dois dos maiores p\u00f3los industriais do Pa\u00eds), Divin\u00f3polis, Igaratinga, Carmo do Cajuru, Itatiaiu\u00e7u, Mateus Leme e Par\u00e1 de Minas, cujas dist\u00e2ncias variam entre 17 km a 49 km, colocam Ita\u00fana em posi\u00e7\u00e3o estrat\u00e9gica, considerando que os munic\u00edpios vizinhos, e outros mais, al\u00e9m dos citados, mant\u00eam rela\u00e7\u00e3o de forte integra\u00e7\u00e3o social, comercial e educacionais.<\/p><p>Ademais, a regi\u00e3o \u00e9 demarcada pela exist\u00eancia do Polo Regional Administrativo (Justi\u00e7a Federal, Procuradoria da Rep\u00fablica, Defensoria Federal, Delegacia da Receita Federal e a Ger\u00eancia Regional do INSS) a 30 km da IES, na cidade de Divin\u00f3polis, bem como grandes extratoras de min\u00e9rios, como o Grupo Usiminas (Itatiaiu\u00e7u &#8211; 20 km), al\u00e9m da presen\u00e7a de diversas empresas exportadoras, como a Belgo Mineira, a Ita\u00fana Sider\u00fargica, a Gerdau, dentre outras, e uma forte presen\u00e7a da \u00e1rea comercial conhecida nacionalmente pela produ\u00e7\u00e3o t\u00eaxtil mineira. Por isso, a forma\u00e7\u00e3o de mestres e doutores, professores e pesquisadores, na \u00e1rea da prote\u00e7\u00e3o dos direitos fundamentais, \u00e9 extremamente \u00fatil para fortalecer a forma\u00e7\u00e3o jur\u00eddica e o pr\u00f3prio acesso \u00e0 Justi\u00e7a nesta regi\u00e3o. Como estrat\u00e9gia para alcan\u00e7ar este objetivo o curso ir\u00e1 investir num projeto de visibilidade do Programa sob o prisma da sociabilidade, ou seja, trazendo a comunidade para dentro da universidade e fazendo com que a Universidade de Ita\u00fana possa chegar at\u00e9 a comunidade propiciando informa\u00e7\u00e3o e divulga\u00e7\u00e3o sobre o incentivo e implemento de pol\u00edticas p\u00fablicas voltadas para satisfa\u00e7\u00e3o dos direitos fundamentais.<\/p>\t\t\t\t\t\t\t\t<\/div>\n\t\t\t\t<\/div>\n\t\t\t\t\t<\/div>\n\t\t<\/div>\n\t\t\t\t\t<\/div>\n\t\t<\/section>\n\t\t\t\t<\/div>\n\t\t","protected":false},"excerpt":{"rendered":"<p>APRESENTA\u00c7\u00c3O O Programa de Mestrado e Doutorado em Direito da Universidade de Ita\u00fana foi reconhecido (inicialmente, o Mestrado) pelo Parecer CNE\/CES N\u00ba 179\/2012 de 09 de maio de 2012 e devidamente autorizado nos termos da Portaria n\u00ba 1.324, de lavra do Sr. Ministro de Estado da Educa\u00e7\u00e3o, publicada em 09 de novembro de 2012 no [&hellip;]<\/p>\n","protected":false},"author":1,"featured_media":0,"parent":0,"menu_order":0,"comment_status":"closed","ping_status":"closed","template":"elementor_header_footer","meta":{"site-sidebar-layout":"no-sidebar","site-content-layout":"page-builder","ast-site-content-layout":"default","site-content-style":"default","site-sidebar-style":"default","ast-global-header-display":"","ast-banner-title-visibility":"","ast-main-header-display":"","ast-hfb-above-header-display":"","ast-hfb-below-header-display":"","ast-hfb-mobile-header-display":"","site-post-title":"disabled","ast-breadcrumbs-content":"","ast-featured-img":"disabled","footer-sml-layout":"","ast-disable-related-posts":"","theme-transparent-header-meta":"default","adv-header-id-meta":"","stick-header-meta":"","header-above-stick-meta":"","header-main-stick-meta":"","header-below-stick-meta":"","astra-migrate-meta-layouts":"default","ast-page-background-enabled":"default","ast-page-background-meta":{"desktop":{"background-color":"","background-image":"","background-repeat":"repeat","background-position":"center center","background-size":"auto","background-attachment":"scroll","background-type":"","background-media":"","overlay-type":"","overlay-color":"","overlay-opacity":"","overlay-gradient":""},"tablet":{"background-color":"","background-image":"","background-repeat":"repeat","background-position":"center center","background-size":"auto","background-attachment":"scroll","background-type":"","background-media":"","overlay-type":"","overlay-color":"","overlay-opacity":"","overlay-gradient":""},"mobile":{"background-color":"","background-image":"","background-repeat":"repeat","background-position":"center center","background-size":"auto","background-attachment":"scroll","background-type":"","background-media":"","overlay-type":"","overlay-color":"","overlay-opacity":"","overlay-gradient":""}},"ast-content-background-meta":{"desktop":{"background-color":"var(--ast-global-color-5)","background-image":"","background-repeat":"repeat","background-position":"center center","background-size":"auto","background-attachment":"scroll","background-type":"","background-media":"","overlay-type":"","overlay-color":"","overlay-opacity":"","overlay-gradient":""},"tablet":{"background-color":"var(--ast-global-color-5)","background-image":"","background-repeat":"repeat","background-position":"center center","background-size":"auto","background-attachment":"scroll","background-type":"","background-media":"","overlay-type":"","overlay-color":"","overlay-opacity":"","overlay-gradient":""},"mobile":{"background-color":"var(--ast-global-color-5)","background-image":"","background-repeat":"repeat","background-position":"center center","background-size":"auto","background-attachment":"scroll","background-type":"","background-media":"","overlay-type":"","overlay-color":"","overlay-opacity":"","overlay-gradient":""}},"footnotes":""},"class_list":["post-1518","page","type-page","status-publish","hentry"],"yoast_head":"<!-- This site is optimized with the Yoast SEO plugin v27.3 - https:\/\/yoast.com\/product\/yoast-seo-wordpress\/ -->\n<title>apresenta\u00e7\u00e3o - Mestrado e Doutorado em Prote\u00e7\u00e3o dos Direitos Fundamentais<\/title>\n<meta name=\"robots\" content=\"index, follow, max-snippet:-1, max-image-preview:large, max-video-preview:-1\" \/>\n<link rel=\"canonical\" href=\"https:\/\/uit.br\/mestrado\/elementor-1518\/\" \/>\n<meta property=\"og:locale\" content=\"pt_BR\" \/>\n<meta property=\"og:type\" content=\"article\" \/>\n<meta property=\"og:title\" content=\"apresenta\u00e7\u00e3o - Mestrado e Doutorado em Prote\u00e7\u00e3o dos Direitos Fundamentais\" \/>\n<meta property=\"og:description\" content=\"APRESENTA\u00c7\u00c3O O Programa de Mestrado e Doutorado em Direito da Universidade de Ita\u00fana foi reconhecido (inicialmente, o Mestrado) pelo Parecer CNE\/CES N\u00ba 179\/2012 de 09 de maio de 2012 e devidamente autorizado nos termos da Portaria n\u00ba 1.324, de lavra do Sr. Ministro de Estado da Educa\u00e7\u00e3o, publicada em 09 de novembro de 2012 no [&hellip;]\" \/>\n<meta property=\"og:url\" content=\"https:\/\/uit.br\/mestrado\/elementor-1518\/\" \/>\n<meta property=\"og:site_name\" content=\"Mestrado e Doutorado em Prote\u00e7\u00e3o dos Direitos Fundamentais\" \/>\n<meta property=\"article:modified_time\" content=\"2021-08-05T14:41:23+00:00\" \/>\n<meta name=\"twitter:card\" content=\"summary_large_image\" \/>\n<meta name=\"twitter:label1\" content=\"Est. tempo de leitura\" \/>\n\t<meta name=\"twitter:data1\" content=\"3 minutos\" \/>\n<script type=\"application\/ld+json\" class=\"yoast-schema-graph\">{\"@context\":\"https:\\\/\\\/schema.org\",\"@graph\":[{\"@type\":\"WebPage\",\"@id\":\"https:\\\/\\\/uit.br\\\/mestrado\\\/elementor-1518\\\/\",\"url\":\"https:\\\/\\\/uit.br\\\/mestrado\\\/elementor-1518\\\/\",\"name\":\"apresenta\u00e7\u00e3o - Mestrado e Doutorado em Prote\u00e7\u00e3o dos Direitos Fundamentais\",\"isPartOf\":{\"@id\":\"https:\\\/\\\/uit.br\\\/mestrado\\\/#website\"},\"datePublished\":\"2021-08-05T14:07:05+00:00\",\"dateModified\":\"2021-08-05T14:41:23+00:00\",\"breadcrumb\":{\"@id\":\"https:\\\/\\\/uit.br\\\/mestrado\\\/elementor-1518\\\/#breadcrumb\"},\"inLanguage\":\"pt-BR\",\"potentialAction\":[{\"@type\":\"ReadAction\",\"target\":[\"https:\\\/\\\/uit.br\\\/mestrado\\\/elementor-1518\\\/\"]}]},{\"@type\":\"BreadcrumbList\",\"@id\":\"https:\\\/\\\/uit.br\\\/mestrado\\\/elementor-1518\\\/#breadcrumb\",\"itemListElement\":[{\"@type\":\"ListItem\",\"position\":1,\"name\":\"In\u00edcio\",\"item\":\"https:\\\/\\\/uit.br\\\/mestrado\\\/\"},{\"@type\":\"ListItem\",\"position\":2,\"name\":\"apresenta\u00e7\u00e3o\"}]},{\"@type\":\"WebSite\",\"@id\":\"https:\\\/\\\/uit.br\\\/mestrado\\\/#website\",\"url\":\"https:\\\/\\\/uit.br\\\/mestrado\\\/\",\"name\":\"Mestrado e Doutorado em Prote\u00e7\u00e3o dos Direitos Fundamentais\",\"description\":\"\",\"publisher\":{\"@id\":\"https:\\\/\\\/uit.br\\\/mestrado\\\/#organization\"},\"potentialAction\":[{\"@type\":\"SearchAction\",\"target\":{\"@type\":\"EntryPoint\",\"urlTemplate\":\"https:\\\/\\\/uit.br\\\/mestrado\\\/?s={search_term_string}\"},\"query-input\":{\"@type\":\"PropertyValueSpecification\",\"valueRequired\":true,\"valueName\":\"search_term_string\"}}],\"inLanguage\":\"pt-BR\"},{\"@type\":\"Organization\",\"@id\":\"https:\\\/\\\/uit.br\\\/mestrado\\\/#organization\",\"name\":\"Mestrado e Doutorado em Prote\u00e7\u00e3o dos Direitos Fundamentais\",\"url\":\"https:\\\/\\\/uit.br\\\/mestrado\\\/\",\"logo\":{\"@type\":\"ImageObject\",\"inLanguage\":\"pt-BR\",\"@id\":\"https:\\\/\\\/uit.br\\\/mestrado\\\/#\\\/schema\\\/logo\\\/image\\\/\",\"url\":\"https:\\\/\\\/uit.br\\\/mestrado\\\/wp-content\\\/uploads\\\/2026\\\/04\\\/logo_.webp\",\"contentUrl\":\"https:\\\/\\\/uit.br\\\/mestrado\\\/wp-content\\\/uploads\\\/2026\\\/04\\\/logo_.webp\",\"width\":201,\"height\":201,\"caption\":\"Mestrado e Doutorado em Prote\u00e7\u00e3o dos Direitos Fundamentais\"},\"image\":{\"@id\":\"https:\\\/\\\/uit.br\\\/mestrado\\\/#\\\/schema\\\/logo\\\/image\\\/\"},\"sameAs\":[\"https:\\\/\\\/www.instagram.com\\\/universidadedeitaunauit\\\/\"]}]}<\/script>\n<!-- \/ Yoast SEO plugin. -->","yoast_head_json":{"title":"apresenta\u00e7\u00e3o - Mestrado e Doutorado em Prote\u00e7\u00e3o dos Direitos Fundamentais","robots":{"index":"index","follow":"follow","max-snippet":"max-snippet:-1","max-image-preview":"max-image-preview:large","max-video-preview":"max-video-preview:-1"},"canonical":"https:\/\/uit.br\/mestrado\/elementor-1518\/","og_locale":"pt_BR","og_type":"article","og_title":"apresenta\u00e7\u00e3o - Mestrado e Doutorado em Prote\u00e7\u00e3o dos Direitos Fundamentais","og_description":"APRESENTA\u00c7\u00c3O O Programa de Mestrado e Doutorado em Direito da Universidade de Ita\u00fana foi reconhecido (inicialmente, o Mestrado) pelo Parecer CNE\/CES N\u00ba 179\/2012 de 09 de maio de 2012 e devidamente autorizado nos termos da Portaria n\u00ba 1.324, de lavra do Sr. Ministro de Estado da Educa\u00e7\u00e3o, publicada em 09 de novembro de 2012 no [&hellip;]","og_url":"https:\/\/uit.br\/mestrado\/elementor-1518\/","og_site_name":"Mestrado e Doutorado em Prote\u00e7\u00e3o dos Direitos Fundamentais","article_modified_time":"2021-08-05T14:41:23+00:00","twitter_card":"summary_large_image","twitter_misc":{"Est. tempo de leitura":"3 minutos"},"schema":{"@context":"https:\/\/schema.org","@graph":[{"@type":"WebPage","@id":"https:\/\/uit.br\/mestrado\/elementor-1518\/","url":"https:\/\/uit.br\/mestrado\/elementor-1518\/","name":"apresenta\u00e7\u00e3o - Mestrado e Doutorado em Prote\u00e7\u00e3o dos Direitos Fundamentais","isPartOf":{"@id":"https:\/\/uit.br\/mestrado\/#website"},"datePublished":"2021-08-05T14:07:05+00:00","dateModified":"2021-08-05T14:41:23+00:00","breadcrumb":{"@id":"https:\/\/uit.br\/mestrado\/elementor-1518\/#breadcrumb"},"inLanguage":"pt-BR","potentialAction":[{"@type":"ReadAction","target":["https:\/\/uit.br\/mestrado\/elementor-1518\/"]}]},{"@type":"BreadcrumbList","@id":"https:\/\/uit.br\/mestrado\/elementor-1518\/#breadcrumb","itemListElement":[{"@type":"ListItem","position":1,"name":"In\u00edcio","item":"https:\/\/uit.br\/mestrado\/"},{"@type":"ListItem","position":2,"name":"apresenta\u00e7\u00e3o"}]},{"@type":"WebSite","@id":"https:\/\/uit.br\/mestrado\/#website","url":"https:\/\/uit.br\/mestrado\/","name":"Mestrado e Doutorado em Prote\u00e7\u00e3o dos Direitos Fundamentais","description":"","publisher":{"@id":"https:\/\/uit.br\/mestrado\/#organization"},"potentialAction":[{"@type":"SearchAction","target":{"@type":"EntryPoint","urlTemplate":"https:\/\/uit.br\/mestrado\/?s={search_term_string}"},"query-input":{"@type":"PropertyValueSpecification","valueRequired":true,"valueName":"search_term_string"}}],"inLanguage":"pt-BR"},{"@type":"Organization","@id":"https:\/\/uit.br\/mestrado\/#organization","name":"Mestrado e Doutorado em Prote\u00e7\u00e3o dos Direitos Fundamentais","url":"https:\/\/uit.br\/mestrado\/","logo":{"@type":"ImageObject","inLanguage":"pt-BR","@id":"https:\/\/uit.br\/mestrado\/#\/schema\/logo\/image\/","url":"https:\/\/uit.br\/mestrado\/wp-content\/uploads\/2026\/04\/logo_.webp","contentUrl":"https:\/\/uit.br\/mestrado\/wp-content\/uploads\/2026\/04\/logo_.webp","width":201,"height":201,"caption":"Mestrado e Doutorado em Prote\u00e7\u00e3o dos Direitos Fundamentais"},"image":{"@id":"https:\/\/uit.br\/mestrado\/#\/schema\/logo\/image\/"},"sameAs":["https:\/\/www.instagram.com\/universidadedeitaunauit\/"]}]}},"_links":{"self":[{"href":"https:\/\/uit.br\/mestrado\/wp-json\/wp\/v2\/pages\/1518","targetHints":{"allow":["GET"]}}],"collection":[{"href":"https:\/\/uit.br\/mestrado\/wp-json\/wp\/v2\/pages"}],"about":[{"href":"https:\/\/uit.br\/mestrado\/wp-json\/wp\/v2\/types\/page"}],"author":[{"embeddable":true,"href":"https:\/\/uit.br\/mestrado\/wp-json\/wp\/v2\/users\/1"}],"replies":[{"embeddable":true,"href":"https:\/\/uit.br\/mestrado\/wp-json\/wp\/v2\/comments?post=1518"}],"version-history":[{"count":8,"href":"https:\/\/uit.br\/mestrado\/wp-json\/wp\/v2\/pages\/1518\/revisions"}],"predecessor-version":[{"id":1549,"href":"https:\/\/uit.br\/mestrado\/wp-json\/wp\/v2\/pages\/1518\/revisions\/1549"}],"wp:attachment":[{"href":"https:\/\/uit.br\/mestrado\/wp-json\/wp\/v2\/media?parent=1518"}],"curies":[{"name":"wp","href":"https:\/\/api.w.org\/{rel}","templated":true}]}}